000
CXUS54 KBRO 010800
CF6PIL
PRELIMINARY LOCAL CLIMATOLOGICAL DATA (WS FORM: F-6)
STATION: BAYVIEW
MONTH: OCTOBER
YEAR: 2023
LATITUDE: 26 10 N
LONGITUDE: 97 20 W
TEMPERATURE IN F: :PCPN: SNOW: WIND :SUNSHINE: SKY :PK WND
================================================================================
1 2 3 4 5 6A 6B 7 8 9 10 11 12 13 14 15 16 17 18
12Z AVG MX 2MIN
DY MAX MIN AVG DEP HDD CDD WTR SNW DPTH SPD SPD DIR MIN PSBL S-S WX SPD DR
================================================================================
1 94 79 87 7 0 22 T 0.0 0 9.0 16 80 M M 2 23 70
2 94 80 87 7 0 22 0.04 0.0 0 8.4 15 100 M M 2 8 22 70
3 95 77 86 6 0 21 0.00 0.0 0 8.1 17 120 M M 1 25 130
4 97 79 88 8 0 23 0.00 0.0 0 11.3 22 130 M M 1 27 130
5 96 74 85 5 0 20 1.61 0.0 0 12.1 30 40 M M 5 13 43 30
6 85 73 79 0 0 14 T 0.0 0 14.4 23 360 M M 4 32 350
7 88 72 80 1 0 15 T 0.0 0 13.4 25 360 M M 3 37 360
8 80 68 74 -5 0 9 T 0.0 0 9.9 16 340 M M 3 8 22 330
9 82 67 75 -4 0 10 T 0.0 0 5.4 10 90 M M 5 14 100
10 84 72 78 0 0 13 1.31 0.0 0 6.2 16 320 M M 9 1 20 150
11 78 69 74 -4 0 9 0.30 0.0 0 8.8 16 10 M M 9 1 20 10
12 88 71 80 2 0 15 0.00 0.0 0 5.1 14 80 M M 3 17 90
13 91 74 83 5 0 18 0.00 0.0 0 7.9 16 110 M M 1 1 20 100
14 85 70 78 0 0 13 T 0.0 0 11.3 26 20 M M 3 35 20
15 80 65 73 -4 0 8 0.00 0.0 0 10.8 23 10 M M 2 32 360
16 75 55 65 -12 0 0 0.00 0.0 0 11.7 25 360 M M 0 36 20
17 80 54 67 -10 0 2 0.00 0.0 0 6.9 13 80 M M 0 18 100
18 84 57 71 -6 0 6 0.00 0.0 0 8.3 21 130 M M 0 27 140
19 90 67 79 3 0 14 0.00 0.0 M 7.4 17 100 M M 1 24 170
20 92 67 80 4 0 15 0.00 0.0 M 6.7 15 120 M M 0 12 20 100
21 89 68 79 3 0 14 0.00 0.0 0 9.6 22 130 M M 1 1 29 150
22 90 72 81 5 0 16 0.00 0.0 0 12.9 24 140 M M 2 33 150
23 90 73 82 7 0 17 0.02 0.0 0 15.3 28 150 M M 1 36 140
24 90 80 85 10 0 20 T 0.0 0 17.7 29 130 M M 4 37 140
25 90 80 85 10 0 20 T 0.0 0 15.2 25 140 M M 4 33 140
26 90 80 85 11 0 20 T 0.0 0 13.6 24 150 M M 3 35 130
27 90 77 84 10 0 19 0.00 0.0 0 10.4 20 130 M M 2 1 27 120
28 90 76 83 9 0 18 0.00 0.0 0 11.7 23 130 M M 1 29 130
29 91 76 84 10 0 19 0.00 0.0 0 10.5 22 140 M M 1 32 140
30 78 48 63 -10 2 0 0.30 M M 22.5 32 340 M M 10 1 42 330
31 59 48 54 -19 11 0 T M M 18.4 26 330 M M 9 37 330
================================================================================
SM 2685 2168 13 432 3.58 0.0 340.8 M 92
================================================================================
AV 86.6 69.9 11.0 FASTST M M 3 MAX(MPH)
MISC ----> 32 340 43 30
================================================================================
NOTES:
# LAST OF SEVERAL OCCURRENCES
COLUMN 17 PEAK WIND IN M.P.H.
PRELIMINARY LOCAL CLIMATOLOGICAL DATA (WS FORM: F-6) , PAGE 2
STATION: BAYVIEW
MONTH: OCTOBER
YEAR: 2023
LATITUDE: 26 10 N
LONGITUDE: 97 20 W
[TEMPERATURE DATA] [PRECIPITATION DATA] SYMBOLS USED IN COLUMN 16
AVERAGE MONTHLY: 78.3 TOTAL FOR MONTH: 3.58 1 = FOG OR MIST
DPTR FM NORMAL: 1.4 DPTR FM NORMAL: 0.85 2 = FOG REDUCING VISIBILITY
HIGHEST: 97 ON 4 GRTST 24HR 1.61 ON 5- 5 TO 1/4 MILE OR LESS
LOWEST: 48 ON 31,30 3 = THUNDER
SNOW, ICE PELLETS, HAIL 4 = ICE PELLETS
TOTAL MONTH: 0.0 INCH 5 = HAIL
GRTST 24HR 0.0 6 = FREEZING RAIN OR DRIZZLE
GRTST DEPTH: 0 7 = DUSTSTORM OR SANDSTORM:
VSBY 1/2 MILE OR LESS
8 = SMOKE OR HAZE
[NO. OF DAYS WITH] [WEATHER - DAYS WITH] 9 = BLOWING SNOW
X = TORNADO
MAX 32 OR BELOW: 0 0.01 INCH OR MORE: 6
MAX 90 OR ABOVE: 16 0.10 INCH OR MORE: 4
MIN 32 OR BELOW: 0 0.50 INCH OR MORE: 2
MIN 0 OR BELOW: 0 1.00 INCH OR MORE: 2
[HDD (BASE 65) ]
TOTAL THIS MO. 13 CLEAR (SCALE 0-3) 20
DPTR FM NORMAL 9 PTCLDY (SCALE 4-7) 7
TOTAL FM JUL 1 13 CLOUDY (SCALE 8-10) 4
DPTR FM NORMAL 13
[CDD (BASE 65) ]
TOTAL THIS MO. 432
DPTR FM NORMAL 58 [PRESSURE DATA]
TOTAL FM JAN 1 4501 HIGHEST SLP M ON M
DPTR FM NORMAL 628 LOWEST SLP 29.62 ON 12
[REMARKS]
#FINAL-10-23#