000
CXUS53 KAPX 010730
CF6PLN
PRELIMINARY LOCAL CLIMATOLOGICAL DATA (WS FORM: F-6)
STATION: PELLSTON
MONTH: AUGUST
YEAR: 2023
LATITUDE: 45 34 N
LONGITUDE: 84 48 W
TEMPERATURE IN F: :PCPN: SNOW: WIND :SUNSHINE: SKY :PK WND
================================================================================
1 2 3 4 5 6A 6B 7 8 9 10 11 12 13 14 15 16 17 18
12Z AVG MX 2MIN
DY MAX MIN AVG DEP HDD CDD WTR SNW DPTH SPD SPD DIR MIN PSBL S-S WX SPD DR
================================================================================
1 80 52 66 0 0 1 0.00 M M 1.8 13 360 M M 4 1 17 10
2 84 51 68 2 0 3 0.00 M M 5.7 18 250 M M 1 12 29 260
3 86 56 71 5 0 6 0.00 M M 8.1 23 330 M M 0 12 33 330
4 81 54 68 2 0 3 0.00 M M 4.4 14 60 M M 2 1 20 30
5 80 50 65 -1 0 0 0.00 M M 3.9 15 90 M M 1 1 21 50
6 78 44 61 -5 4 0 0.00 M M 4.2 16 90 M M 1 21 90
7 84 51 68 2 0 3 0.00 M M 5.7 16 20 M M 0 1 22 70
8 85 55 70 4 0 5 0.00 M M 6.9 17 320 M M 1 23 320
9 82 54 68 2 0 3 0.23 M M 5.7 18 250 M M 1 123 31 250
10 75 51 63 -3 2 0 0.16 M M 7.2 22 320 M M 5 123 31 330
11 71 45 58 -8 7 0 0.03 M M 4.5 12 150 M M 4 1 16 180
12 71 61 66 0 0 1 0.29 M M 11.0 23 300 M M 8 13 33 300
13 72 51 62 -3 3 0 0.02 M M 6.0 16 310 M M 7 1 23 310
14 75 50 63 -2 2 0 0.00 M M 5.2 17 90 M M 2 18 22 90
15 80 53 67 2 0 2 0.00 M M 4.8 16 300 M M 1 1 22 310
16 84 53 69 4 0 4 0.00 M M 7.1 21 240 M M 2 30 250
17 71 58 65 0 0 0 1.07 M M 13.5 28 300 M M 7 138 41 290
18 73 49 61 -4 4 0 0.00 M M 12.9 24 300 M M 1 35 320
19 82 46 64 -1 1 0 0.00 M M 4.4 14 200 M M 1 25 210
20 85 63 74 10 0 9 0.00 M M 9.4 17 310 M M 3 25 290
21 73 51 62 -2 3 0 0.00 M M 4.5 13 30 M M 4 17 30
22 73 52 63 -1 2 0 0.01 M M 3.1 9 130 M M 6 M M
23 66 61 64 0 1 0 0.17 M M 8.8 15 140 M M 10 138 23 130
24 72 63 68 4 0 3 T M M 4.5 12 50 M M 10 1 14 60
25 78 59 69 5 0 4 T M M 5.4 13 290 M M 7 18 230
26 71 50 61 -2 4 0 0.00 M M 7.0 12 50 M M 5 1 M M
27 73 40 57 -6 8 0 0.00 M M 2.3 13 80 M M 0 1 17 70
28 76 39 58 -5 7 0 0.00 M M 2.8 14 230 M M 1 19 270
29 70 53 62 -1 3 0 0.15 M M 10.2 23 320 M M 9 13 32 320
30 67 42 55 -7 10 0 0.00 M M 8.6 18 350 M M 1 23 330
31 76 37 57 -5 8 0 0.00 M M 2.4 13 330 M M 0 1 18 310
================================================================================
SM 2374 1594 69 47 2.13 M 192.0 M 105
================================================================================
AV 76.6 51.4 6.2 FASTST M M 3 MAX(MPH)
MISC ----> 28 300 41 290
================================================================================
NOTES:
# LAST OF SEVERAL OCCURRENCES
COLUMN 17 PEAK WIND IN M.P.H.
PRELIMINARY LOCAL CLIMATOLOGICAL DATA (WS FORM: F-6) , PAGE 2
STATION: PELLSTON
MONTH: AUGUST
YEAR: 2023
LATITUDE: 45 34 N
LONGITUDE: 84 48 W
[TEMPERATURE DATA] [PRECIPITATION DATA] SYMBOLS USED IN COLUMN 16
AVERAGE MONTHLY: 64.0 TOTAL FOR MONTH: 2.13 1 = FOG OR MIST
DPTR FM NORMAL: -0.7 DPTR FM NORMAL: -0.72 2 = FOG REDUCING VISIBILITY
HIGHEST: 86 ON 3 GRTST 24HR 1.07 ON 17-17 TO 1/4 MILE OR LESS
LOWEST: 37 ON 31 3 = THUNDER
SNOW, ICE PELLETS, HAIL 4 = ICE PELLETS
TOTAL MONTH: M 5 = HAIL
GRTST 24HR M ON M 6 = FREEZING RAIN OR DRIZZLE
GRTST DEPTH: M ON M 7 = DUSTSTORM OR SANDSTORM:
VSBY 1/2 MILE OR LESS
8 = SMOKE OR HAZE
[NO. OF DAYS WITH] [WEATHER - DAYS WITH] 9 = BLOWING SNOW
X = TORNADO
MAX 32 OR BELOW: 0 0.01 INCH OR MORE: 9
MAX 90 OR ABOVE: 0 0.10 INCH OR MORE: 6
MIN 32 OR BELOW: 0 0.50 INCH OR MORE: 1
MIN 0 OR BELOW: 0 1.00 INCH OR MORE: 1
[HDD (BASE 65) ]
TOTAL THIS MO. 69 CLEAR (SCALE 0-3) 17
DPTR FM NORMAL -10 PTCLDY (SCALE 4-7) 11
TOTAL FM JUL 1 97 CLOUDY (SCALE 8-10) 3
DPTR FM NORMAL -44
[CDD (BASE 65) ]
TOTAL THIS MO. 47
DPTR FM NORMAL -25 [PRESSURE DATA]
TOTAL FM JAN 1 210 HIGHEST SLP 30.35 ON 22
DPTR FM NORMAL -18 LOWEST SLP 29.48 ON 17
[REMARKS]
#FINAL-08-23#