000
CXUS54 KOUN 010810
CF6PNC
PRELIMINARY LOCAL CLIMATOLOGICAL DATA (WS FORM: F-6)
STATION: PONCA CITY
MONTH: JULY
YEAR: 2022
LATITUDE: 36 44 N
LONGITUDE: 97 6 W
TEMPERATURE IN F: :PCPN: SNOW: WIND :SUNSHINE: SKY :PK WND
================================================================================
1 2 3 4 5 6A 6B 7 8 9 10 11 12 13 14 15 16 17 18
12Z AVG MX 2MIN
DY MAX MIN AVG DEP HDD CDD WTR SNW DPTH SPD SPD DIR MIN PSBL S-S WX SPD DR
================================================================================
1 99 74 87 6 0 22 0.00 0.0 0 11.4 22 150 M M 0 28 120
2 97 75 86 5 0 21 0.00 0.0 0 9.3 18 80 M M 3 8 24 80
3 98 74 86 5 0 21 0.00 0.0 0 9.9 21 140 M M 3 25 130
4 101 75 88 6 0 23 0.00 M M 9.5 20 160 M M 0 26 160
5 103 78 91 9 0 26 0.00 M M 10.5 21 160 M M 1 27 160
6 106 82 94 12 0 29 0.00 M M 11.0 21 170 M M 1 28 160
7 103 78 91 9 0 26 T M M 6.4 15 160 M M 2 21 150
8 100 79 90 8 0 25 0.00 M M 8.4 21 40 M M 0 27 10
9 96 69 83 1 0 18 0.00 M M 8.2 18 360 M M 0 24 30
10 99 67 83 1 0 18 0.00 M M 5.4 12 150 M M 0 20 110
11 104 68 86 4 0 21 0.00 M M 7.0 15 120 M M 0 22 110
12 92 68 80 -2 0 15 0.00 M M 10.9 21 40 M M 0 26 60
13 99 63 81 -1 0 16 0.00 M M 7.0 16 120 M M 0 20 120
14 104 73 89 7 0 24 0.00 M M 9.7 20 130 M M 0 24 140
15 105 76 91 8 0 26 0.00 M M 8.1 16 160 M M 0 23 160
16 105 78 92 9 0 27 0.00 M M 9.5 21 160 M M 0 27 160
17 106 80 93 10 0 28 T M M 8.3 17 20 M M 0 21 30
18 101 71 86 3 0 21 0.00 M M 7.4 14 90 M M 0 19 120
19 110 68 89 6 0 24 T M M 8.6 17 150 M M 0 20 140
20 107 80 94 11 0 29 0.00 M M 8.3 20 50 M M 0 3 25 50
21 100 79 90 7 0 25 0.00 M M 8.9 26 150 M M 0 35 150
22 104 74 89 6 0 24 0.20 M M 9.0 26 160 M M 1 3 37 150
23 105 76 91 8 0 26 0.00 M M 11.6 20 170 M M 0 28 210
24 107 81 94 11 0 29 0.00 M M 10.3 20 150 M M 0 24 150
25 106 78 92 9 0 27 0.00 0.0 M 11.2 20 150 M M 1 27 140
26 108 82 95 12 0 30 0.00 0.0 M 7.7 14 200 M M 1 22 210
27 97 78 88 5 0 23 0.00 0.0 M 9.4 18 40 M M 2 23 80
28 94 73 84 1 0 19 0.48 M M 6.7 23 110 M M 3 13 27 110
29 83 73 78 -5 0 13 0.01 M M 8.3 18 70 M M 5 22 80
30 83 65 74 -9 0 9 1.52 M M 4.7 13 40 M M 7 13 16 260
31 94 74 84 1 0 19 0.51 M M 7.6 16 160 M M 4 13 20 170
================================================================================
SM 3116 2309 0 704 2.72 0.0 270.2 M 34
================================================================================
AV100.5 74.5 8.7 FASTST M M 1 MAX(MPH)
MISC ----> # 26 150 37 150
================================================================================
NOTES:
# LAST OF SEVERAL OCCURRENCES
COLUMN 17 PEAK WIND IN M.P.H.
PRELIMINARY LOCAL CLIMATOLOGICAL DATA (WS FORM: F-6) , PAGE 2
STATION: PONCA CITY
MONTH: JULY
YEAR: 2022
LATITUDE: 36 44 N
LONGITUDE: 97 6 W
[TEMPERATURE DATA] [PRECIPITATION DATA] SYMBOLS USED IN COLUMN 16
AVERAGE MONTHLY: 87.5 TOTAL FOR MONTH: 2.72 1 = FOG OR MIST
DPTR FM NORMAL: 5.1 DPTR FM NORMAL: -0.98 2 = FOG REDUCING VISIBILITY
HIGHEST: 110 ON 19 GRTST 24HR 1.52 ON 30-30 TO 1/4 MILE OR LESS
LOWEST: 63 ON 13 3 = THUNDER
SNOW, ICE PELLETS, HAIL 4 = ICE PELLETS
TOTAL MONTH: 0.0 INCH 5 = HAIL
GRTST 24HR 0.0 6 = FREEZING RAIN OR DRIZZLE
GRTST DEPTH: 0 7 = DUSTSTORM OR SANDSTORM:
VSBY 1/2 MILE OR LESS
8 = SMOKE OR HAZE
[NO. OF DAYS WITH] [WEATHER - DAYS WITH] 9 = BLOWING SNOW
X = TORNADO
MAX 32 OR BELOW: 0 0.01 INCH OR MORE: 5
MAX 90 OR ABOVE: 29 0.10 INCH OR MORE: 4
MIN 32 OR BELOW: 0 0.50 INCH OR MORE: 2
MIN 0 OR BELOW: 0 1.00 INCH OR MORE: 1
[HDD (BASE 65) ]
TOTAL THIS MO. 0 CLEAR (SCALE 0-3) 28
DPTR FM NORMAL 0 PTCLDY (SCALE 4-7) 3
TOTAL FM JUL 1 0 CLOUDY (SCALE 8-10) 0
DPTR FM NORMAL 0
[CDD (BASE 65) ]
TOTAL THIS MO. 704
DPTR FM NORMAL 166 [PRESSURE DATA]
TOTAL FM JAN 1 1358 HIGHEST SLP M ON M
DPTR FM NORMAL 232 LOWEST SLP 29.63 ON 19
[REMARKS]
#FINAL-07-22#