000
CXUS54 KOUN 010910
CF6PNC
PRELIMINARY LOCAL CLIMATOLOGICAL DATA (WS FORM: F-6)
STATION: PONCA CITY
MONTH: JANUARY
YEAR: 2024
LATITUDE: 36 44 N
LONGITUDE: 97 6 W
TEMPERATURE IN F: :PCPN: SNOW: WIND :SUNSHINE: SKY :PK WND
================================================================================
1 2 3 4 5 6A 6B 7 8 9 10 11 12 13 14 15 16 17 18
12Z AVG MX 2MIN
DY MAX MIN AVG DEP HDD CDD WTR SNW DPTH SPD SPD DIR MIN PSBL S-S WX SPD DR
================================================================================
1 38 24 31 -5 34 0 0.00 0.0 M 3.9 13 30 M M 6 15 20
2 46 26 36 0 29 0 0.00 0.0 M 4.1 14 220 M M 0 19 200
3 51 22 37 1 28 0 0.00 0.0 M 2.7 8 350 M M 1 12 12 20
4 51 25 38 2 27 0 0.00 M M 8.4 15 110 M M 0 22 110
5 42 34 38 2 27 0 0.33 M M 8.1 16 130 M M 10 1 23 100
6 45 32 39 3 26 0 0.00 M M 5.7 12 300 M M 9 17 300
7 53 24 39 3 26 0 0.00 M M 10.9 24 140 M M 0 32 140
8 47 36 42 6 23 0 0.29 M M 15.3 32 150 M M 9 1 45 140
9 36 24 30 -6 35 0 0.01 M M 14.1 29 330 M M 7 1 45 340
10 49 23 36 0 29 0 0.00 M M 7.6 18 160 M M 0 27 180
11 59 22 41 5 24 0 0.00 M M 10.9 26 330 M M 1 39 330
12 30 13 22 -14 43 0 T M M 13.6 29 340 M M 5 41 330
13 18 2 10 -26 55 0 0.00 M M 14.1 23 350 M M 1 32 340
14 8 0 4 -32 61 0 T M M 8.8 18 10 M M 1 8 23 10
15 14 2 8 -28 57 0 M M M 11.1 18 10 M M 5 M M
16 21 -1 10 -26 55 0 0.00 M M 6.4 13 210 M M 0 18 200
17 44 14 29 -7 36 0 0.00 M M 12.1 25 160 M M 0 36 170
18 47 18 33 -3 32 0 0.00 M M 9.6 30 350 M M 1 42 360
19 22 8 15 -21 50 0 0.00 M M 13.6 29 360 M M 0 41 350
20 27 6 17 -19 48 0 0.00 M M 5.9 14 130 M M 0 20 120
21 36 17 27 -9 38 0 0.02 M M 15.1 25 160 M M 6 6 32 170
22 35 29 32 -4 33 0 0.19 M M 10.4 24 160 M M 10 16 33 150
23 41 34 38 2 27 0 T M M 3.5 9 20 M M 10 1 11 20
24 44 36 40 4 25 0 0.05 M M 3.6 10 20 M M 10 12 13 20
25 47 37 42 6 23 0 0.00 M M 2.5 10 60 M M 10 1 13 60
26 46 37 42 6 23 0 0.15 M M 6.8 13 10 M M 10 1 17 10
27 39 26 33 -3 32 0 0.18 M M 7.9 17 360 M M 8 1 22 340
28 58 23 41 4 24 0 0.00 M M 2.7 7 220 M M 1 12 12 220
29 67 28 48 11 17 0 0.00 M M 2.6 10 250 M M 0 1 14 250
30 65 36 51 14 14 0 0.00 M M 3.3 12 330 M M 0 16 330
31 72 31 52 15 13 0 0.00 M M 5.3 14 210 M M 0 21 220
================================================================================
SM 1298 688 1014 0 1.22 0.0 250.6 M 121
================================================================================
AV 41.9 22.2 8.1 FASTST M M 4 MAX(MPH)
MISC ----> 32 150 # 45 140
================================================================================
NOTES:
# LAST OF SEVERAL OCCURRENCES
COLUMN 17 PEAK WIND IN M.P.H.
PRELIMINARY LOCAL CLIMATOLOGICAL DATA (WS FORM: F-6) , PAGE 2
STATION: PONCA CITY
MONTH: JANUARY
YEAR: 2024
LATITUDE: 36 44 N
LONGITUDE: 97 6 W
[TEMPERATURE DATA] [PRECIPITATION DATA] SYMBOLS USED IN COLUMN 16
AVERAGE MONTHLY: 32.0 TOTAL FOR MONTH: 1.22 1 = FOG OR MIST
DPTR FM NORMAL: -3.9 DPTR FM NORMAL: 0.20 2 = FOG REDUCING VISIBILITY
HIGHEST: 72 ON 31 GRTST 24HR 0.58 ON 26-27 TO 1/4 MILE OR LESS
LOWEST: -1 ON 16 3 = THUNDER
SNOW, ICE PELLETS, HAIL 4 = ICE PELLETS
TOTAL MONTH: 0.0 INCH 5 = HAIL
GRTST 24HR 0.0 6 = FREEZING RAIN OR DRIZZLE
GRTST DEPTH: 0 7 = DUSTSTORM OR SANDSTORM:
VSBY 1/2 MILE OR LESS
8 = SMOKE OR HAZE
[NO. OF DAYS WITH] [WEATHER - DAYS WITH] 9 = BLOWING SNOW
X = TORNADO
MAX 32 OR BELOW: 7 0.01 INCH OR MORE: 8
MAX 90 OR ABOVE: 0 0.10 INCH OR MORE: 5
MIN 32 OR BELOW: 24 0.50 INCH OR MORE: 0
MIN 0 OR BELOW: 2 1.00 INCH OR MORE: 0
[HDD (BASE 65) ]
TOTAL THIS MO. 1014 CLEAR (SCALE 0-3) 17
DPTR FM NORMAL 112 PTCLDY (SCALE 4-7) 6
TOTAL FM JUL 1 2307 CLOUDY (SCALE 8-10) 8
DPTR FM NORMAL -162
[CDD (BASE 65) ]
TOTAL THIS MO. 0
DPTR FM NORMAL 0 [PRESSURE DATA]
TOTAL FM JAN 1 0 HIGHEST SLP 30.74 ON 20
DPTR FM NORMAL 0 LOWEST SLP 29.36 ON 8
[REMARKS]
#FINAL-01-24#