000
CXUS54 KOUN 010700
CF6PNC
PRELIMINARY LOCAL CLIMATOLOGICAL DATA (WS FORM: F-6)
STATION: PONCA CITY
MONTH: SEPTEMBER
YEAR: 2020
LATITUDE: 36 44 N
LONGITUDE: 97 6 W
TEMPERATURE IN F: :PCPN: SNOW: WIND :SUNSHINE: SKY :PK WND
================================================================================
1 2 3 4 5 6A 6B 7 8 9 10 11 12 13 14 15 16 17 18
12Z AVG MX 2MIN
DY MAX MIN AVG DEP HDD CDD WTR SNW DPTH SPD SPD DIR MIN PSBL S-S WX SPD DR
================================================================================
1 86 72 79 1 0 14 0.00 0.0 0 8.0 22 160 M M 4 27 160
2 87 71 79 1 0 14 0.05 0.0 0 5.5 16 30 M M 5 13 19 10
3 97 64 81 4 0 16 0.00 0.0 0 4.8 20 30 M M 1 1 28 90
4 93 70 82 5 0 17 0.00 0.0 0 9.0 15 150 M M 2 29 210
5 94 71 83 6 0 18 0.00 0.0 0 5.6 15 220 M M 0 22 220
6 96 72 84 8 0 19 0.00 0.0 0 9.6 23 210 M M 0 33 210
7 97 74 86 10 0 21 0.00 0.0 0 10.5 18 160 M M 0 8 28 160
8 94 55 75 -1 0 10 0.86 0.0 0 15.6 31 360 M M 4 138 40 360
9 56 51 54 -21 11 0 1.06 0.0 0 12.2 21 10 M M 10 1 25 40
10 66 51 59 -16 6 0 0.37 0.0 0 9.5 17 360 M M 10 1 23 350
11 68 55 62 -12 3 0 0.31 0.0 0 4.1 12 360 M M 9 1 14 10
12 80 59 70 -4 0 5 0.00 0.0 0 4.4 12 160 M M 3 12 16 160
13 84 59 72 -1 0 7 0.00 0.0 0 4.7 13 40 M M 1 1 16 50
14 79 54 67 -6 0 2 0.00 0.0 0 5.8 14 70 M M 0 19 80
15 84 61 73 1 0 8 0.00 0.0 0 1.9 9 130 M M 3 11 240
16 87 61 74 2 0 9 0.00 0.0 0 3.0 12 70 M M 2 1 14 60
17 84 60 72 0 0 7 0.00 0.0 0 6.8 15 30 M M 0 19 30
18 79 53 66 -5 0 1 0.00 0.0 0 6.2 13 80 M M 0 17 70
19 79 54 67 -4 0 2 0.00 0.0 0 7.0 14 130 M M 0 17 120
20 78 54 66 -4 0 1 0.00 0.0 0 6.6 15 140 M M 0 19 140
21 81 59 70 0 0 5 0.00 0.0 0 6.3 14 150 M M 2 18 150
22 73 65 69 0 0 4 0.02 0.0 0 7.7 13 150 M M 10 1 16 140
23 77 57 67 -2 0 2 0.00 0.0 0 3.5 12 150 M M 7 1 15 160
24 84 51 68 0 0 3 0.00 0.0 0 5.1 15 150 M M 1 12 24 100
25 88 65 77 9 0 12 0.00 0.0 0 9.5 18 160 M M 0 25 160
26 89 65 77 9 0 12 0.00 0.0 0 11.1 23 160 M M 0 28 170
27 74 56 65 -2 0 0 0.06 0.0 0 13.8 30 20 M M 9 1 44 30
28 73 45 59 -8 6 0 0.00 0.0 0 6.2 25 360 M M 1 33 350
29 79 39 59 -7 6 0 0.00 0.0 0 2.5 13 270 M M 0 20 260
30 89 45 67 1 0 2 0.00 0.0 0 6.9 25 20 M M 0 32 10
================================================================================
SM 2475 1768 32 211 2.73 0.0 213.4 M 84
================================================================================
AV 82.5 58.9 7.1 FASTST M M 3 MAX(MPH)
MISC ----> # 31 360 # 44 30
================================================================================
NOTES:
# LAST OF SEVERAL OCCURRENCES
COLUMN 17 PEAK WIND IN M.P.H.
PRELIMINARY LOCAL CLIMATOLOGICAL DATA (WS FORM: F-6) , PAGE 2
STATION: PONCA CITY
MONTH: SEPTEMBER
YEAR: 2020
LATITUDE: 36 44 N
LONGITUDE: 97 6 W
[TEMPERATURE DATA] [PRECIPITATION DATA] SYMBOLS USED IN COLUMN 16
AVERAGE MONTHLY: 70.7 TOTAL FOR MONTH: 2.73 1 = FOG OR MIST
DPTR FM NORMAL: -1.4 DPTR FM NORMAL: -0.56 2 = FOG REDUCING VISIBILITY
HIGHEST: 97 ON 7, 3 GRTST 24HR 1.06 ON 9- 9 TO 1/4 MILE OR LESS
LOWEST: 39 ON 29 3 = THUNDER
SNOW, ICE PELLETS, HAIL 4 = ICE PELLETS
TOTAL MONTH: 0.0 INCH 5 = HAIL
GRTST 24HR 0.0 6 = FREEZING RAIN OR DRIZZLE
GRTST DEPTH: 0 7 = DUSTSTORM OR SANDSTORM:
VSBY 1/2 MILE OR LESS
8 = SMOKE OR HAZE
[NO. OF DAYS WITH] [WEATHER - DAYS WITH] 9 = BLOWING SNOW
X = TORNADO
MAX 32 OR BELOW: 0 0.01 INCH OR MORE: 7
MAX 90 OR ABOVE: 6 0.10 INCH OR MORE: 4
MIN 32 OR BELOW: 0 0.50 INCH OR MORE: 2
MIN 0 OR BELOW: 0 1.00 INCH OR MORE: 1
[HDD (BASE 65) ]
TOTAL THIS MO. 32 CLEAR (SCALE 0-3) 21
DPTR FM NORMAL -1 PTCLDY (SCALE 4-7) 4
TOTAL FM JUL 1 32 CLOUDY (SCALE 8-10) 5
DPTR FM NORMAL -1
[CDD (BASE 65) ]
TOTAL THIS MO. 211
DPTR FM NORMAL -35 [PRESSURE DATA]
TOTAL FM JAN 1 1856 HIGHEST SLP M ON M
DPTR FM NORMAL 58 LOWEST SLP 29.68 ON M
[REMARKS]
#FINAL-09-20#