000
CXUS54 KOUN 010810
CF6PNC
PRELIMINARY LOCAL CLIMATOLOGICAL DATA (WS FORM: F-6)
STATION: PONCA CITY
MONTH: AUGUST
YEAR: 2023
LATITUDE: 36 44 N
LONGITUDE: 97 6 W
TEMPERATURE IN F: :PCPN: SNOW: WIND :SUNSHINE: SKY :PK WND
================================================================================
1 2 3 4 5 6A 6B 7 8 9 10 11 12 13 14 15 16 17 18
12Z AVG MX 2MIN
DY MAX MIN AVG DEP HDD CDD WTR SNW DPTH SPD SPD DIR MIN PSBL S-S WX SPD DR
================================================================================
1 106 80 93 10 0 28 0.00 M M 10.2 20 170 M M 0 25 160
2 107 82 95 12 0 30 0.00 M M 9.2 20 210 M M 0 27 240
3 107 81 94 11 0 29 0.00 M M 8.1 17 210 M M 1 23 210
4 99 81 90 8 0 25 0.00 M M 5.9 15 30 M M 1 23 330
5 86 72 79 -3 0 14 0.26 M M 7.7 31 350 M M 2 13 48 340
6 89 70 80 -2 0 15 2.10 M M 6.3 23 20 M M 4 13 27 20
7 89 68 79 -3 0 14 0.16 M M 3.5 15 30 M M 2 13 15 30
8 89 70 80 -2 0 15 0.53 M M 6.9 21 170 M M 3 13 34 180
9 91 73 82 0 0 17 T M M 8.3 20 160 M M 3 25 140
10 91 67 79 -3 0 14 0.00 M M 4.8 12 110 M M 0 14 110
11 99 75 87 5 0 22 0.00 M M 7.6 20 120 M M 0 3 24 120
12 94 76 85 3 0 20 T M M 6.6 20 160 M M 1 3 25 160
13 96 72 84 2 0 19 0.59 M M 6.8 25 350 M M 1 13 34 360
14 84 65 75 -7 0 10 0.15 0.0 M 8.4 25 10 M M 1 3 33 20
15 86 61 74 -7 0 9 0.00 0.0 M 4.6 15 10 M M 0 18 340
16 88 63 76 -5 0 11 0.00 0.0 M 9.1 18 150 M M 0 23 140
17 92 66 79 -2 0 14 0.00 M M 7.7 16 80 M M 0 21 40
18 93 69 81 0 0 16 0.00 M M 9.5 16 140 M M 0 19 140
19 104 75 90 9 0 25 0.00 M M 7.2 14 160 M M 0 18 160
20 107 71 89 9 0 24 0.00 M M 2.1 8 260 M M 0 12 320
21 106 70 88 8 0 23 0.00 M M 2.2 9 130 M M 0 11 100
22 103 74 89 9 0 24 0.00 M M 4.6 14 160 M M 0 18 110
23 100 77 89 9 0 24 0.00 M M 7.0 15 150 M M 0 18 150
24 103 77 90 10 0 25 0.00 M M 6.5 14 160 M M 0 20 160
25 105 81 93 13 0 28 0.00 M M 7.7 15 140 M M 0 19 220
26 96 79 88 9 0 23 0.00 M M 10.6 18 80 M M 1 27 70
27 92 66 79 0 0 14 0.00 M M 7.8 16 20 M M 2 20 20
28 90 62 76 -3 0 11 0.00 M M 5.2 15 50 M M 0 20 30
29 95 62 79 0 0 14 T M M 3.1 18 340 M M 1 3 27 340
30 93 63 78 0 0 13 0.00 M M 5.0 15 60 M M 0 23 70
31 92 64 78 0 0 13 0.00 M M 8.2 15 150 M M 0 22 130
================================================================================
SM 2972 2212 0 583 3.79 0.0 208.4 M 23
================================================================================
AV 95.9 71.4 6.7 FASTST M M 1 MAX(MPH)
MISC ----> 31 350 48 340
================================================================================
NOTES:
# LAST OF SEVERAL OCCURRENCES
COLUMN 17 PEAK WIND IN M.P.H.
PRELIMINARY LOCAL CLIMATOLOGICAL DATA (WS FORM: F-6) , PAGE 2
STATION: PONCA CITY
MONTH: AUGUST
YEAR: 2023
LATITUDE: 36 44 N
LONGITUDE: 97 6 W
[TEMPERATURE DATA] [PRECIPITATION DATA] SYMBOLS USED IN COLUMN 16
AVERAGE MONTHLY: 83.6 TOTAL FOR MONTH: 3.79 1 = FOG OR MIST
DPTR FM NORMAL: 2.7 DPTR FM NORMAL: 0.51 2 = FOG REDUCING VISIBILITY
HIGHEST: 107 ON 20, 3 GRTST 24HR 2.35 ON 5- 6 TO 1/4 MILE OR LESS
LOWEST: 61 ON 15 3 = THUNDER
SNOW, ICE PELLETS, HAIL 4 = ICE PELLETS
TOTAL MONTH: 0.0 INCH 5 = HAIL
GRTST 24HR 0.0 6 = FREEZING RAIN OR DRIZZLE
GRTST DEPTH: M ON M 7 = DUSTSTORM OR SANDSTORM:
VSBY 1/2 MILE OR LESS
8 = SMOKE OR HAZE
[NO. OF DAYS WITH] [WEATHER - DAYS WITH] 9 = BLOWING SNOW
X = TORNADO
MAX 32 OR BELOW: 0 0.01 INCH OR MORE: 6
MAX 90 OR ABOVE: 24 0.10 INCH OR MORE: 6
MIN 32 OR BELOW: 0 0.50 INCH OR MORE: 3
MIN 0 OR BELOW: 0 1.00 INCH OR MORE: 1
[HDD (BASE 65) ]
TOTAL THIS MO. 0 CLEAR (SCALE 0-3) 30
DPTR FM NORMAL 0 PTCLDY (SCALE 4-7) 1
TOTAL FM JUL 1 0 CLOUDY (SCALE 8-10) 0
DPTR FM NORMAL 0
[CDD (BASE 65) ]
TOTAL THIS MO. 583
DPTR FM NORMAL 90 [PRESSURE DATA]
TOTAL FM JAN 1 1736 HIGHEST SLP M ON M
DPTR FM NORMAL 117 LOWEST SLP 29.66 ON 9
[REMARKS]
#FINAL-08-23#