000
CXUS55 KALY 010710
CF6PSF
PRELIMINARY LOCAL CLIMATOLOGICAL DATA (WS FORM: F-6)
STATION: PITTSFIELD MA
MONTH: AUGUST
YEAR: 2020
LATITUDE: 42 25 N
LONGITUDE: 73 18 W
TEMPERATURE IN F: :PCPN: SNOW: WIND :SUNSHINE: SKY :PK WND
================================================================================
1 2 3 4 5 6A 6B 7 8 9 10 11 12 13 14 15 16 17 18
12Z AVG MX 2MIN
DY MAX MIN AVG DEP HDD CDD WTR SNW DPTH SPD SPD DIR MIN PSBL S-S WX SPD DR
================================================================================
1 86 59 73 5 0 8 0.00 M M 2.5 10 280 M M 2 13 280
2 82 66 74 6 0 9 0.05 M M 6.5 18 140 M M 7 3 26 140
3 83 68 76 8 0 11 0.05 M M 7.1 18 260 M M 3 1 24 250
4 75 67 71 3 0 6 1.28 M M 8.2 31 280 M M 9 1 46 160
5 81 57 69 1 0 4 0.00 M M 5.0 17 250 M M 4 12 23 330
6 78 54 66 -2 0 1 0.00 M M 2.4 13 280 M M 1 26 230
7 75 58 67 -1 0 2 0.09 M M 1.0 9 340 M M 8 1 14 340
8 83 64 74 6 0 9 T M M 1.3 10 250 M M 5 1 13 200
9 85 62 74 7 0 9 0.00 M M 3.3 13 240 M M 4 1 17 240
10 87 60 74 7 0 9 T M M 4.4 18 260 M M 1 1 23 260
11 88 63 76 9 0 11 0.29 M M 5.3 16 310 M M 1 13 23 230
12 84 61 73 6 0 8 T M M 4.3 13 310 M M 2 12 20 290
13 84 60 72 5 0 7 0.00 M M 1.6 8 320 M M 1 1 11 330
14 84 59 72 5 0 7 0.00 M M 2.3 10 10 M M 3 1 14 20
15 79 59 69 2 0 4 0.00 M M 5.4 16 120 M M 2 22 120
16 70 58 64 -3 1 0 T M M 4.9 13 110 M M 7 18 50
17 78 53 66 -1 0 1 0.04 M M 2.9 13 240 M M 6 1 16 240
18 78 57 68 1 0 3 0.00 M M 7.5 17 260 M M 2 22 260
19 75 50 63 -3 2 0 T M M 2.7 15 300 M M 3 1 19 300
20 75 47 61 -5 4 0 0.00 M M 2.8 13 280 M M 1 12 20 270
21 84 50 67 1 0 2 0.00 M M 4.1 17 280 M M 0 1 21 280
22 82 57 70 4 0 5 0.03 M M 3.8 14 290 M M 1 1 18 280
23 88 58 73 7 0 8 T M M 4.2 14 220 M M 3 12 19 240
24 88 63 76 10 0 11 0.00 M M 2.7 13 290 M M 2 13 15 240
25 82 63 73 7 0 8 0.05 M M 8.3 24 280 M M 3 1 36 270
26 69 52 61 -4 4 0 0.00 M M 10.2 20 270 M M 1 26 270
27 70 51 61 -4 4 0 0.24 M M 2.2 17 340 M M 9 13 28 350
28 75 57 66 1 0 1 0.00 M M 7.3 20 280 M M 7 1 25 270
29 78 59 69 5 0 4 0.67 M M 6.5 21 300 M M 8 1 30 290
30 71 49 60 -4 5 0 0.00 M M 10.1 22 300 M M 4 29 320
31 74 45 60 -4 5 0 0.00 M M 1.7 10 250 M M 2 12 14 260
================================================================================
SM 2471 1786 25 148 2.79 M 142.5 M 112
================================================================================
AV 79.7 57.6 4.6 FASTST M M 4 MAX(MPH)
MISC ----> 31 280 46 160
================================================================================
NOTES:
# LAST OF SEVERAL OCCURRENCES
COLUMN 17 PEAK WIND IN M.P.H.
PRELIMINARY LOCAL CLIMATOLOGICAL DATA (WS FORM: F-6) , PAGE 2
STATION: PITTSFIELD MA
MONTH: AUGUST
YEAR: 2020
LATITUDE: 42 25 N
LONGITUDE: 73 18 W
[TEMPERATURE DATA] [PRECIPITATION DATA] SYMBOLS USED IN COLUMN 16
AVERAGE MONTHLY: 68.7 TOTAL FOR MONTH: 2.79 1 = FOG OR MIST
DPTR FM NORMAL: 2.2 DPTR FM NORMAL: -1.30 2 = FOG REDUCING VISIBILITY
HIGHEST: 88 ON 24,23 GRTST 24HR 1.33 ON 3- 4 TO 1/4 MILE OR LESS
LOWEST: 45 ON 31 3 = THUNDER
SNOW, ICE PELLETS, HAIL 4 = ICE PELLETS
TOTAL MONTH: M 5 = HAIL
GRTST 24HR M ON M 6 = FREEZING RAIN OR DRIZZLE
GRTST DEPTH: M ON M 7 = DUSTSTORM OR SANDSTORM:
VSBY 1/2 MILE OR LESS
8 = SMOKE OR HAZE
[NO. OF DAYS WITH] [WEATHER - DAYS WITH] 9 = BLOWING SNOW
X = TORNADO
MAX 32 OR BELOW: 0 0.01 INCH OR MORE: 10
MAX 90 OR ABOVE: 0 0.10 INCH OR MORE: 4
MIN 32 OR BELOW: 0 0.50 INCH OR MORE: 2
MIN 0 OR BELOW: 0 1.00 INCH OR MORE: 1
[HDD (BASE 65) ]
TOTAL THIS MO. 25 CLEAR (SCALE 0-3) 18
DPTR FM NORMAL -22 PTCLDY (SCALE 4-7) 10
TOTAL FM JUL 1 25 CLOUDY (SCALE 8-10) 3
DPTR FM NORMAL -49
[CDD (BASE 65) ]
TOTAL THIS MO. 148
DPTR FM NORMAL 55 [PRESSURE DATA]
TOTAL FM JAN 1 546 HIGHEST SLP M ON M
DPTR FM NORMAL 276 LOWEST SLP 29.35 ON 29
[REMARKS]
#FINAL-08-20#