000
CXUS56 KSGX 241045
CF6PSP
PRELIMINARY LOCAL CLIMATOLOGICAL DATA (WS FORM: F-6)
STATION: PALM SPRINGS INTL AIRPORT CA
MONTH: APRIL
YEAR: 2024
LATITUDE: 33 49 N
LONGITUDE: 116 30 W
TEMPERATURE IN F: :PCPN: SNOW: WIND :SUNSHINE: SKY :PK WND
================================================================================
1 2 3 4 5 6A 6B 7 8 9 10 11 12 13 14 15 16 17 18
12Z AVG MX 2MIN
DY MAX MIN AVG DEP HDD CDD WTR SNW DPTH SPD SPD DIR MIN PSBL S-S WX SPD DR
================================================================================
1 78 51 65 -5 0 0 0.00 M M 4.9 17 320 M M 4 21 320
2 87 51 69 -1 0 4 0.00 M M 4.1 16 40 M M 0 23 40
3 89 60 75 5 0 10 0.00 M M 6.3 20 330 M M 0 26 300
4 81 55 68 -3 0 3 0.00 M M 9.1 30 330 M M 0 41 340
5 69 50 60 -11 5 0 0.00 M M 10.3 36 330 M M 4 8 53 330
6 76 44 60 -11 5 0 0.00 M M 4.5 15 330 M M 0 21 310
7 79 49 64 -7 1 0 0.00 M M 8.2 18 300 M M 0 25 320
8 83 52 68 -3 0 3 0.00 M M 12.4 26 350 M M 0 45 10
9 89 55 72 0 0 7 0.00 M M 6.3 21 340 M M 0 28 360
10 95 58 77 5 0 12 0.00 M M 5.1 12 350 M M 0 17 70
11 98 64 81 9 0 16 0.00 M M 7.5 14 330 M M 0 23 340
12 90 63 77 5 0 12 0.00 M M 9.1 29 340 M M 0 37 320
13 80 55 68 -4 0 3 T M M 8.1 31 330 M M 1 51 330
14 76 53 65 -7 0 0 0.00 M M 8.7 29 330 M M 1 39 320
15 83 52 68 -5 0 3 0.00 M M 6.2 24 310 M M 0 32 310
16 93 57 75 2 0 10 0.00 M M 4.6 14 170 M M 0 17 180
17 98 62 80 7 0 15 0.00 M M 6.7 22 320 M M 0 30 310
18 94 66 80 7 0 15 0.00 M M 6.3 18 320 M M 0 27 320
19 92 60 76 2 0 11 0.00 M M 8.5 23 330 M M 0 32 350
20 97 62 80 6 0 15 0.00 M M 4.0 15 320 M M 0 20 330
21 99 69 84 10 0 19 0.00 M M 7.0 16 10 M M 0 23 80
22 100 70 85 11 0 20 0.00 M M 8.2 23 330 M M 0 33 330
23 89 63 76 2 0 11 0.00 M M 9.4 24 330 M M 0 33 330
================================================================================
SM 2015 1321 11 189 T M 165.5 M 10
================================================================================
AV 87.6 57.4 7.2 FASTST M M 0 MAX(MPH)
MISC ----> 36 330 53 330
================================================================================
NOTES:
# LAST OF SEVERAL OCCURRENCES
COLUMN 17 PEAK WIND IN M.P.H.
PRELIMINARY LOCAL CLIMATOLOGICAL DATA (WS FORM: F-6) , PAGE 2
STATION: PALM SPRINGS INTL AIRPORT CA
MONTH: APRIL
YEAR: 2024
LATITUDE: 33 49 N
LONGITUDE: 116 30 W
[TEMPERATURE DATA] [PRECIPITATION DATA] SYMBOLS USED IN COLUMN 16
AVERAGE MONTHLY: 72.5 TOTAL FOR MONTH: T 1 = FOG OR MIST
DPTR FM NORMAL: 0.4 DPTR FM NORMAL: -0.08 2 = FOG REDUCING VISIBILITY
HIGHEST: 100 ON 22 GRTST 24HR T ON 8- 8 TO 1/4 MILE OR LESS
LOWEST: 44 ON 6 3 = THUNDER
SNOW, ICE PELLETS, HAIL 4 = ICE PELLETS
TOTAL MONTH: M 5 = HAIL
GRTST 24HR M ON M 6 = FREEZING RAIN OR DRIZZLE
GRTST DEPTH: M ON M 7 = DUSTSTORM OR SANDSTORM:
VSBY 1/2 MILE OR LESS
8 = SMOKE OR HAZE
[NO. OF DAYS WITH] [WEATHER - DAYS WITH] 9 = BLOWING SNOW
X = TORNADO
MAX 32 OR BELOW: 0 0.01 INCH OR MORE: 0
MAX 90 OR ABOVE: 10 0.10 INCH OR MORE: 0
MIN 32 OR BELOW: 0 0.50 INCH OR MORE: 0
MIN 0 OR BELOW: 0 1.00 INCH OR MORE: 0
[HDD (BASE 65) ]
TOTAL THIS MO. 11 CLEAR (SCALE 0-3) 21
DPTR FM NORMAL -1 PTCLDY (SCALE 4-7) 2
TOTAL FM JUL 1 569 CLOUDY (SCALE 8-10) 0
DPTR FM NORMAL -129
[CDD (BASE 65) ]
TOTAL THIS MO. 189
DPTR FM NORMAL 12 [PRESSURE DATA]
TOTAL FM JAN 1 253 HIGHEST SLP M ON M
DPTR FM NORMAL -107 LOWEST SLP 29.68 ON 22
[REMARKS]