000
CXUS56 KSGX 011145
CF6PSP
PRELIMINARY LOCAL CLIMATOLOGICAL DATA (WS FORM: F-6)
STATION: PALM SPRINGS INTL AIRPORT CA
MONTH: FEBRUARY
YEAR: 2022
LATITUDE: 33 49 N
LONGITUDE: 116 30 W
TEMPERATURE IN F: :PCPN: SNOW: WIND :SUNSHINE: SKY :PK WND
================================================================================
1 2 3 4 5 6A 6B 7 8 9 10 11 12 13 14 15 16 17 18
12Z AVG MX 2MIN
DY MAX MIN AVG DEP HDD CDD WTR SNW DPTH SPD SPD DIR MIN PSBL S-S WX SPD DR
================================================================================
1 69 53 61 1 4 0 0.00 M M 5.5 18 320 M M 0 23 310
2 64 52 58 -2 7 0 0.00 M M 12.8 36 20 M M 0 78 44 20
3 68 46 57 -3 8 0 0.00 M M 5.7 15 120 M M 0 20 120
4 68 45 57 -3 8 0 0.00 M M 4.5 12 320 M M 0 13 310
5 74 43 59 -1 6 0 0.00 M M 4.9 15 230 M M 0 17 230
6 81 56 69 9 0 4 0.00 M M 8.0 23 30 M M 0 32 340
7 78 53 66 6 0 1 0.00 M M 4.2 13 330 M M 0 14 330
8 85 50 68 7 0 3 0.00 M M 5.0 15 320 M M 0 18 350
9 88 63 76 15 0 11 0.00 M M 7.4 18 30 M M 0 23 10
10 85 64 75 14 0 10 0.00 M M 8.1 17 10 M M 0 29 330
11 93 58 76 15 0 11 0.00 M M 8.1 18 10 M M 0 22 10
12 87 61 74 13 0 9 0.00 M M 6.7 13 140 M M 0 16 150
13 86 53 70 9 0 5 0.00 M M 5.9 12 100 M M 0 14 90
14 85 53 69 8 0 4 0.00 M M 5.4 14 110 M M 0 15 120
15 73 49 61 -1 4 0 0.01 M M 8.3 32 200 M M 1 8 38 200
16 74 48 61 -1 4 0 0.04 M M 8.4 24 330 M M 2 30 330
17 73 53 63 1 2 0 0.00 M M 7.6 25 340 M M 0 32 340
18 77 47 62 0 3 0 0.00 M M 5.6 12 360 M M 0 16 270
19 82 53 68 6 0 3 0.00 M M 5.7 10 330 M M 0 16 130
20 81 54 68 6 0 3 0.00 M M 7.0 21 330 M M 0 24 330
21 73 54 64 1 1 0 0.00 M M 8.2 22 120 M M 0 32 120
22 68 47 58 -5 7 0 0.01 M M 7.2 20 330 M M 2 8 32 310
23 58 44 51 -12 14 0 0.04 M M 7.0 28 320 M M 5 34 330
24 63 40 52 -11 13 0 0.00 M M 4.9 13 330 M M 0 14 310
25 70 40 55 -9 10 0 0.00 M M 5.4 14 300 M M 0 22 310
26 71 49 60 -4 5 0 0.00 M M 5.3 18 360 M M 0 21 360
27 77 44 61 -3 4 0 0.00 M M 4.3 13 320 M M 0 14 330
28 86 55 71 7 0 6 0.00 M M 7.4 16 20 M M 0 20 40
================================================================================
SM 2137 1427 100 70 0.10 M 184.5 M 10
================================================================================
AV 76.3 51.0 6.6 FASTST M M 0 MAX(MPH)
MISC ----> 36 20 44 20
================================================================================
NOTES:
# LAST OF SEVERAL OCCURRENCES
COLUMN 17 PEAK WIND IN M.P.H.
PRELIMINARY LOCAL CLIMATOLOGICAL DATA (WS FORM: F-6) , PAGE 2
STATION: PALM SPRINGS INTL AIRPORT CA
MONTH: FEBRUARY
YEAR: 2022
LATITUDE: 33 49 N
LONGITUDE: 116 30 W
[TEMPERATURE DATA] [PRECIPITATION DATA] SYMBOLS USED IN COLUMN 16
AVERAGE MONTHLY: 63.6 TOTAL FOR MONTH: 0.10 1 = FOG OR MIST
DPTR FM NORMAL: 1.9 DPTR FM NORMAL: -1.01 2 = FOG REDUCING VISIBILITY
HIGHEST: 93 ON 11 GRTST 24HR 0.05 ON 15-16 TO 1/4 MILE OR LESS
LOWEST: 40 ON 25,24 3 = THUNDER
SNOW, ICE PELLETS, HAIL 4 = ICE PELLETS
TOTAL MONTH: M 5 = HAIL
GRTST 24HR M ON M 6 = FREEZING RAIN OR DRIZZLE
GRTST DEPTH: M ON M 7 = DUSTSTORM OR SANDSTORM:
VSBY 1/2 MILE OR LESS
8 = SMOKE OR HAZE
[NO. OF DAYS WITH] [WEATHER - DAYS WITH] 9 = BLOWING SNOW
X = TORNADO
MAX 32 OR BELOW: 0 0.01 INCH OR MORE: 4
MAX 90 OR ABOVE: 1 0.10 INCH OR MORE: 0
MIN 32 OR BELOW: 0 0.50 INCH OR MORE: 0
MIN 0 OR BELOW: 0 1.00 INCH OR MORE: 0
[HDD (BASE 65) ]
TOTAL THIS MO. 100 CLEAR (SCALE 0-3) 27
DPTR FM NORMAL -30 PTCLDY (SCALE 4-7) 1
TOTAL FM JUL 1 439 CLOUDY (SCALE 8-10) 0
DPTR FM NORMAL -195
[CDD (BASE 65) ]
TOTAL THIS MO. 70
DPTR FM NORMAL 32 [PRESSURE DATA]
TOTAL FM JAN 1 80 HIGHEST SLP 30.51 ON 4
DPTR FM NORMAL 29 LOWEST SLP 29.63 ON 15
[REMARKS]
#FINAL-02-22#