000
CXUS56 KOTX 011010
CF6PUW
PRELIMINARY LOCAL CLIMATOLOGICAL DATA (WS FORM: F-6)
STATION: PULLMAN_MOSCOW AIRPORT
MONTH: NOVEMBER
YEAR: 2021
LATITUDE: 46 44 N
LONGITUDE: 117 7 W
TEMPERATURE IN F: :PCPN: SNOW: WIND :SUNSHINE: SKY :PK WND
================================================================================
1 2 3 4 5 6A 6B 7 8 9 10 11 12 13 14 15 16 17 18
12Z AVG MX 2MIN
DY MAX MIN AVG DEP HDD CDD WTR SNW DPTH SPD SPD DIR MIN PSBL S-S WX SPD DR
================================================================================
1 56 30 43 0 22 0 0.01 M M 4.8 16 100 M M 2 18 19 100
2 54 37 46 4 19 0 0.02 M M 8.2 16 100 M M 7 18 18 90
3 58 47 53 11 12 0 0.00 M M 12.2 20 100 M M 4 18 22 100
4 54 43 49 7 16 0 0.41 M M 11.4 35 240 M M 7 1 45 250
5 51 36 44 2 21 0 0.27 M M 6.0 17 250 M M 5 1 24 250
6 43 33 38 -3 27 0 0.04 M M 7.6 17 220 M M 7 1 21 250
7 46 31 39 -2 26 0 0.00 M M 5.8 13 220 M M 2 15 220
8 48 32 40 -1 25 0 0.00 M M 11.7 28 100 M M 2 33 100
9 46 34 40 0 25 0 0.30 M M 12.7 29 100 M M 6 1 35 100
10 45 33 39 -1 26 0 0.00 M M 10.8 22 250 M M 2 18 27 240
11 43 33 38 -2 27 0 0.40 M M 12.4 18 90 M M 10 1 22 90
12 54 42 48 8 17 0 0.74 M M 9.0 17 240 M M 10 1 22 250
13 50 38 44 5 21 0 0.10 M M 6.5 16 100 M M 7 1 20 90
14 61 47 54 15 11 0 T M M 14.4 31 240 M M 6 39 240
15 59 37 48 9 17 0 T M M 14.4 51 230 M M 2 63 230
16 40 25 33 -5 32 0 T M M 12.0 28 240 M M 3 38 270
17 39 22 31 -7 34 0 0.00 M M 8.9 18 100 M M 0 1 22 100
18 39 31 35 -3 30 0 0.11 M M 12.0 20 100 M M 8 1 22 100
19 39 31 35 -3 30 0 0.47 M M 8.3 16 100 M M 10 12 20 130
20 39 31 35 -2 30 0 0.00 M M 5.0 20 230 M M 7 1 25 230
21 41 32 37 0 28 0 0.00 M M 12.8 20 90 M M 1 24 90
22 49 34 42 5 23 0 0.00 M M 9.6 21 90 M M 1 25 90
23 37 30 34 -2 31 0 0.26 M M 9.6 23 260 M M 9 1 30 270
24 39 27 33 -3 32 0 0.00 M M 8.6 16 100 M M 3 20 100
25 43 34 39 3 26 0 T M M 13.9 22 150 M M 9 26 120
26 51 40 46 10 19 0 T M M 8.1 21 240 M M 7 26 240
27 47 38 43 8 22 0 0.03 M M 10.1 22 130 M M 8 8 28 130
28 57 45 51 16 14 0 T M M 7.9 16 160 M M 5 1 22 250
29 52 40 46 11 19 0 0.28 0.0 0 8.1 20 280 M M 6 1 26 290
30 51 39 45 11 20 0 0.04 M M 9.1 16 130 M M 6 20 130
================================================================================
SM 1431 1052 702 0 3.48 0.0 291.9 M 162
================================================================================
AV 47.7 35.1 9.7 FASTST M M 5 MAX(MPH)
MISC ----> 51 230 63 230
================================================================================
NOTES:
# LAST OF SEVERAL OCCURRENCES
COLUMN 17 PEAK WIND IN M.P.H.
PRELIMINARY LOCAL CLIMATOLOGICAL DATA (WS FORM: F-6) , PAGE 2
STATION: PULLMAN_MOSCOW AIRPORT
MONTH: NOVEMBER
YEAR: 2021
LATITUDE: 46 44 N
LONGITUDE: 117 7 W
[TEMPERATURE DATA] [PRECIPITATION DATA] SYMBOLS USED IN COLUMN 16
AVERAGE MONTHLY: 41.4 TOTAL FOR MONTH: 3.48 1 = FOG OR MIST
DPTR FM NORMAL: 2.8 DPTR FM NORMAL: 1.34 2 = FOG REDUCING VISIBILITY
HIGHEST: 61 ON 14 GRTST 24HR 0.99 ON 11-12 TO 1/4 MILE OR LESS
LOWEST: 22 ON 17 3 = THUNDER
SNOW, ICE PELLETS, HAIL 4 = ICE PELLETS
TOTAL MONTH: 0.0 INCH 5 = HAIL
GRTST 24HR 0.0 6 = FREEZING RAIN OR DRIZZLE
GRTST DEPTH: 0 7 = DUSTSTORM OR SANDSTORM:
VSBY 1/2 MILE OR LESS
8 = SMOKE OR HAZE
[NO. OF DAYS WITH] [WEATHER - DAYS WITH] 9 = BLOWING SNOW
X = TORNADO
MAX 32 OR BELOW: 0 0.01 INCH OR MORE: 15
MAX 90 OR ABOVE: 0 0.10 INCH OR MORE: 10
MIN 32 OR BELOW: 11 0.50 INCH OR MORE: 1
MIN 0 OR BELOW: 0 1.00 INCH OR MORE: 0
[HDD (BASE 65) ]
TOTAL THIS MO. 702 CLEAR (SCALE 0-3) 10
DPTR FM NORMAL -90 PTCLDY (SCALE 4-7) 15
TOTAL FM JUL 1 1449 CLOUDY (SCALE 8-10) 5
DPTR FM NORMAL -144
[CDD (BASE 65) ]
TOTAL THIS MO. 0
DPTR FM NORMAL 0 [PRESSURE DATA]
TOTAL FM JAN 1 557 HIGHEST SLP M ON M
DPTR FM NORMAL 274 LOWEST SLP 29.60 ON 15
[REMARKS]
#FINAL-11-21#