000
CXUS56 KOTX 011010
CF6PUW
PRELIMINARY LOCAL CLIMATOLOGICAL DATA (WS FORM: F-6)
STATION: PULLMAN_MOSCOW AIRPORT
MONTH: OCTOBER
YEAR: 2020
LATITUDE: 46 44 N
LONGITUDE: 117 7 W
TEMPERATURE IN F: :PCPN: SNOW: WIND :SUNSHINE: SKY :PK WND
================================================================================
1 2 3 4 5 6A 6B 7 8 9 10 11 12 13 14 15 16 17 18
12Z AVG MX 2MIN
DY MAX MIN AVG DEP HDD CDD WTR SNW DPTH SPD SPD DIR MIN PSBL S-S WX SPD DR
================================================================================
1 79 48 64 11 1 0 0.00 M M 3.0 12 100 M M 0 8 15 90
2 81 49 65 13 0 0 0.00 M M 1.8 9 170 M M 0 8 11 120
3 80 47 64 12 1 0 0.00 M M 3.0 15 100 M M 0 8 18 100
4 76 43 60 8 5 0 0.00 M M 4.6 17 240 M M 0 8 25 280
5 75 42 59 8 6 0 0.00 M M 2.4 12 240 M M 0 8 14 230
6 81 52 67 16 0 2 0.00 M M 4.8 13 90 M M 0 8 16 100
7 83 47 65 14 0 0 0.00 M M 5.3 16 90 M M 0 8 19 100
8 73 42 58 8 7 0 0.00 M M 5.4 22 240 M M 0 8 29 240
9 74 46 60 10 5 0 0.00 M M 1.8 12 140 M M 0 8 19 120
10 57 44 51 1 14 0 0.26 M M 11.3 29 230 M M 4 18 39 230
11 57 44 51 2 14 0 0.56 M M 16.5 30 240 M M 8 1 40 240
12 60 45 53 4 12 0 T M M 15.1 30 240 M M 4 1 42 230
13 58 43 51 3 14 0 0.39 M M 16.5 37 250 M M 6 1 50 240
14 54 37 46 -2 19 0 0.00 M M 12.8 28 240 M M 2 37 250
15 54 33 44 -4 21 0 0.00 M M 3.2 14 240 M M 3 8 18 270
16 63 40 52 5 13 0 0.00 M M 12.8 29 250 M M 3 8 40 250
17 60 48 54 7 11 0 0.00 M M 8.9 21 240 M M 5 27 250
18 56 44 50 3 15 0 0.23 M M 8.8 20 250 M M 9 1 25 250
19 58 48 53 7 12 0 0.00 M M 15.4 28 250 M M 5 36 250
20 53 37 45 -1 20 0 0.00 M M 5.5 14 260 M M 6 20 260
21 47 30 39 -7 26 0 0.20 M M 5.5 20 300 M M 6 1 26 310
22 43 27 35 -10 30 0 0.00 M M 3.0 10 230 M M 3 13 230
23 35 29 32 -13 33 0 0.62 M M 10.0 20 100 M M 7 1 24 100
24 33 22 28 -17 37 0 0.02 M M 8.6 17 10 M M 10 1 20 10
25 29 15 22 -22 43 0 0.00 M M 4.3 13 40 M M 0 15 130
26 32 16 24 -20 41 0 0.00 M M 5.8 15 100 M M 3 19 100
27 44 27 36 -8 29 0 0.00 M M 6.8 15 100 M M 0 8 19 100
28 54 36 45 2 20 0 0.00 M M 6.4 13 100 M M 0 8 19 100
29 62 39 51 8 14 0 0.00 M M 6.1 12 90 M M 0 8 14 80
30 57 37 47 4 18 0 0.02 M M 12.6 35 230 M M 3 8 43 250
31 53 29 41 -1 24 0 0.00 M M 2.9 14 100 M M 0 8 17 100
================================================================================
SM 1821 1186 505 2 2.30 M 230.9 M 87
================================================================================
AV 58.7 38.3 7.4 FASTST M M 3 MAX(MPH)
MISC ----> 37 250 50 240
================================================================================
NOTES:
# LAST OF SEVERAL OCCURRENCES
COLUMN 17 PEAK WIND IN M.P.H.
PRELIMINARY LOCAL CLIMATOLOGICAL DATA (WS FORM: F-6) , PAGE 2
STATION: PULLMAN_MOSCOW AIRPORT
MONTH: OCTOBER
YEAR: 2020
LATITUDE: 46 44 N
LONGITUDE: 117 7 W
[TEMPERATURE DATA] [PRECIPITATION DATA] SYMBOLS USED IN COLUMN 16
AVERAGE MONTHLY: 48.5 TOTAL FOR MONTH: 2.30 1 = FOG OR MIST
DPTR FM NORMAL: 1.0 DPTR FM NORMAL: 0.96 2 = FOG REDUCING VISIBILITY
HIGHEST: 83 ON 7 GRTST 24HR 0.64 ON 23-24 TO 1/4 MILE OR LESS
LOWEST: 15 ON 25 3 = THUNDER
SNOW, ICE PELLETS, HAIL 4 = ICE PELLETS
TOTAL MONTH: M 5 = HAIL
GRTST 24HR M ON M 6 = FREEZING RAIN OR DRIZZLE
GRTST DEPTH: M ON M 7 = DUSTSTORM OR SANDSTORM:
VSBY 1/2 MILE OR LESS
8 = SMOKE OR HAZE
[NO. OF DAYS WITH] [WEATHER - DAYS WITH] 9 = BLOWING SNOW
X = TORNADO
MAX 32 OR BELOW: 2 0.01 INCH OR MORE: 8
MAX 90 OR ABOVE: 0 0.10 INCH OR MORE: 6
MIN 32 OR BELOW: 8 0.50 INCH OR MORE: 2
MIN 0 OR BELOW: 0 1.00 INCH OR MORE: 0
[HDD (BASE 65) ]
TOTAL THIS MO. 505 CLEAR (SCALE 0-3) 16
DPTR FM NORMAL -40 PTCLDY (SCALE 4-7) 13
TOTAL FM JUL 1 709 CLOUDY (SCALE 8-10) 2
DPTR FM NORMAL -197
[CDD (BASE 65) ]
TOTAL THIS MO. 2
DPTR FM NORMAL 1 [PRESSURE DATA]
TOTAL FM JAN 1 291 HIGHEST SLP M ON M
DPTR FM NORMAL 78 LOWEST SLP 29.62 ON 10
[REMARKS]
#FINAL-10-20#