000
CXUS51 KGYX 032035
CF6PWM
PRELIMINARY LOCAL CLIMATOLOGICAL DATA (WS FORM: F-6)
STATION: PORTLAND ME
MONTH: FEBRUARY
YEAR: 2022
LATITUDE: 43 39 N
LONGITUDE: 70 19 W
TEMPERATURE IN F: :PCPN: SNOW: WIND :SUNSHINE: SKY :PK WND
================================================================================
1 2 3 4 5 6A 6B 7 8 9 10 11 12 13 14 15 16 17 18
12Z AVG MX 2MIN
DY MAX MIN AVG DEP HDD CDD WTR SNW DPTH SPD SPD DIR MIN PSBL S-S WX SPD DR
================================================================================
1 30 -1 15 -9 50 0 T T 8 7.8 14 110 M M 5 18 110
2 40 25 33 9 32 0 T T 7 4.6 13 200 M M 10 12 18 220
3 43 34 39 15 26 0 0.47 0.0 4 5.6 15 30 M M 10 12 21 40
4 34 17 26 2 39 0 1.59 2.7 2 13.5 22 10 M M 10 1468 29 360
5 21 8 15 -9 50 0 0.00 0.0 4 12.1 26 320 M M 5 35 310
6 21 2 12 -12 53 0 T 0.2 4 3.4 12 160 M M 2 1 14 160
7 34 13 24 0 41 0 0.28 T 4 2.8 9 50 M M 7 1 12 40
8 38 32 35 10 30 0 0.39 0.0 3 8.0 16 290 M M 10 1 20 290
9 40 28 34 9 31 0 0.00 0.0 3 5.7 13 170 M M 1 16 160
10 44 29 37 12 28 0 0.02 0.0 3 6.3 21 270 M M 4 1 29 280
11 44 32 38 13 27 0 0.00 0.0 2 8.9 16 180 M M 4 21 180
12 54 34 44 19 21 0 0.00 0.0 1 9.3 22 260 M M 6 35 250
13 34 18 26 0 39 0 0.01 0.5 1 8.7 17 20 M M 9 22 10
14 21 7 14 -12 51 0 0.00 0.0 1 12.1 22 340 M M 6 30 340
15 27 6 17 -9 48 0 0.00 0.0 1 5.8 23 290 M M 3 28 280
16 42 6 24 -2 41 0 0.00 0.0 1 9.5 24 180 M M 6 39 200
17 54 42 48 22 17 0 T 0.0 1 11.5 20 160 M M 9 29 180
18 58 16 37 10 28 0 0.08 0.0 0 15.4 36 290 M M 5 1 45 290
19 31 11 21 -6 44 0 0.01 T T 10.3 24 310 M M 3 1 32 180
20 30 11 21 -6 44 0 0.00 0.0 T 9.5 23 290 M M 2 33 300
21 52 28 40 12 25 0 0.00 0.0 0 7.7 15 280 M M 3 20 250
22 48 30 39 11 26 0 0.64 0.0 0 8.6 24 190 M M 8 1 40 210
23 66 25 46 18 19 0 0.01 0.0 0 15.4 38 280 M M 5 1 50 290
24 30 16 23 -5 42 0 0.00 0.0 0 8.2 17 320 M M 3 21 320
25 22 11 17 -12 48 0 0.47 5.8 T 12.2 21 20 M M 10 12 27 20
26 26 1 14 -15 51 0 0.00 0.0 5 5.0 12 150 M M 2 15 170
27 37 17 27 -2 38 0 T 0.1 5 12.3 31 310 M M 3 18 40 320
28 24 9 17 -13 48 0 0.00 0.0 4 8.5 20 320 M M 1 27 310
================================================================================
SM 1045 507 1037 0 3.97 9.3 248.7 M 152
================================================================================
AV 37.3 18.1 8.9 FASTST M M 5 MAX(MPH)
MISC ----> 38 280 50 290
================================================================================
NOTES:
# LAST OF SEVERAL OCCURRENCES
COLUMN 17 PEAK WIND IN M.P.H.
PRELIMINARY LOCAL CLIMATOLOGICAL DATA (WS FORM: F-6) , PAGE 2
STATION: PORTLAND ME
MONTH: FEBRUARY
YEAR: 2022
LATITUDE: 43 39 N
LONGITUDE: 70 19 W
[TEMPERATURE DATA] [PRECIPITATION DATA] SYMBOLS USED IN COLUMN 16
AVERAGE MONTHLY: 27.7 TOTAL FOR MONTH: 3.97 1 = FOG OR MIST
DPTR FM NORMAL: 1.5 DPTR FM NORMAL: 0.43 2 = FOG REDUCING VISIBILITY
HIGHEST: 66 ON 23 GRTST 24HR 11.02 ON 4- 4 TO 1/4 MILE OR LESS
LOWEST: -1 ON 1 3 = THUNDER
SNOW, ICE PELLETS, HAIL 4 = ICE PELLETS
TOTAL MONTH: 9.3 INCHES 5 = HAIL
GRTST 24HR 5.8 ON 25-25 6 = FREEZING RAIN OR DRIZZLE
GRTST DEPTH: 9 ON M 7 = DUSTSTORM OR SANDSTORM:
VSBY 1/2 MILE OR LESS
8 = SMOKE OR HAZE
[NO. OF DAYS WITH] [WEATHER - DAYS WITH] 9 = BLOWING SNOW
X = TORNADO
MAX 32 OR BELOW: 11 0.01 INCH OR MORE: 11
MAX 90 OR ABOVE: 0 0.10 INCH OR MORE: 6
MIN 32 OR BELOW: 25 0.50 INCH OR MORE: 2
MIN 0 OR BELOW: 1 1.00 INCH OR MORE: 1
[HDD (BASE 65) ]
TOTAL THIS MO. 1037 CLEAR (SCALE 0-3) 8
DPTR FM NORMAL -51 PTCLDY (SCALE 4-7) 12
TOTAL FM JUL 1 4613 CLOUDY (SCALE 8-10) 8
DPTR FM NORMAL -197
[CDD (BASE 65) ]
TOTAL THIS MO. 0
DPTR FM NORMAL 0 [PRESSURE DATA]
TOTAL FM JAN 1 0 HIGHEST SLP 30.77 ON 16
DPTR FM NORMAL 0 LOWEST SLP 29.11 ON 18
[REMARKS]
#FINAL-02-22#