000
CXUS53 KMKX 020213
CF6RAC
PRELIMINARY LOCAL CLIMATOLOGICAL DATA (WS FORM: F-6)
STATION: RACINE WI
MONTH: DECEMBER
YEAR: 2020
LATITUDE: 42 45 N
LONGITUDE: 87 49 W
TEMPERATURE IN F: :PCPN: SNOW: WIND :SUNSHINE: SKY :PK WND
================================================================================
1 2 3 4 5 6A 6B 7 8 9 10 11 12 13 14 15 16 17 18
12Z AVG MX 2MIN
DY MAX MIN AVG DEP HDD CDD WTR SNW DPTH SPD SPD DIR MIN PSBL S-S WX SPD DR
================================================================================
1 36 26 31 -1 34 0 0.00 M M 9.3 17 310 M M 5 24 310
2 48 24 36 5 29 0 0.00 M M 9.4 15 260 M M 0 22 260
3 39 28 34 3 31 0 0.00 M M 10.8 21 260 M M 3 32 260
4 44 30 37 7 28 0 0.00 M M 9.6 20 250 M M 3 31 270
5 38 27 33 3 32 0 0.00 M M 5.2 9 20 M M 6 13 330
6 37 32 35 5 30 0 0.01 M M 3.8 12 10 M M 10 1 14 10
7 36 32 34 5 31 0 0.00 M M 4.1 8 350 M M 10 8 12 330
8 35 32 34 5 31 0 0.00 M M 9.5 22 230 M M 10 18 35 250
9 54 30 42 13 23 0 0.00 M M 5.6 13 250 M M 2 18 20 250
10 49 26 38 10 27 0 0.00 M M 4.7 14 170 M M 0 18 19 170
11 43 35 39 11 26 0 0.80 M M 18.2 25 40 M M 8 1 36 40
12 39 30 35 7 30 0 0.52 M M 19.1 31 10 M M 10 1 51 20
13 30 25 28 0 37 0 0.00 M M 6.7 16 260 M M 6 27 290
14 29 19 24 -3 41 0 0.00 M M 8.3 20 320 M M 4 34 300
15 33 17 25 -2 40 0 0.00 M M 8.5 18 100 M M 4 24 80
16 34 30 32 5 33 0 0.00 M M 11.1 18 120 M M 10 25 110
17 33 30 32 5 33 0 0.00 M M 4.3 9 340 M M 10 12 330
18 37 19 28 2 37 0 0.00 M M 9.3 24 180 M M 0 1 38 180
19 41 35 38 12 27 0 0.00 M M 6.0 15 200 M M 10 18 23 210
20 40 31 36 10 29 0 0.00 M M 9.2 18 240 M M 5 18 28 240
21 42 31 37 11 28 0 0.00 M M 10.8 22 280 M M 9 35 280
22 43 28 36 10 29 0 0.00 M M 10.4 21 170 M M 7 32 180
23 57 24 41 16 24 0 0.03 M M 15.6 29 230 M M 6 46 230
24 24 9 17 -8 48 0 T M M 14.3 28 230 M M 10 8 45 220
25 22 9 16 -9 49 0 T M M 11.6 20 260 M M 5 8 30 260
26 30 16 23 -2 42 0 0.00 M M 5.6 14 300 M M 3 21 320
27 39 18 29 4 36 0 T M M 9.7 20 320 M M 3 1 29 330
28 32 20 26 2 39 0 0.00 M M 9.2 18 300 M M 4 27 320
29 32 13 23 -1 42 0 0.12 M M 9.3 28 150 M M 4 1 39 170
30 35 26 31 7 34 0 0.10 M M 11.6 25 170 M M 10 1 37 170
31 26 12 19 -5 46 0 0.00 M M 4.6 12 230 M M M 16 310
================================================================================
SM 1157 764 1046 0 1.58 M 285.4 M 177
================================================================================
AV 37.3 24.6 9.2 FASTST M M 6 MAX(MPH)
MISC ----> 31 10 51 20
================================================================================
NOTES:
# LAST OF SEVERAL OCCURRENCES
COLUMN 17 PEAK WIND IN M.P.H.
PRELIMINARY LOCAL CLIMATOLOGICAL DATA (WS FORM: F-6) , PAGE 2
STATION: RACINE WI
MONTH: DECEMBER
YEAR: 2020
LATITUDE: 42 45 N
LONGITUDE: 87 49 W
[TEMPERATURE DATA] [PRECIPITATION DATA] SYMBOLS USED IN COLUMN 16
AVERAGE MONTHLY: 31.0 TOTAL FOR MONTH: 1.58 1 = FOG OR MIST
DPTR FM NORMAL: 3.8 DPTR FM NORMAL: -0.04 2 = FOG REDUCING VISIBILITY
HIGHEST: 57 ON 23 GRTST 24HR 1.30 ON 11-12 TO 1/4 MILE OR LESS
LOWEST: 9 ON 25,24 3 = THUNDER
SNOW, ICE PELLETS, HAIL 4 = ICE PELLETS
TOTAL MONTH: M 5 = HAIL
GRTST 24HR M ON M 6 = FREEZING RAIN OR DRIZZLE
GRTST DEPTH: M ON M 7 = DUSTSTORM OR SANDSTORM:
VSBY 1/2 MILE OR LESS
8 = SMOKE OR HAZE
[NO. OF DAYS WITH] [WEATHER - DAYS WITH] 9 = BLOWING SNOW
X = TORNADO
MAX 32 OR BELOW: 8 0.01 INCH OR MORE: 6
MAX 90 OR ABOVE: 0 0.10 INCH OR MORE: 4
MIN 32 OR BELOW: 29 0.50 INCH OR MORE: 2
MIN 0 OR BELOW: 0 1.00 INCH OR MORE: 0
[HDD (BASE 65) ]
TOTAL THIS MO. 1046 CLEAR (SCALE 0-3) 7
DPTR FM NORMAL -126 PTCLDY (SCALE 4-7) 13
TOTAL FM JUL 1 2244 CLOUDY (SCALE 8-10) 11
DPTR FM NORMAL -286
[CDD (BASE 65) ]
TOTAL THIS MO. 0
DPTR FM NORMAL 0 [PRESSURE DATA]
TOTAL FM JAN 1 813 HIGHEST SLP 30.58 ON 29
DPTR FM NORMAL 232 LOWEST SLP 29.37 ON 23
[REMARKS]
#FINAL-12-20#