000
CXUS53 KUNR 011030
CF6RAP
PRELIMINARY LOCAL CLIMATOLOGICAL DATA (WS FORM: F-6)
STATION: RAPID CITY AIRPORT SD
MONTH: NOVEMBER
YEAR: 2021
LATITUDE: 44 2 N
LONGITUDE: 103 4 W
TEMPERATURE IN F: :PCPN: SNOW: WIND :SUNSHINE: SKY :PK WND
================================================================================
1 2 3 4 5 6A 6B 7 8 9 10 11 12 13 14 15 16 17 18
12Z AVG MX 2MIN
DY MAX MIN AVG DEP HDD CDD WTR SNW DPTH SPD SPD DIR MIN PSBL S-S WX SPD DR
================================================================================
1 43 19 31 -9 34 0 0.00 M M 3.6 9 30 M M 7 14 190
2 48 16 32 -8 33 0 0.00 M M 4.9 16 150 M M 0 20 130
3 61 21 41 2 24 0 0.00 M M 3.5 15 30 M M 0 1 21 10
4 64 29 47 8 18 0 0.00 M M 6.5 14 130 M M 0 18 140
5 68 36 52 13 13 0 0.00 M M 8.2 22 350 M M 0 31 300
6 76 32 54 16 11 0 0.00 M M 6.3 21 240 M M 0 29 250
7 66 36 51 13 14 0 0.00 M M 13.5 37 330 M M 0 52 340
8 46 33 40 2 25 0 0.14 M M 7.0 24 340 M M 6 30 340
9 55 32 44 7 21 0 0.01 M M 9.7 22 190 M M 3 30 180
10 51 31 41 4 24 0 0.02 M M 17.9 36 330 M M 4 48 310
11 44 25 35 -1 30 0 0.00 M M 32.3 52 330 M M 0 67 330
12 43 23 33 -3 32 0 0.00 M M 17.3 40 330 M M 1 55 320
13 66 27 47 11 18 0 T M M 16.3 48 330 M M 3 64 330
14 55 30 43 8 22 0 T M M 3.4 13 180 M M 4 19 140
15 69 38 54 19 11 0 0.00 M M 5.3 12 150 M M 0 14 170
16 67 25 46 12 19 0 0.00 M M 18.7 40 330 M M 3 54 360
17 39 16 28 -6 37 0 0.00 M M 19.4 46 320 M M 0 59 320
18 46 9 28 -6 37 0 0.00 M M 7.9 28 180 M M 0 36 170
19 53 22 38 5 27 0 0.00 M M 4.5 18 350 M M 3 20 340
20 46 24 35 2 30 0 T M M 7.3 24 330 M M 6 33 330
21 42 21 32 0 33 0 0.00 M M 7.6 20 330 M M 1 27 330
22 59 27 43 11 22 0 0.00 M M 3.9 10 130 M M 0 15 10
23 66 30 48 16 17 0 0.00 M M 10.4 25 250 M M 0 34 260
24 40 11 26 -5 39 0 T M M 18.6 37 350 M M 6 1 49 350
25 47 11 29 -2 36 0 0.00 M M 4.3 13 150 M M 3 16 150
26 69 30 50 19 15 0 0.00 M M 6.7 23 330 M M 1 29 340
27 52 24 38 8 27 0 0.00 M M 11.0 28 330 M M 1 37 320
28 59 21 40 10 25 0 0.00 M M 2.6 8 140 M M 1 9 140
29 63 39 51 21 14 0 0.01 M M 10.2 20 330 M M 2 25 320
30 56 33 45 16 20 0 0.01 M M 9.6 30 320 M M 4 39 320
================================================================================
SM 1659 771 728 0 0.19 M 298.4 M 59
================================================================================
AV 55.3 25.7 9.9 FASTST M M 2 MAX(MPH)
MISC ----> 52 330 67 330
================================================================================
NOTES:
# LAST OF SEVERAL OCCURRENCES
COLUMN 17 PEAK WIND IN M.P.H.
PRELIMINARY LOCAL CLIMATOLOGICAL DATA (WS FORM: F-6) , PAGE 2
STATION: RAPID CITY AIRPORT SD
MONTH: NOVEMBER
YEAR: 2021
LATITUDE: 44 2 N
LONGITUDE: 103 4 W
[TEMPERATURE DATA] [PRECIPITATION DATA] SYMBOLS USED IN COLUMN 16
AVERAGE MONTHLY: 40.5 TOTAL FOR MONTH: 0.19 1 = FOG OR MIST
DPTR FM NORMAL: 5.9 DPTR FM NORMAL: -0.28 2 = FOG REDUCING VISIBILITY
HIGHEST: 76 ON 6 GRTST 24HR 0.15 ON 8- 9 TO 1/4 MILE OR LESS
LOWEST: 9 ON 18 3 = THUNDER
SNOW, ICE PELLETS, HAIL 4 = ICE PELLETS
TOTAL MONTH: M 5 = HAIL
GRTST 24HR M ON M 6 = FREEZING RAIN OR DRIZZLE
GRTST DEPTH: M ON M 7 = DUSTSTORM OR SANDSTORM:
VSBY 1/2 MILE OR LESS
8 = SMOKE OR HAZE
[NO. OF DAYS WITH] [WEATHER - DAYS WITH] 9 = BLOWING SNOW
X = TORNADO
MAX 32 OR BELOW: 0 0.01 INCH OR MORE: 5
MAX 90 OR ABOVE: 0 0.10 INCH OR MORE: 1
MIN 32 OR BELOW: 24 0.50 INCH OR MORE: 0
MIN 0 OR BELOW: 0 1.00 INCH OR MORE: 0
[HDD (BASE 65) ]
TOTAL THIS MO. 728 CLEAR (SCALE 0-3) 22
DPTR FM NORMAL -184 PTCLDY (SCALE 4-7) 8
TOTAL FM JUL 1 1257 CLOUDY (SCALE 8-10) 0
DPTR FM NORMAL -428
[CDD (BASE 65) ]
TOTAL THIS MO. 0
DPTR FM NORMAL 0 [PRESSURE DATA]
TOTAL FM JAN 1 841 HIGHEST SLP 30.56 ON 25
DPTR FM NORMAL 234 LOWEST SLP 29.38 ON 16
[REMARKS]
#FINAL-11-21#