000
CXUS54 KFWD 010730
CF6RBD
PRELIMINARY LOCAL CLIMATOLOGICAL DATA (WS FORM: F-6)
STATION: DALLAS EXECUTIVE
MONTH: SEPTEMBER
YEAR: 2021
LATITUDE: 32 40 N
LONGITUDE: 96 52 W
TEMPERATURE IN F: :PCPN: SNOW: WIND :SUNSHINE: SKY :PK WND
================================================================================
1 2 3 4 5 6A 6B 7 8 9 10 11 12 13 14 15 16 17 18
12Z AVG MX 2MIN
DY MAX MIN AVG DEP HDD CDD WTR SNW DPTH SPD SPD DIR MIN PSBL S-S WX SPD DR
================================================================================
1 98 79 89 6 0 24 0.00 M M 7.5 16 140 M M 1 22 130
2 96 76 86 3 0 21 0.00 M M 8.4 17 140 M M 1 28 180
3 95 76 86 4 0 21 0.00 M M 8.9 17 120 M M 1 22 120
4 97 75 86 4 0 21 0.00 M M 7.8 15 130 M M 1 19 200
5 94 79 87 5 0 22 T M M 8.1 16 360 M M 3 21 10
6 95 73 84 2 0 19 0.00 M M 7.5 15 70 M M 2 28 120
7 95 68 82 1 0 17 0.00 M M 6.5 13 120 M M 0 19 150
8 92 69 81 0 0 16 T M M 6.2 26 30 M M 2 3 39 30
9 93 65 79 -2 0 14 0.00 M M 6.9 16 120 M M 0 21 80
10 92 68 80 0 0 15 0.00 M M 8.3 15 120 M M 0 24 130
11 90 66 78 -2 0 13 0.00 M M 7.9 14 120 M M 0 23 170
12 90 64 77 -3 0 12 0.00 M M 6.6 14 110 M M 0 21 120
13 89 71 80 0 0 15 0.01 M M 8.1 18 170 M M 5 25 150
14 83 67 75 -4 0 10 T M M 8.2 20 100 M M 6 26 100
15 90 65 78 -1 0 13 0.00 M M 6.9 18 70 M M 3 27 60
16 91 69 80 1 0 15 0.00 M M 5.9 15 60 M M 1 20 60
17 91 69 80 2 0 15 0.00 M M 4.5 13 70 M M 2 20 50
18 95 70 83 5 0 18 0.00 M M 4.6 15 60 M M 2 20 70
19 94 70 82 4 0 17 0.00 M M 4.6 12 130 M M 1 17 40
20 101 73 87 9 0 22 0.00 M M 10.6 17 190 M M 0 25 190
21 88 71 80 3 0 15 T M M 13.5 24 360 M M 1 3 35 360
22 83 57 70 -7 0 5 0.00 M M 7.4 20 20 M M 0 26 10
23 84 52 68 -8 0 3 0.00 M M 3.4 12 60 M M 0 8 17 60
24 87 56 72 -4 0 7 0.00 M M 5.3 14 190 M M 0 19 180
25 89 64 77 1 0 12 0.00 M M 5.4 12 150 M M 0 17 110
26 90 63 77 1 0 12 0.00 M M 7.7 16 180 M M 0 22 170
27 88 62 75 0 0 10 0.00 M M 7.1 13 170 M M 0 20 180
28 94 66 80 5 0 15 T M M 7.8 20 140 M M 2 28 140
29 89 68 79 5 0 14 0.00 M M 8.4 16 130 M M 1 22 110
30 89 67 78 4 0 13 T M M 8.9 24 10 M M 5 13 31 30
================================================================================
SM 2742 2038 0 446 0.01 M 218.9 M 40
================================================================================
AV 91.4 67.9 7.3 FASTST M M 1 MAX(MPH)
MISC ----> 26 30 39 30
================================================================================
NOTES:
# LAST OF SEVERAL OCCURRENCES
COLUMN 17 PEAK WIND IN M.P.H.
PRELIMINARY LOCAL CLIMATOLOGICAL DATA (WS FORM: F-6) , PAGE 2
STATION: DALLAS EXECUTIVE
MONTH: SEPTEMBER
YEAR: 2021
LATITUDE: 32 40 N
LONGITUDE: 96 52 W
[TEMPERATURE DATA] [PRECIPITATION DATA] SYMBOLS USED IN COLUMN 16
AVERAGE MONTHLY: 79.7 TOTAL FOR MONTH: 0.01 1 = FOG OR MIST
DPTR FM NORMAL: 1.0 DPTR FM NORMAL: -2.94 2 = FOG REDUCING VISIBILITY
HIGHEST: 101 ON 20 GRTST 24HR 0.01 ON 13-13 TO 1/4 MILE OR LESS
LOWEST: 52 ON 23 3 = THUNDER
SNOW, ICE PELLETS, HAIL 4 = ICE PELLETS
TOTAL MONTH: M 5 = HAIL
GRTST 24HR M ON M 6 = FREEZING RAIN OR DRIZZLE
GRTST DEPTH: M ON M 7 = DUSTSTORM OR SANDSTORM:
VSBY 1/2 MILE OR LESS
8 = SMOKE OR HAZE
[NO. OF DAYS WITH] [WEATHER - DAYS WITH] 9 = BLOWING SNOW
X = TORNADO
MAX 32 OR BELOW: 0 0.01 INCH OR MORE: 1
MAX 90 OR ABOVE: 20 0.10 INCH OR MORE: 0
MIN 32 OR BELOW: 0 0.50 INCH OR MORE: 0
MIN 0 OR BELOW: 0 1.00 INCH OR MORE: 0
[HDD (BASE 65) ]
TOTAL THIS MO. 0 CLEAR (SCALE 0-3) 26
DPTR FM NORMAL -2 PTCLDY (SCALE 4-7) 4
TOTAL FM JUL 1 0 CLOUDY (SCALE 8-10) 0
DPTR FM NORMAL 0
[CDD (BASE 65) ]
TOTAL THIS MO. 446
DPTR FM NORMAL 31 [PRESSURE DATA]
TOTAL FM JAN 1 2509 HIGHEST SLP M ON M
DPTR FM NORMAL -126 LOWEST SLP 29.72 ON 28
[REMARKS]
#FINAL-09-21#