000
CXUS56 KMFR 011000
CF6RBG
PRELIMINARY LOCAL CLIMATOLOGICAL DATA (WS FORM: F-6)
STATION: ROSEBURG OR
MONTH: MAY
YEAR: 2020
LATITUDE: 43 13 N
LONGITUDE: 123 22 W
TEMPERATURE IN F: :PCPN: SNOW: WIND :SUNSHINE: SKY :PK WND
================================================================================
1 2 3 4 5 6A 6B 7 8 9 10 11 12 13 14 15 16 17 18
12Z AVG MX 2MIN
DY MAX MIN AVG DEP HDD CDD WTR SNW DPTH SPD SPD DIR MIN PSBL S-S WX SPD DR
================================================================================
1 67 42 55 0 10 0 0.05 M M 0.9 7 40 M M 5 10 290
2 66 44 55 -1 10 0 0.32 M M 3.4 22 160 M M 6 31 150
3 65 42 54 -2 11 0 0.01 M M 1.9 10 40 M M 3 12 13 50
4 74 40 57 1 8 0 T M M 2.4 13 330 M M 5 18 17 330
5 77 48 63 7 2 0 T M M 3.0 15 320 M M 5 18 330
6 67 45 56 -1 9 0 0.09 M M 4.1 16 360 M M 3 18 360
7 78 40 59 2 6 0 0.00 M M 3.3 16 10 M M 0 19 10
8 90 47 69 12 0 4 0.00 M M 3.2 12 360 M M 0 17 10
9 88 55 72 15 0 7 0.00 M M 2.7 14 300 M M 0 19 310
10 83 53 68 10 0 3 0.00 M M 3.1 16 10 M M 0 19 340
11 74 56 65 7 0 0 T M M 3.7 18 220 M M 5 29 240
12 63 53 58 0 7 0 0.05 M M 5.7 14 230 M M 9 21 210
13 59 51 55 -3 10 0 0.35 M M 3.2 15 160 M M 10 1 19 150
14 62 46 54 -4 11 0 0.24 M M 3.1 13 150 M M 7 1 19 230
15 73 43 58 0 7 0 0.00 M M 1.8 10 10 M M 3 1 13 300
16 71 53 62 3 3 0 0.13 M M 3.5 21 180 M M 5 31 170
17 66 50 58 -1 7 0 0.56 M M 2.9 14 270 M M 9 3 24 220
18 64 50 57 -2 8 0 0.03 M M 3.1 13 360 M M 8 17 290
19 64 51 58 -1 7 0 0.01 M M 4.2 14 320 M M 10 8 20 320
20 62 50 56 -3 9 0 T M M 2.7 12 10 M M 10 18 13 10
21 60 46 53 -7 12 0 0.18 M M 3.9 13 350 M M 9 1 18 360
22 65 45 55 -5 10 0 0.01 M M 4.0 16 330 M M 5 23 320
23 71 42 57 -3 8 0 0.00 M M 4.3 13 360 M M 2 18 360
24 79 47 63 3 2 0 0.00 M M 3.6 14 10 M M 2 16 10
25 80 53 67 7 0 2 T M M 5.3 17 360 M M 2 21 360
26 83 56 70 10 0 5 0.00 0.0 0 6.1 17 10 M M 1 20 10
27 87 58 73 13 0 8 0.00 M M 6.2 18 10 M M 0 23 10
28 93 56 75 14 0 10 0.00 0.0 0 3.5 14 330 M M 0 23 320
29 84 58 71 10 0 6 0.00 M M 4.4 12 310 M M 0 16 30
30 66 50 58 -3 7 0 1.19 M M 3.5 16 10 M M 8 13 20 230
31 69 51 60 -1 5 0 T M M 4.6 15 10 M M 6 18 360
================================================================================
SM 2250 1521 169 45 3.22 0.0 111.3 M 138
================================================================================
AV 72.6 49.1 3.6 FASTST M M 4 MAX(MPH)
MISC ----> # 22 160 # 31 150
================================================================================
NOTES:
# LAST OF SEVERAL OCCURRENCES
COLUMN 17 PEAK WIND IN M.P.H.
PRELIMINARY LOCAL CLIMATOLOGICAL DATA (WS FORM: F-6) , PAGE 2
STATION: ROSEBURG OR
MONTH: MAY
YEAR: 2020
LATITUDE: 43 13 N
LONGITUDE: 123 22 W
[TEMPERATURE DATA] [PRECIPITATION DATA] SYMBOLS USED IN COLUMN 16
AVERAGE MONTHLY: 60.8 TOTAL FOR MONTH: 3.22 1 = FOG OR MIST
DPTR FM NORMAL: 2.3 DPTR FM NORMAL: 0.95 2 = FOG REDUCING VISIBILITY
HIGHEST: 93 ON 28 GRTST 24HR 1.19 ON 30-30 TO 1/4 MILE OR LESS
LOWEST: 40 ON 7, 4 3 = THUNDER
SNOW, ICE PELLETS, HAIL 4 = ICE PELLETS
TOTAL MONTH: 0.0 INCH 5 = HAIL
GRTST 24HR 0.0 6 = FREEZING RAIN OR DRIZZLE
GRTST DEPTH: 0 7 = DUSTSTORM OR SANDSTORM:
VSBY 1/2 MILE OR LESS
8 = SMOKE OR HAZE
[NO. OF DAYS WITH] [WEATHER - DAYS WITH] 9 = BLOWING SNOW
X = TORNADO
MAX 32 OR BELOW: 0 0.01 INCH OR MORE: 14
MAX 90 OR ABOVE: 2 0.10 INCH OR MORE: 7
MIN 32 OR BELOW: 0 0.50 INCH OR MORE: 2
MIN 0 OR BELOW: 0 1.00 INCH OR MORE: 1
[HDD (BASE 65) ]
TOTAL THIS MO. 169 CLEAR (SCALE 0-3) 14
DPTR FM NORMAL -50 PTCLDY (SCALE 4-7) 9
TOTAL FM JUL 1 3711 CLOUDY (SCALE 8-10) 8
DPTR FM NORMAL -272
[CDD (BASE 65) ]
TOTAL THIS MO. 45
DPTR FM NORMAL 26 [PRESSURE DATA]
TOTAL FM JAN 1 47 HIGHEST SLP 30.50 ON 6
DPTR FM NORMAL 27 LOWEST SLP 29.69 ON 11
[REMARKS]
#FINAL-05-20#