000
CXUS56 KMFR 010930
CF6RBG
PRELIMINARY LOCAL CLIMATOLOGICAL DATA (WS FORM: F-6)
STATION: ROSEBURG OR
MONTH: AUGUST
YEAR: 2023
LATITUDE: 43 13 N
LONGITUDE: 123 22 W
TEMPERATURE IN F: :PCPN: SNOW: WIND :SUNSHINE: SKY :PK WND
================================================================================
1 2 3 4 5 6A 6B 7 8 9 10 11 12 13 14 15 16 17 18
12Z AVG MX 2MIN
DY MAX MIN AVG DEP HDD CDD WTR SNW DPTH SPD SPD DIR MIN PSBL S-S WX SPD DR
================================================================================
1 92 56 74 1 0 9 0.00 M M 4.3 16 20 M M 0 23 20
2 92 58 75 2 0 10 0.00 M M 3.8 16 330 M M 0 24 10
3 91 57 74 1 0 9 T M M 3.5 15 10 M M 0 24 350
4 92 62 77 4 0 12 T M M 5.9 18 10 M M 0 3 26 20
5 94 61 78 5 0 13 0.00 M M 3.9 16 320 M M 0 23 330
6 91 62 77 4 0 12 0.00 M M 4.6 17 20 M M 0 27 10
7 89 64 77 4 0 12 0.00 M M 6.1 16 10 M M 1 22 20
8 92 59 76 4 0 11 0.00 M M 4.2 13 320 M M 0 22 340
9 89 58 74 2 0 9 0.00 M M 4.0 13 330 M M 0 25 350
10 87 65 76 4 0 11 0.00 M M 4.2 12 330 M M 5 17 20
11 92 58 75 3 0 10 0.00 M M 4.4 17 10 M M 0 23 20
12 95 60 78 6 0 13 0.00 M M 6.3 20 20 M M 0 28 10
13 103 63 83 11 0 18 0.00 M M 3.1 15 360 M M 0 21 10
14 109 68 89 17 0 24 0.00 M M 3.9 16 10 M M 0 8 23 10
15 107 71 89 17 0 24 0.00 M M 2.7 10 310 M M 0 18 330
16 108 67 88 16 0 23 0.00 M M 3.3 14 20 M M 0 8 19 20
17 92 70 81 9 0 16 0.00 M M 4.5 13 10 M M 0 21 320
18 89 63 76 5 0 11 0.00 M M 7.2 17 360 M M 1 22 30
19 88 61 75 4 0 10 0.00 M M 5.2 14 10 M M 0 8 17 10
20 91 60 76 5 0 11 0.00 M M 3.5 15 10 M M 1 8 20 320
21 82 62 72 1 0 7 0.00 M M 4.4 12 300 M M 2 8 18 330
22 82 55 69 -2 0 4 0.00 M M 3.8 15 360 M M 1 21 10
23 84 52 68 -3 0 3 0.00 M M 3.9 16 10 M M 0 24 10
24 95 55 75 4 0 10 0.03 M M 2.6 15 10 M M 0 38 22 270
25 90 61 76 6 0 11 0.00 M M 3.6 14 330 M M 3 18 22 20
26 89 58 74 4 0 9 0.00 M M 3.9 14 10 M M M 8 20 360
27 82 60 71 1 0 6 0.00 M M 5.8 14 10 M M 9 8 18 10
28 77 59 68 -2 0 3 0.00 M M 4.4 13 10 M M 7 8 18 360
29 78 61 70 0 0 5 0.00 M M 2.9 10 340 M M 8 8 15 330
30 83 M M M M M 0.00 M M 2.4 14 10 M M 4 8 17 10
31 64 57 61 -9 4 0 0.18 M M 0.3 6 360 M M 7 18 8 10
================================================================================
SM 2789 1823 4 326 0.21 M 126.6 M 49
================================================================================
AV 90.0 60.8 4.1 FASTST M M 2 MAX(MPH)
MISC ----> 20 20 28 10
================================================================================
NOTES:
# LAST OF SEVERAL OCCURRENCES
COLUMN 17 PEAK WIND IN M.P.H.
PRELIMINARY LOCAL CLIMATOLOGICAL DATA (WS FORM: F-6) , PAGE 2
STATION: ROSEBURG OR
MONTH: AUGUST
YEAR: 2023
LATITUDE: 43 13 N
LONGITUDE: 123 22 W
[TEMPERATURE DATA] [PRECIPITATION DATA] SYMBOLS USED IN COLUMN 16
AVERAGE MONTHLY: 75.4 TOTAL FOR MONTH: 0.21 1 = FOG OR MIST
DPTR FM NORMAL: 3.9 DPTR FM NORMAL: -0.02 2 = FOG REDUCING VISIBILITY
HIGHEST: 109 ON 14 GRTST 24HR 0.18 ON 31-31 TO 1/4 MILE OR LESS
LOWEST: 52 ON 23 3 = THUNDER
SNOW, ICE PELLETS, HAIL 4 = ICE PELLETS
TOTAL MONTH: M 5 = HAIL
GRTST 24HR M ON M 6 = FREEZING RAIN OR DRIZZLE
GRTST DEPTH: M ON M 7 = DUSTSTORM OR SANDSTORM:
VSBY 1/2 MILE OR LESS
8 = SMOKE OR HAZE
[NO. OF DAYS WITH] [WEATHER - DAYS WITH] 9 = BLOWING SNOW
X = TORNADO
MAX 32 OR BELOW: 0 0.01 INCH OR MORE: 2
MAX 90 OR ABOVE: 17 0.10 INCH OR MORE: 1
MIN 32 OR BELOW: 0 0.50 INCH OR MORE: 0
MIN 0 OR BELOW: 0 1.00 INCH OR MORE: 0
[HDD (BASE 65) ]
TOTAL THIS MO. 4 CLEAR (SCALE 0-3) 23
DPTR FM NORMAL -1 PTCLDY (SCALE 4-7) 6
TOTAL FM JUL 1 4 CLOUDY (SCALE 8-10) 2
DPTR FM NORMAL -3
[CDD (BASE 65) ]
TOTAL THIS MO. 326
DPTR FM NORMAL 119 [PRESSURE DATA]
TOTAL FM JAN 1 803 HIGHEST SLP M ON M
DPTR FM NORMAL 291 LOWEST SLP 29.72 ON 20
[REMARKS]
#FINAL-08-23#