000
CXUS56 KSTO 011300
CF6RDD
PRELIMINARY LOCAL CLIMATOLOGICAL DATA (WS FORM: F-6)
STATION: REDDING CA AIRPORT AND CITY
MONTH: JUNE
YEAR: 2023
LATITUDE: 40 30 N
LONGITUDE: 122 18 W
TEMPERATURE IN F: :PCPN: SNOW: WIND :SUNSHINE: SKY :PK WND
================================================================================
1 2 3 4 5 6A 6B 7 8 9 10 11 12 13 14 15 16 17 18
12Z AVG MX 2MIN
DY MAX MIN AVG DEP HDD CDD WTR SNW DPTH SPD SPD DIR MIN PSBL S-S WX SPD DR
================================================================================
1 87 64 76 3 0 11 0.00 0.0 M 5.5 14 160 M M 3 23 180
2 90 59 75 2 0 10 0.00 0.0 M 3.5 10 360 M M 0 M M
3 98 60 79 6 0 14 0.00 0.0 M 4.6 8 200 M M 0 M M
4 101 65 83 9 0 18 0.00 0.0 M 4.7 8 180 M M 0 M M
5 99 67 83 9 0 18 0.08 0.0 M 6.2 22 100 M M 1 3 41 100
6 81 66 74 0 0 9 T 0.0 M 8.1 22 180 M M 2 33 190
7 83 64 74 -1 0 9 0.00 0.0 M 8.7 20 160 M M 5 22 160
8 84 67 76 1 0 11 0.06 0.0 M 6.2 15 150 M M 7 1 M M
9 87 66 77 2 0 12 0.00 0.0 M 5.1 13 150 M M 4 20 140
10 94 62 78 2 0 13 0.00 0.0 M 5.1 13 200 M M 1 M M
11 93 66 80 4 0 15 T 0.0 M 6.3 20 170 M M 3 3 22 110
12 87 64 76 0 0 11 0.00 0.0 M 7.5 17 170 M M 1 23 150
13 90 67 79 3 0 14 0.00 0.0 M 5.3 14 160 M M 0 20 150
14 95 67 81 4 0 16 0.00 0.0 M 4.9 9 10 M M 1 M M
15 97 70 84 7 0 19 0.00 0.0 M 12.1 18 10 M M 0 31 20
16 100 75 88 11 0 23 0.00 0.0 M 13.4 27 360 M M 0 36 20
17 96 65 81 3 0 16 0.00 0.0 M 8.1 18 200 M M 0 27 200
18 88 64 76 -2 0 11 0.00 0.0 M 7.8 12 310 M M 1 23 310
19 77 56 67 -11 0 2 0.00 0.0 M 8.3 18 360 M M 2 25 360
20 81 50 66 -12 0 1 0.00 0.0 M 5.5 10 340 M M 0 M M
21 89 54 72 -7 0 7 0.00 0.0 M 4.9 12 340 M M 0 17 340
22 86 56 71 -8 0 6 0.00 0.0 M 5.3 15 160 M M 0 23 180
23 82 59 71 -8 0 6 0.00 0.0 M 6.6 12 190 M M 0 M M
24 86 59 73 -7 0 8 0.00 0.0 M 5.2 12 180 M M 0 18 210
25 88 62 75 -5 0 10 0.00 0.0 M 5.4 15 200 M M 1 25 200
26 92 61 77 -3 0 12 0.00 0.0 M 4.5 20 160 M M 1 22 150
27 94 65 80 -1 0 15 0.00 0.0 M 4.6 15 180 M M 0 M M
28 101 66 84 3 0 19 0.00 0.0 M 5.1 9 330 M M 0 17 350
29 M M M M M M 0.00 0.0 M M M M M M 0 M M
30 108 69 89 8 0 24 0.00 0.0 M 5.4 12 160 M M 0 M M
================================================================================
SM 2634 1835 0 360 0.14 0.0 183.9 M 33
================================================================================
AV 90.8 63.3 6.3 FASTST M M 1 MAX(MPH)
MISC ----> 27 360 41 100
================================================================================
NOTES:
# LAST OF SEVERAL OCCURRENCES
COLUMN 17 PEAK WIND IN M.P.H.
PRELIMINARY LOCAL CLIMATOLOGICAL DATA (WS FORM: F-6) , PAGE 2
STATION: REDDING CA AIRPORT AND CITY
MONTH: JUNE
YEAR: 2023
LATITUDE: 40 30 N
LONGITUDE: 122 18 W
[TEMPERATURE DATA] [PRECIPITATION DATA] SYMBOLS USED IN COLUMN 16
AVERAGE MONTHLY: 77.1 TOTAL FOR MONTH: 0.14 1 = FOG OR MIST
DPTR FM NORMAL: 0.0 DPTR FM NORMAL: -0.61 2 = FOG REDUCING VISIBILITY
HIGHEST: 108 ON 30 GRTST 24HR 0.08 ON 5- 5 TO 1/4 MILE OR LESS
LOWEST: 50 ON 20 3 = THUNDER
SNOW, ICE PELLETS, HAIL 4 = ICE PELLETS
TOTAL MONTH: 0.0 INCH 5 = HAIL
GRTST 24HR 0.0 6 = FREEZING RAIN OR DRIZZLE
GRTST DEPTH: M ON M 7 = DUSTSTORM OR SANDSTORM:
VSBY 1/2 MILE OR LESS
8 = SMOKE OR HAZE
[NO. OF DAYS WITH] [WEATHER - DAYS WITH] 9 = BLOWING SNOW
X = TORNADO
MAX 32 OR BELOW: 0 0.01 INCH OR MORE: 2
MAX 90 OR ABOVE: 15 0.10 INCH OR MORE: 0
MIN 32 OR BELOW: 0 0.50 INCH OR MORE: 0
MIN 0 OR BELOW: 0 1.00 INCH OR MORE: 0
[HDD (BASE 65) ]
TOTAL THIS MO. 0 CLEAR (SCALE 0-3) 27
DPTR FM NORMAL -7 PTCLDY (SCALE 4-7) 3
TOTAL FM JUL 1 2931 CLOUDY (SCALE 8-10) 0
DPTR FM NORMAL 360
[CDD (BASE 65) ]
TOTAL THIS MO. 360
DPTR FM NORMAL -12 [PRESSURE DATA]
TOTAL FM JAN 1 639 HIGHEST SLP 30.11 ON 20
DPTR FM NORMAL 78 LOWEST SLP 29.60 ON 5
[REMARKS]
#FINAL-06-23#