000
CXUS56 KPDT 011910
CF6RDM
PRELIMINARY LOCAL CLIMATOLOGICAL DATA (WS FORM: F-6)
STATION: REDMOND OR
MONTH: FEBRUARY
YEAR: 2023
LATITUDE: 44 16 N
LONGITUDE: 121 9 W
TEMPERATURE IN F: :PCPN: SNOW: WIND :SUNSHINE: SKY :PK WND
================================================================================
1 2 3 4 5 6A 6B 7 8 9 10 11 12 13 14 15 16 17 18
12Z AVG MX 2MIN
DY MAX MIN AVG DEP HDD CDD WTR SNW DPTH SPD SPD DIR MIN PSBL S-S WX SPD DR
================================================================================
1 45 20 33 -3 32 0 0.00 M M 2.2 10 80 M M 0 13 80
2 56 18 37 1 28 0 0.00 M M 7.5 18 150 M M 0 25 150
3 52 38 45 9 20 0 0.00 M M 12.0 26 210 M M 5 34 210
4 52 37 45 9 20 0 0.01 M M 8.3 21 150 M M 9 30 150
5 49 35 42 6 23 0 0.03 M M 9.6 23 210 M M 7 29 200
6 48 29 39 3 26 0 0.00 M M 7.0 23 300 M M 2 31 300
7 52 32 42 6 23 0 T M M 9.0 23 300 M M 4 27 200
8 47 23 35 -1 30 0 0.00 M M 3.0 15 300 M M 3 19 300
9 59 22 41 5 24 0 0.00 M M 7.6 18 150 M M 0 23 150
10 51 26 39 3 26 0 0.00 M M 5.0 14 310 M M 2 18 320
11 50 26 38 2 27 0 0.00 M M 5.3 15 330 M M 4 20 320
12 63 19 41 5 24 0 0.00 M M 4.2 12 170 M M 0 13 170
13 45 22 34 -2 31 0 0.03 M M 12.6 31 280 M M 4 128 40 280
14 41 18 30 -6 35 0 T M M 5.2 16 360 M M 4 19 360
15 49 11 30 -6 35 0 0.00 M M 3.8 8 160 M M 0 12 130
16 50 19 35 -1 30 0 0.00 M M 5.0 14 170 M M 0 17 160
17 53 14 34 -3 31 0 0.00 M M 4.3 9 170 M M 0 13 330
18 48 23 36 -1 29 0 0.00 M M 6.1 17 270 M M 3 20 310
19 50 21 36 -1 29 0 0.00 M M 4.1 14 280 M M 2 17 280
20 58 35 47 10 18 0 0.00 M M 4.7 20 230 M M 4 26 270
21 50 29 40 3 25 0 T M M 14.5 37 280 M M 1 47 270
22 40 20 30 -7 35 0 T M M 6.9 20 340 M M 8 26 350
23 20 11 16 -22 49 0 0.02 M M 11.2 20 320 M M 10 18 23 340
24 21 4 13 -25 52 0 T M M 7.3 15 330 M M 6 8 21 320
25 52 -2 25 -13 40 0 0.00 M M 6.2 16 130 M M 0 20 120
26 43 28 36 -2 29 0 T M M 13.5 37 290 M M 5 45 300
27 45 23 34 -4 31 0 T M M 11.9 24 180 M M 4 8 32 190
28 41 23 32 -6 33 0 T M M 8.4 20 290 M M 5 26 200
================================================================================
SM 1330 624 835 0 0.09 M 206.4 M 92
================================================================================
AV 47.5 22.3 7.4 FASTST M M 3 MAX(MPH)
MISC ----> # 37 280 47 270
================================================================================
NOTES:
# LAST OF SEVERAL OCCURRENCES
COLUMN 17 PEAK WIND IN M.P.H.
PRELIMINARY LOCAL CLIMATOLOGICAL DATA (WS FORM: F-6) , PAGE 2
STATION: REDMOND OR
MONTH: FEBRUARY
YEAR: 2023
LATITUDE: 44 16 N
LONGITUDE: 121 9 W
[TEMPERATURE DATA] [PRECIPITATION DATA] SYMBOLS USED IN COLUMN 16
AVERAGE MONTHLY: 34.9 TOTAL FOR MONTH: 0.09 1 = FOG OR MIST
DPTR FM NORMAL: -1.7 DPTR FM NORMAL: -0.57 2 = FOG REDUCING VISIBILITY
HIGHEST: 63 ON 12 GRTST 24HR 0.04 ON 4- 5 TO 1/4 MILE OR LESS
LOWEST: -2 ON 25 3 = THUNDER
SNOW, ICE PELLETS, HAIL 4 = ICE PELLETS
TOTAL MONTH: M 5 = HAIL
GRTST 24HR M ON M 6 = FREEZING RAIN OR DRIZZLE
GRTST DEPTH: M ON M 7 = DUSTSTORM OR SANDSTORM:
VSBY 1/2 MILE OR LESS
8 = SMOKE OR HAZE
[NO. OF DAYS WITH] [WEATHER - DAYS WITH] 9 = BLOWING SNOW
X = TORNADO
MAX 32 OR BELOW: 2 0.01 INCH OR MORE: 4
MAX 90 OR ABOVE: 0 0.10 INCH OR MORE: 0
MIN 32 OR BELOW: 24 0.50 INCH OR MORE: 0
MIN 0 OR BELOW: 1 1.00 INCH OR MORE: 0
[HDD (BASE 65) ]
TOTAL THIS MO. 835 CLEAR (SCALE 0-3) 14
DPTR FM NORMAL 41 PTCLDY (SCALE 4-7) 11
TOTAL FM JUL 1 4254 CLOUDY (SCALE 8-10) 3
DPTR FM NORMAL -50
[CDD (BASE 65) ]
TOTAL THIS MO. 0
DPTR FM NORMAL 0 [PRESSURE DATA]
TOTAL FM JAN 1 0 HIGHEST SLP 30.51 ON 8
DPTR FM NORMAL 0 LOWEST SLP 29.38 ON 27
[REMARKS]
#FINAL-02-23#