000
CXUS56 KPDT 011910
CF6RDM
PRELIMINARY LOCAL CLIMATOLOGICAL DATA (WS FORM: F-6)
STATION: REDMOND OR
MONTH: FEBRUARY
YEAR: 2024
LATITUDE: 44 16 N
LONGITUDE: 121 9 W
TEMPERATURE IN F: :PCPN: SNOW: WIND :SUNSHINE: SKY :PK WND
================================================================================
1 2 3 4 5 6A 6B 7 8 9 10 11 12 13 14 15 16 17 18
12Z AVG MX 2MIN
DY MAX MIN AVG DEP HDD CDD WTR SNW DPTH SPD SPD DIR MIN PSBL S-S WX SPD DR
================================================================================
1 56 35 46 10 19 0 T M M 7.1 17 160 M M 7 8 24 140
2 49 31 40 4 25 0 0.21 M M 5.9 16 180 M M 7 21 170
3 47 27 37 1 28 0 0.00 M M 1.6 8 20 M M 3 12 10 10
4 45 20 33 -3 32 0 0.09 M M 4.0 18 130 M M 4 1 23 170
5 52 33 43 7 22 0 0.10 M M 7.7 22 170 M M 10 126 29 160
6 44 30 37 1 28 0 0.00 M M 4.6 10 280 M M 9 14 180
7 47 26 37 1 28 0 T M M 2.7 10 10 M M 7 12 20
8 46 28 37 1 28 0 T M M 5.8 18 300 M M 7 23 300
9 43 26 35 -1 30 0 T M M 3.3 12 280 M M 8 15 280
10 54 22 38 2 27 0 0.00 M M 4.5 13 160 M M 1 15 170
11 57 30 44 8 21 0 0.00 M M 5.9 17 220 M M 3 21 210
12 50 25 38 2 27 0 0.00 M M 3.0 10 330 M M 1 14 330
13 49 20 35 -1 30 0 0.00 M M 3.8 9 360 M M 0 11 340
14 34 24 29 -7 36 0 0.22 M M 3.9 15 310 M M 9 1 19 310
15 46 26 36 0 29 0 0.31 M M 5.0 13 320 M M 9 1 16 310
16 30 25 28 -8 37 0 0.04 M M 6.6 13 310 M M 10 1 17 310
17 30 25 28 -9 37 0 0.25 M M 4.9 9 320 M M 10 1 12 310
18 46 25 36 -1 29 0 0.09 M M 2.7 10 290 M M 6 168 12 340
19 37 32 35 -2 30 0 0.13 M M 3.6 12 310 M M 10 126 15 300
20 50 33 42 5 23 0 0.06 M M 5.1 18 180 M M 3 1 31 160
21 51 29 40 3 25 0 0.01 M M 7.4 14 200 M M 4 21 200
22 54 25 40 3 25 0 0.00 M M 3.5 10 310 M M 1 12 310
23 61 28 45 7 20 0 0.00 M M 4.7 10 310 M M 0 12 190
24 62 26 44 6 21 0 0.00 M M 5.5 17 290 M M 0 24 320
25 57 31 44 6 21 0 0.00 M M 5.0 23 210 M M 6 31 230
26 46 28 37 -1 28 0 0.01 M M 13.6 29 280 M M 7 189 38 290
27 44 25 35 -3 30 0 0.00 M M 8.0 20 290 M M 9 27 280
28 54 39 47 9 18 0 0.00 M M 13.2 28 180 M M 2 37 180
29 51 32 42 4 23 0 0.15 M M 11.3 32 200 M M 7 12 50 200
================================================================================
SM 1392 806 777 0 1.67 M 163.9 M 160
================================================================================
AV 48.0 27.8 5.7 FASTST M M 6 MAX(MPH)
MISC ----> 32 200 50 200
================================================================================
NOTES:
# LAST OF SEVERAL OCCURRENCES
COLUMN 17 PEAK WIND IN M.P.H.
PRELIMINARY LOCAL CLIMATOLOGICAL DATA (WS FORM: F-6) , PAGE 2
STATION: REDMOND OR
MONTH: FEBRUARY
YEAR: 2024
LATITUDE: 44 16 N
LONGITUDE: 121 9 W
[TEMPERATURE DATA] [PRECIPITATION DATA] SYMBOLS USED IN COLUMN 16
AVERAGE MONTHLY: 37.9 TOTAL FOR MONTH: 1.67 1 = FOG OR MIST
DPTR FM NORMAL: 1.3 DPTR FM NORMAL: 1.01 2 = FOG REDUCING VISIBILITY
HIGHEST: 62 ON 24 GRTST 24HR 0.35 ON 15-16 TO 1/4 MILE OR LESS
LOWEST: 20 ON 13, 4 3 = THUNDER
SNOW, ICE PELLETS, HAIL 4 = ICE PELLETS
TOTAL MONTH: M 5 = HAIL
GRTST 24HR M ON M 6 = FREEZING RAIN OR DRIZZLE
GRTST DEPTH: M ON M 7 = DUSTSTORM OR SANDSTORM:
VSBY 1/2 MILE OR LESS
8 = SMOKE OR HAZE
[NO. OF DAYS WITH] [WEATHER - DAYS WITH] 9 = BLOWING SNOW
X = TORNADO
MAX 32 OR BELOW: 2 0.01 INCH OR MORE: 13
MAX 90 OR ABOVE: 0 0.10 INCH OR MORE: 7
MIN 32 OR BELOW: 25 0.50 INCH OR MORE: 0
MIN 0 OR BELOW: 0 1.00 INCH OR MORE: 0
[HDD (BASE 65) ]
TOTAL THIS MO. 777 CLEAR (SCALE 0-3) 9
DPTR FM NORMAL -17 PTCLDY (SCALE 4-7) 12
TOTAL FM JUL 1 3921 CLOUDY (SCALE 8-10) 8
DPTR FM NORMAL -435
[CDD (BASE 65) ]
TOTAL THIS MO. 0
DPTR FM NORMAL 0 [PRESSURE DATA]
TOTAL FM JAN 1 0 HIGHEST SLP 30.41 ON 16
DPTR FM NORMAL 0 LOWEST SLP 29.38 ON 29
[REMARKS]
#FINAL-02-24#