000
CXUS56 KPDT 011810
CF6RDM
PRELIMINARY LOCAL CLIMATOLOGICAL DATA (WS FORM: F-6)
STATION: REDMOND OR
MONTH: OCTOBER
YEAR: 2021
LATITUDE: 44 16 N
LONGITUDE: 121 9 W
TEMPERATURE IN F: :PCPN: SNOW: WIND :SUNSHINE: SKY :PK WND
================================================================================
1 2 3 4 5 6A 6B 7 8 9 10 11 12 13 14 15 16 17 18
12Z AVG MX 2MIN
DY MAX MIN AVG DEP HDD CDD WTR SNW DPTH SPD SPD DIR MIN PSBL S-S WX SPD DR
================================================================================
1 69 42 56 2 9 0 0.00 M M 8.1 17 350 M M 4 22 350
2 80 32 56 2 9 0 0.00 M M 3.4 12 340 M M 0 15 340
3 80 38 59 5 6 0 0.00 M M 4.9 12 350 M M 0 13 350
4 81 44 63 10 2 0 0.00 M M 5.5 20 230 M M 0 24 220
5 67 39 53 0 12 0 T M M 7.8 22 310 M M 2 28 310
6 59 32 46 -6 19 0 T M M 4.8 12 350 M M 3 15 360
7 61 24 43 -9 22 0 0.00 M M 4.6 14 340 M M 1 16 340
8 62 27 45 -7 20 0 0.00 M M 6.0 21 310 M M 1 23 310
9 66 28 47 -4 18 0 0.00 M M 5.2 20 310 M M 0 24 310
10 59 37 48 -3 17 0 T M M 9.3 31 300 M M 4 40 310
11 52 22 37 -13 28 0 0.00 M M 7.5 17 350 M M 3 24 350
12 55 17 36 -14 29 0 T M M 3.7 15 180 M M 3 19 180
13 54 37 46 -4 19 0 T M M 6.9 22 280 M M 7 26 290
14 60 26 43 -6 22 0 T M M 4.3 15 300 M M 3 18 330
15 74 27 51 2 14 0 0.00 M M 4.4 12 160 M M 0 15 330
16 82 32 57 9 8 0 0.00 M M 7.2 18 190 M M 0 25 170
17 67 37 52 4 13 0 T M M 8.1 18 310 M M 3 23 330
18 61 34 48 0 17 0 0.00 M M 4.5 14 290 M M 3 16 290
19 67 32 50 3 15 0 0.08 M M 9.4 23 200 M M 1 8 34 200
20 57 46 52 5 13 0 0.01 M M 9.5 23 200 M M 6 30 200
21 72 39 56 9 9 0 0.29 M M 10.4 24 290 M M 5 1 33 160
22 57 44 51 5 14 0 0.36 M M 4.4 16 310 M M 8 1 21 300
23 56 44 50 4 15 0 0.02 M M 9.9 21 210 M M 5 26 200
24 63 41 52 6 13 0 0.06 M M 13.1 29 220 M M 7 36 200
25 55 37 46 1 19 0 0.00 M M 10.9 22 200 M M 4 28 200
26 58 42 50 5 15 0 T M M 11.6 23 290 M M 7 33 180
27 59 42 51 6 14 0 T M M 5.8 18 300 M M 5 26 300
28 76 45 61 17 4 0 0.00 M M 12.0 25 200 M M 3 35 220
29 61 43 52 8 13 0 0.02 M M 7.9 16 170 M M 7 21 170
30 46 38 42 -2 23 0 T M M 11.3 17 340 M M 9 22 330
31 42 37 40 -4 25 0 T M M 4.3 10 330 M M 10 18 14 320
================================================================================
SM 1958 1105 476 0 0.84 M 226.7 M 114
================================================================================
AV 63.2 35.6 7.3 FASTST M M 4 MAX(MPH)
MISC ----> 31 300 40 310
================================================================================
NOTES:
# LAST OF SEVERAL OCCURRENCES
COLUMN 17 PEAK WIND IN M.P.H.
PRELIMINARY LOCAL CLIMATOLOGICAL DATA (WS FORM: F-6) , PAGE 2
STATION: REDMOND OR
MONTH: OCTOBER
YEAR: 2021
LATITUDE: 44 16 N
LONGITUDE: 121 9 W
[TEMPERATURE DATA] [PRECIPITATION DATA] SYMBOLS USED IN COLUMN 16
AVERAGE MONTHLY: 49.4 TOTAL FOR MONTH: 0.84 1 = FOG OR MIST
DPTR FM NORMAL: 0.8 DPTR FM NORMAL: 0.16 2 = FOG REDUCING VISIBILITY
HIGHEST: 82 ON 16 GRTST 24HR 0.65 ON 21-22 TO 1/4 MILE OR LESS
LOWEST: 17 ON 12 3 = THUNDER
SNOW, ICE PELLETS, HAIL 4 = ICE PELLETS
TOTAL MONTH: M 5 = HAIL
GRTST 24HR M ON M 6 = FREEZING RAIN OR DRIZZLE
GRTST DEPTH: M ON M 7 = DUSTSTORM OR SANDSTORM:
VSBY 1/2 MILE OR LESS
8 = SMOKE OR HAZE
[NO. OF DAYS WITH] [WEATHER - DAYS WITH] 9 = BLOWING SNOW
X = TORNADO
MAX 32 OR BELOW: 0 0.01 INCH OR MORE: 7
MAX 90 OR ABOVE: 0 0.10 INCH OR MORE: 2
MIN 32 OR BELOW: 11 0.50 INCH OR MORE: 0
MIN 0 OR BELOW: 0 1.00 INCH OR MORE: 0
[HDD (BASE 65) ]
TOTAL THIS MO. 476 CLEAR (SCALE 0-3) 14
DPTR FM NORMAL -33 PTCLDY (SCALE 4-7) 15
TOTAL FM JUL 1 706 CLOUDY (SCALE 8-10) 2
DPTR FM NORMAL -93
[CDD (BASE 65) ]
TOTAL THIS MO. 0
DPTR FM NORMAL -1 [PRESSURE DATA]
TOTAL FM JAN 1 615 HIGHEST SLP 30.29 ON 27
DPTR FM NORMAL 298 LOWEST SLP 29.14 ON 24
[REMARKS]
#FINAL-10-21#