000
CXUS52 KRAH 010845
CF6RDU
PRELIMINARY LOCAL CLIMATOLOGICAL DATA (WS FORM: F-6)
STATION: RALEIGH NC
MONTH: AUGUST
YEAR: 2022
LATITUDE: 35 52 N
LONGITUDE: 78 47 W
TEMPERATURE IN F: :PCPN: SNOW: WIND :SUNSHINE: SKY :PK WND
================================================================================
1 2 3 4 5 6A 6B 7 8 9 10 11 12 13 14 15 16 17 18
12Z AVG MX 2MIN
DY MAX MIN AVG DEP HDD CDD WTR SNW DPTH SPD SPD DIR MIN PSBL S-S WX SPD DR
================================================================================
1 92 75 84 4 0 19 0.05 0.0 M 8.3 20 280 M M 7 3 28 270
2 94 72 83 3 0 18 0.00 0.0 0 4.8 12 240 M M 4 3 15 350
3 94 72 83 3 0 18 0.00 0.0 0 2.1 9 40 M M 5 13 50
4 95 76 86 6 0 21 T 0.0 0 6.1 15 210 M M 7 3 19 210
5 94 77 86 6 0 21 0.00 0.0 0 7.6 14 200 M M 8 20 240
6 93 75 84 4 0 19 0.07 0.0 0 6.0 16 220 M M 7 21 200
7 93 73 83 3 0 18 T 0.0 0 2.8 20 230 M M 7 25 230
8 95 74 85 5 0 20 T 0.0 0 7.7 15 220 M M 5 3 20 200
9 97 75 86 6 0 21 0.00 0.0 0 7.6 15 250 M M 4 3 20 250
10 97 75 86 6 0 21 0.00 0.0 0 7.7 18 230 M M 6 3 25 230
11 90 74 82 2 0 17 T 0.0 0 6.3 15 250 M M 7 13 20 330
12 84 64 74 -5 0 9 0.02 0.0 0 5.3 16 80 M M 6 27 90
13 86 61 74 -5 0 9 0.00 0.0 0 5.0 16 80 M M 3 20 80
14 88 63 76 -3 0 11 0.00 0.0 0 3.7 9 120 M M 7 13 130
15 81 67 74 -5 0 9 0.05 0.0 0 5.4 13 60 M M 9 1 21 80
16 79 66 73 -6 0 8 0.01 0.0 0 6.0 12 40 M M 10 17 50
17 84 65 75 -4 0 10 0.00 0.0 0 5.6 15 40 M M 5 21 60
18 88 62 75 -4 0 10 0.00 0.0 0 3.9 12 180 M M 5 18 150
19 84 63 74 -5 0 9 T 0.0 0 4.1 12 130 M M 7 19 120
20 87 69 78 0 0 13 0.01 0.0 0 3.0 8 90 M M 8 1 14 160
21 83 69 76 -2 0 11 0.56 0.0 M 4.9 16 220 M M 8 13 21 220
22 88 68 78 0 0 13 0.07 0.0 M 5.8 17 170 M M 8 1 23 190
23 89 70 80 2 0 15 T 0.0 M 3.0 13 240 M M 7 12 16 230
24 91 68 80 2 0 15 0.00 0.0 0 2.2 10 190 M M 8 1 16 150
25 91 68 80 2 0 15 0.07 0.0 0 1.8 22 220 M M 9 1 26 230
26 93 65 79 1 0 14 0.00 0.0 0 2.5 10 190 M M 4 1 14 200
27 96 70 83 5 0 18 T 0.0 0 3.0 22 80 M M 6 30 80
28 93 69 81 4 0 16 0.00 0.0 0 4.4 15 100 M M 4 23 130
29 93 69 81 4 0 16 0.00 0.0 0 4.2 13 150 M M 6 1 19 100
30 95 72 84 7 0 19 T 0.0 0 6.4 16 220 M M 6 1 22 230
31 93 67 80 3 0 15 0.00 0.0 0 3.7 12 320 M M 3 17 20
================================================================================
SM 2800 2153 0 468 0.91 0.0 150.9 M 196
================================================================================
AV 90.3 69.5 4.9 FASTST M M 6 MAX(MPH)
MISC ----> # 22 220 30 80
================================================================================
NOTES:
# LAST OF SEVERAL OCCURRENCES
COLUMN 17 PEAK WIND IN M.P.H.
PRELIMINARY LOCAL CLIMATOLOGICAL DATA (WS FORM: F-6) , PAGE 2
STATION: RALEIGH NC
MONTH: AUGUST
YEAR: 2022
LATITUDE: 35 52 N
LONGITUDE: 78 47 W
[TEMPERATURE DATA] [PRECIPITATION DATA] SYMBOLS USED IN COLUMN 16
AVERAGE MONTHLY: 79.9 TOTAL FOR MONTH: 0.91 1 = FOG OR MIST
DPTR FM NORMAL: 1.1 DPTR FM NORMAL: -3.80 2 = FOG REDUCING VISIBILITY
HIGHEST: 97 ON 10, 9 GRTST 24HR 0.62 ON 21-22 TO 1/4 MILE OR LESS
LOWEST: 61 ON 13 3 = THUNDER
SNOW, ICE PELLETS, HAIL 4 = ICE PELLETS
TOTAL MONTH: 0.0 INCH 5 = HAIL
GRTST 24HR 0.0 6 = FREEZING RAIN OR DRIZZLE
GRTST DEPTH: 0 7 = DUSTSTORM OR SANDSTORM:
VSBY 1/2 MILE OR LESS
8 = SMOKE OR HAZE
[NO. OF DAYS WITH] [WEATHER - DAYS WITH] 9 = BLOWING SNOW
X = TORNADO
MAX 32 OR BELOW: 0 0.01 INCH OR MORE: 9
MAX 90 OR ABOVE: 19 0.10 INCH OR MORE: 1
MIN 32 OR BELOW: 0 0.50 INCH OR MORE: 1
MIN 0 OR BELOW: 0 1.00 INCH OR MORE: 0
[HDD (BASE 65) ]
TOTAL THIS MO. 0 CLEAR (SCALE 0-3) 1
DPTR FM NORMAL 0 PTCLDY (SCALE 4-7) 26
TOTAL FM JUL 1 0 CLOUDY (SCALE 8-10) 4
DPTR FM NORMAL 0
[CDD (BASE 65) ]
TOTAL THIS MO. 468
DPTR FM NORMAL 40 [PRESSURE DATA]
TOTAL FM JAN 1 1778 HIGHEST SLP 30.27 ON 6
DPTR FM NORMAL 282 LOWEST SLP 29.82 ON 30
[REMARKS]
#FINAL-08-22#