711
CXUS56 KBOI 011002
CF6REO
PRELIMINARY LOCAL CLIMATOLOGICAL DATA (WS FORM: F-6)
STATION: ROME OR
MONTH: FEBRUARY
YEAR: 2021
LATITUDE: 42 35 N
LONGITUDE: 117 52 W
TEMPERATURE IN F: :PCPN: SNOW: WIND :SUNSHINE: SKY :PK WND
================================================================================
1 2 3 4 5 6A 6B 7 8 9 10 11 12 13 14 15 16 17 18
12Z AVG MX 2MIN
DY MAX MIN AVG DEP HDD CDD WTR SNW DPTH SPD SPD DIR MIN PSBL S-S WX SPD DR
================================================================================
1 56 32 44 13 21 0 0.00 M M 9.0 26 160 M M 0 34 170
2 56 32 44 13 21 0 0.06 M M 16.0 31 220 M M 0 43 220
3 40 22 31 0 34 0 0.11 M M 10.7 23 240 M M 0 31 240
4 45 17 31 0 34 0 0.00 M M 10.0 20 240 M M 0 25 240
5 51 28 40 9 25 0 0.00 M M 14.8 28 240 M M 0 38 230
6 60 24 42 10 23 0 0.00 M M 14.9 36 290 M M 0 52 290
7 55 26 41 9 24 0 0.00 M M 15.6 29 230 M M 0 41 230
8 43 28 36 4 29 0 0.00 M M 9.2 16 70 M M 0 23 220
9 53 23 38 6 27 0 0.00 M M 6.1 16 260 M M 0 24 260
10 54 16 35 3 30 0 0.00 M M 7.8 17 260 M M 0 24 270
11 49 33 41 9 24 0 0.12 M M 5.2 15 40 M M 0 19 40
12 45 33 39 6 26 0 0.03 M M 5.5 16 250 M M 0 21 230
13 43 31 37 4 28 0 0.13 M M 12.5 36 300 M M 0 53 300
14 42 24 33 0 32 0 0.00 M M 9.4 21 230 M M 0 29 220
15 50 34 42 9 23 0 0.17 M M 15.7 35 250 M M 0 47 240
16 42 31 37 3 28 0 0.00 M M 14.0 29 270 M M 0 39 340
17 42 20 31 -3 34 0 0.00 M M 10.0 21 300 M M 0 28 280
18 41 18 30 -4 35 0 0.16 M M 8.7 20 220 M M 0 26 180
19 47 31 39 5 26 0 0.01 M M 12.6 31 250 M M 0 43 250
20 42 20 31 -3 34 0 0.00 M M 7.5 25 300 M M 0 33 300
21 44 19 32 -3 33 0 0.00 M M 8.2 17 250 M M 0 23 240
22 59 28 44 9 21 0 0.00 M M 10.9 20 220 M M 0 26 170
23 50 28 39 4 26 0 0.00 M M 8.4 22 220 M M 0 31 340
24 40 17 29 -7 36 0 0.00 M M 9.2 22 290 M M 0 29 300
25 51 16 34 -2 31 0 0.00 M M 11.3 25 300 M M 0 36 300
26 42 25 34 -2 31 0 0.00 M M 16.1 44 310 M M 0 61 310
27 39 14 27 -9 38 0 0.00 M M 12.0 25 330 M M 0 35 330
28 49 13 31 -5 34 0 0.00 M M 8.6 17 150 M M 0 23 150
================================================================================
SM 1330 683 808 0 0.79 M 299.9 M 0
================================================================================
AV 47.5 24.4 10.7 FASTST M M 0 MAX(MPH)
MISC ----> 44 310 61 310
================================================================================
NOTES:
# LAST OF SEVERAL OCCURRENCES
COLUMN 17 PEAK WIND IN M.P.H.
PRELIMINARY LOCAL CLIMATOLOGICAL DATA (WS FORM: F-6) , PAGE 2
STATION: ROME OR
MONTH: FEBRUARY
YEAR: 2021
LATITUDE: 42 35 N
LONGITUDE: 117 52 W
[TEMPERATURE DATA] [PRECIPITATION DATA] SYMBOLS USED IN COLUMN 16
AVERAGE MONTHLY: 35.9 TOTAL FOR MONTH: 0.79 1 = FOG OR MIST
DPTR FM NORMAL: 2.5 DPTR FM NORMAL: 0.03 2 = FOG REDUCING VISIBILITY
HIGHEST: 60 ON 6 GRTST 24HR 0.17 ON 15-15 TO 1/4 MILE OR LESS
LOWEST: 13 ON 28 3 = THUNDER
SNOW, ICE PELLETS, HAIL 4 = ICE PELLETS
TOTAL MONTH: M 5 = HAIL
GRTST 24HR M ON M 6 = FREEZING RAIN OR DRIZZLE
GRTST DEPTH: M ON M 7 = DUSTSTORM OR SANDSTORM:
VSBY 1/2 MILE OR LESS
8 = SMOKE OR HAZE
[NO. OF DAYS WITH] [WEATHER - DAYS WITH] 9 = BLOWING SNOW
X = TORNADO
MAX 32 OR BELOW: 0 0.01 INCH OR MORE: 8
MAX 90 OR ABOVE: 0 0.10 INCH OR MORE: 5
MIN 32 OR BELOW: 25 0.50 INCH OR MORE: 0
MIN 0 OR BELOW: 0 1.00 INCH OR MORE: 0
[HDD (BASE 65) ]
TOTAL THIS MO. 808 CLEAR (SCALE 0-3) 28
DPTR FM NORMAL -77 PTCLDY (SCALE 4-7) 0
TOTAL FM JUL 1 4137 CLOUDY (SCALE 8-10) 0
DPTR FM NORMAL -595
[CDD (BASE 65) ]
TOTAL THIS MO. 0
DPTR FM NORMAL 0 [PRESSURE DATA]
TOTAL FM JAN 1 0 HIGHEST SLP M ON M
DPTR FM NORMAL 0 LOWEST SLP 29.63 ON 13
[REMARKS]
#FINAL-02-21#