000
CXUS53 KLOT 010800
CF6RFD
PRELIMINARY LOCAL CLIMATOLOGICAL DATA (WS FORM: F-6)
STATION: ROCKFORD IL
MONTH: MARCH
YEAR: 2023
LATITUDE: 42 12 N
LONGITUDE: 89 6 W
TEMPERATURE IN F: :PCPN: SNOW: WIND :SUNSHINE: SKY :PK WND
================================================================================
1 2 3 4 5 6A 6B 7 8 9 10 11 12 13 14 15 16 17 18
12Z AVG MX 2MIN
DY MAX MIN AVG DEP HDD CDD WTR SNW DPTH SPD SPD DIR MIN PSBL S-S WX SPD DR
================================================================================
1 56 37 47 16 18 0 0.03 0.0 0 8.9 24 290 M M 7 18 39 300
2 41 30 36 5 29 0 0.00 0.0 0 6.2 15 310 M M 8 20 300
3 41 27 34 2 31 0 0.00 0.0 0 7.5 20 20 M M 9 1 30 30
4 49 22 36 4 29 0 0.05 0.0 0 5.0 18 230 M M 5 12 26 220
5 50 21 36 3 29 0 0.10 0.0 0 6.6 21 320 M M 6 123 30 110
6 56 36 46 13 19 0 0.06 0.0 0 9.8 22 330 M M 9 3 29 330
7 48 34 41 7 24 0 T 0.0 0 9.8 17 350 M M 8 26 60
8 48 31 40 6 25 0 0.00 0.0 0 8.7 15 90 M M 10 24 80
9 40 32 36 2 29 0 0.67 6.8 0 8.1 16 60 M M 10 12 27 70
10 35 32 34 -1 31 0 0.07 0.6 7 9.5 17 350 M M 10 1 23 350
11 37 32 35 0 30 0 0.30 2.9 3 6.2 13 80 M M 10 1 20 70
12 37 27 32 -4 33 0 0.07 0.5 5 8.7 21 280 M M 10 1 28 270
13 31 25 28 -8 37 0 T T 3 12.6 25 350 M M 9 39 360
14 36 16 26 -11 39 0 0.00 0.0 3 4.8 10 340 M M 0 14 340
15 48 18 33 -4 32 0 0.00 0.0 1 10.5 20 170 M M 7 29 180
16 45 36 41 4 24 0 0.25 0.0 0 8.8 24 280 M M 10 1 32 300
17 36 17 27 -11 38 0 0.02 T 0 20.1 28 290 M M 8 1 48 290
18 25 11 18 -20 47 0 T T 0 16.0 26 280 M M 7 8 42 300
19 39 15 27 -12 38 0 0.00 0.0 0 11.0 20 230 M M 0 29 230
20 53 27 40 1 25 0 0.00 0.0 0 13.2 28 230 M M 7 38 220
21 56 34 45 6 20 0 T 0.0 0 9.2 21 170 M M 7 29 170
22 53 39 46 6 19 0 T 0.0 0 6.4 16 190 M M 10 1 23 190
23 49 35 42 2 23 0 T 0.0 0 8.4 23 340 M M 10 1 32 340
24 48 32 40 -1 25 0 0.04 T 0 7.6 18 70 M M 9 29 70
25 41 31 36 -5 29 0 0.58 3.3 3 11.4 23 310 M M 7 14 37 310
26 47 25 36 -5 29 0 0.27 T 0 4.9 15 360 M M 8 1345 21 30
27 49 24 37 -5 28 0 0.00 0.0 0 4.9 15 10 M M 1 1 21 10
28 49 24 37 -5 28 0 0.00 0.0 0 5.2 17 280 M M 4 25 250
29 41 28 35 -8 30 0 T T 0 7.4 23 340 M M 5 29 340
30 56 26 41 -2 24 0 0.00 0.0 0 10.2 20 190 M M 9 3 30 170
31 70 41 56 13 9 0 0.79 T 0 14.0 36 250 M M 9 135 58 240
================================================================================
SM 1410 865 871 0 3.30 14.1 281.6 M 229
================================================================================
AV 45.5 27.9 9.1 FASTST M M 7 MAX(MPH)
MISC ----> 36 250 58 240
================================================================================
NOTES:
# LAST OF SEVERAL OCCURRENCES
COLUMN 17 PEAK WIND IN M.P.H.
PRELIMINARY LOCAL CLIMATOLOGICAL DATA (WS FORM: F-6) , PAGE 2
STATION: ROCKFORD IL
MONTH: MARCH
YEAR: 2023
LATITUDE: 42 12 N
LONGITUDE: 89 6 W
[TEMPERATURE DATA] [PRECIPITATION DATA] SYMBOLS USED IN COLUMN 16
AVERAGE MONTHLY: 36.7 TOTAL FOR MONTH: 3.30 1 = FOG OR MIST
DPTR FM NORMAL: -0.6 DPTR FM NORMAL: 0.90 2 = FOG REDUCING VISIBILITY
HIGHEST: 70 ON 31 GRTST 24HR 0.79 ON 31-31 TO 1/4 MILE OR LESS
LOWEST: 11 ON 18 3 = THUNDER
SNOW, ICE PELLETS, HAIL 4 = ICE PELLETS
TOTAL MONTH: 14.1 INCHES 5 = HAIL
GRTST 24HR 6.8 ON 9- 9 6 = FREEZING RAIN OR DRIZZLE
GRTST DEPTH: 7 ON 10 7 = DUSTSTORM OR SANDSTORM:
VSBY 1/2 MILE OR LESS
8 = SMOKE OR HAZE
[NO. OF DAYS WITH] [WEATHER - DAYS WITH] 9 = BLOWING SNOW
X = TORNADO
MAX 32 OR BELOW: 2 0.01 INCH OR MORE: 14
MAX 90 OR ABOVE: 0 0.10 INCH OR MORE: 7
MIN 32 OR BELOW: 23 0.50 INCH OR MORE: 3
MIN 0 OR BELOW: 0 1.00 INCH OR MORE: 0
[HDD (BASE 65) ]
TOTAL THIS MO. 871 CLEAR (SCALE 0-3) 3
DPTR FM NORMAL 11 PTCLDY (SCALE 4-7) 13
TOTAL FM JUL 1 5428 CLOUDY (SCALE 8-10) 15
DPTR FM NORMAL -359
[CDD (BASE 65) ]
TOTAL THIS MO. 0
DPTR FM NORMAL -2 [PRESSURE DATA]
TOTAL FM JAN 1 0 HIGHEST SLP M ON M
DPTR FM NORMAL -2 LOWEST SLP 29.24 ON 30
[REMARKS]
#FINAL-03-23#