000
CXUS53 KLOT 010800
CF6RFD
PRELIMINARY LOCAL CLIMATOLOGICAL DATA (WS FORM: F-6)
STATION: ROCKFORD IL
MONTH: NOVEMBER
YEAR: 2023
LATITUDE: 42 12 N
LONGITUDE: 89 6 W
TEMPERATURE IN F: :PCPN: SNOW: WIND :SUNSHINE: SKY :PK WND
================================================================================
1 2 3 4 5 6A 6B 7 8 9 10 11 12 13 14 15 16 17 18
12Z AVG MX 2MIN
DY MAX MIN AVG DEP HDD CDD WTR SNW DPTH SPD SPD DIR MIN PSBL S-S WX SPD DR
================================================================================
1 40 20 30 -15 35 0 0.00 0.0 0 6.5 17 220 M M 6 23 230
2 55 28 42 -3 23 0 0.00 0.0 0 8.3 18 200 M M 6 26 210
3 54 38 46 2 19 0 0.03 0.0 0 7.7 17 210 M M 8 1 23 210
4 57 31 44 0 21 0 0.00 0.0 0 4.2 10 310 M M 4 12 16 330
5 60 28 44 0 21 0 0.00 0.0 0 6.5 16 190 M M 6 1 22 190
6 69 51 60 17 5 0 0.00 0.0 0 13.6 23 190 M M 8 31 240
7 55 40 48 5 17 0 0.00 0.0 0 8.0 17 330 M M 8 27 70
8 51 44 48 6 17 0 0.24 0.0 0 7.5 17 310 M M 10 1 24 310
9 55 34 45 3 20 0 0.00 0.0 0 8.7 23 270 M M 2 32 260
10 44 25 35 -6 30 0 0.00 0.0 0 7.3 18 300 M M 4 25 280
11 50 22 36 -5 29 0 0.00 0.0 0 4.8 16 180 M M 4 18 170
12 57 40 49 9 16 0 0.00 0.0 0 11.4 23 180 M M 4 30 180
13 62 26 44 4 21 0 0.00 0.0 0 4.9 21 290 M M 0 25 320
14 60 23 42 2 23 0 0.00 0.0 0 7.5 22 180 M M 2 18 32 160
15 64 33 49 10 16 0 0.00 0.0 0 3.8 12 240 M M 2 15 250
16 66 34 50 12 15 0 0.00 0.0 0 11.8 24 200 M M 7 18 33 190
17 58 22 40 2 25 0 0.00 0.0 0 9.6 22 350 M M 4 8 33 360
18 54 20 37 -1 28 0 0.00 0.0 0 5.8 16 260 M M 0 24 240
19 55 25 40 3 25 0 0.00 0.0 0 4.5 12 80 M M 4 M M
20 49 39 44 7 21 0 0.17 0.0 0 M 18 50 M M 10 1 28 50
21 42 31 37 1 28 0 0.42 0.0 0 9.9 20 330 M M 7 1 25 330
22 43 32 38 2 27 0 0.00 0.0 0 7.1 14 220 M M 6 21 240
23 45 29 37 2 28 0 0.00 0.0 0 9.1 21 340 M M 4 25 350
24 31 20 26 -9 39 0 0.00 0.0 0 7.8 17 10 M M 8 24 20
25 37 17 27 -7 38 0 0.00 0.0 0 1.6 8 190 M M 8 11 180
26 33 26 30 -4 35 0 0.21 1.5 1 6.3 18 260 M M 9 1 24 270
27 26 16 21 -13 44 0 T T 1 13.8 22 290 M M 8 29 290
28 21 12 17 -16 48 0 T T 1 8.8 18 300 M M 6 23 310
29 40 18 29 -4 36 0 0.00 0.0 1 7.3 13 220 M M 3 16 240
30 50 22 36 4 29 0 0.00 0.0 0 7.0 17 210 M M 5 23 230
================================================================================
SM 1483 846 779 0 1.07 1.5 221.1 M 163
================================================================================
AV 49.4 28.2 7.6 FASTST M M 5 MAX(MPH)
MISC ----> 24 200 # 33 190
================================================================================
NOTES:
# LAST OF SEVERAL OCCURRENCES
COLUMN 17 PEAK WIND IN M.P.H.
PRELIMINARY LOCAL CLIMATOLOGICAL DATA (WS FORM: F-6) , PAGE 2
STATION: ROCKFORD IL
MONTH: NOVEMBER
YEAR: 2023
LATITUDE: 42 12 N
LONGITUDE: 89 6 W
[TEMPERATURE DATA] [PRECIPITATION DATA] SYMBOLS USED IN COLUMN 16
AVERAGE MONTHLY: 38.8 TOTAL FOR MONTH: 1.07 1 = FOG OR MIST
DPTR FM NORMAL: 0.0 DPTR FM NORMAL: -1.20 2 = FOG REDUCING VISIBILITY
HIGHEST: 69 ON 6 GRTST 24HR 0.59 ON 20-21 TO 1/4 MILE OR LESS
LOWEST: 12 ON 28 3 = THUNDER
SNOW, ICE PELLETS, HAIL 4 = ICE PELLETS
TOTAL MONTH: 1.5 INCHES 5 = HAIL
GRTST 24HR 1.5 ON 26-26 6 = FREEZING RAIN OR DRIZZLE
GRTST DEPTH: 1 ON 29,28 7 = DUSTSTORM OR SANDSTORM:
VSBY 1/2 MILE OR LESS
8 = SMOKE OR HAZE
[NO. OF DAYS WITH] [WEATHER - DAYS WITH] 9 = BLOWING SNOW
X = TORNADO
MAX 32 OR BELOW: 3 0.01 INCH OR MORE: 5
MAX 90 OR ABOVE: 0 0.10 INCH OR MORE: 4
MIN 32 OR BELOW: 21 0.50 INCH OR MORE: 0
MIN 0 OR BELOW: 0 1.00 INCH OR MORE: 0
[HDD (BASE 65) ]
TOTAL THIS MO. 779 CLEAR (SCALE 0-3) 6
DPTR FM NORMAL -7 PTCLDY (SCALE 4-7) 21
TOTAL FM JUL 1 1217 CLOUDY (SCALE 8-10) 3
DPTR FM NORMAL -100
[CDD (BASE 65) ]
TOTAL THIS MO. 0
DPTR FM NORMAL 0 [PRESSURE DATA]
TOTAL FM JAN 1 805 HIGHEST SLP M ON M
DPTR FM NORMAL -34 LOWEST SLP 29.66 ON 6
[REMARKS]
#FINAL-11-23#