000
CXUS53 KGRB 151613
CF6RHI
PRELIMINARY LOCAL CLIMATOLOGICAL DATA (WS FORM: F-6)
STATION: RHINELANDER WI
MONTH: JANUARY
YEAR: 2022
LATITUDE: 45 37 N
LONGITUDE: 89 27 W
TEMPERATURE IN F: :PCPN: SNOW: WIND :SUNSHINE: SKY :PK WND
================================================================================
1 2 3 4 5 6A 6B 7 8 9 10 11 12 13 14 15 16 17 18
12Z AVG MX 2MIN
DY MAX MIN AVG DEP HDD CDD WTR SNW DPTH SPD SPD DIR MIN PSBL S-S WX SPD DR
================================================================================
1 11 3 7 -8 58 0 T T 6 4.8 12 30 M M 8 8 18 10
2 12 -5 4 -11 61 0 0.00 0.0 6 4.0 13 270 M M 5 14 260
3 15 -7 4 -10 61 0 0.00 0.0 6 5.7 14 220 M M 1 19 230
4 21 -1 10 -4 55 0 0.02 0.6 6 5.8 14 100 M M 2 1 17 100
5 25 9 17 3 48 0 0.38 5.5 12 6.9 16 20 M M 10 128 29 10
6 13 4 9 -5 56 0 0.02 0.4 12 5.7 13 10 M M 10 8 21 10
7 12 -17 -2 -16 67 0 0.00 0.0 10 4.8 15 180 M M 3 24 170
8 22 9 16 2 49 0 0.02 0.1 10 12.7 22 190 M M 9 18 33 190
9 22 -12 5 -9 60 0 0.00 0.0 10 14.2 23 280 M M 3 89 33 270
10 -1 -23 -12 -25 77 0 0.00 0.0 10 6.7 15 290 M M 0 24 290
11 25 -20 3 -10 62 0 T T 10 9.5 21 220 M M 3 8 30 190
12 27 19 23 10 42 0 T T 10 5.2 20 290 M M 10 27 300
13 29 11 20 7 45 0 0.01 0.2 9 6.4 13 20 M M 10 18 21 10
14 12 1 7 -6 58 0 T T 9 7.2 15 80 M M 7 22 70
15 15 -6 5 -8 60 0 0.00 0.0 9 3.9 9 210 M M 3 13 240
16 17 3 10 -3 55 0 0.05 0.6 9 8.8 16 220 M M 8 18 26 220
17 24 17 21 8 44 0 0.01 0.2 9 7.0 15 270 M M 10 8 22 340
18 34 21 28 15 37 0 0.06 0.9 9 11.2 28 270 M M 8 18 39 270
19 25 -3 11 -2 54 0 T T 9 12.8 30 280 M M 8 8 43 280
20 7 -18 -5 -18 70 0 T T 9 4.3 10 270 M M 2 15 320
21 13 -22 -4 -16 69 0 0.01 0.2 9 10.4 23 220 M M 2 37 230
22 16 1 9 -3 56 0 0.04 1.7 10 9.7 23 280 M M 9 189 33 270
23 8 -6 1 -11 64 0 0.01 0.2 10 5.6 15 260 M M 6 18 270
24 13 -8 3 -9 62 0 0.04 0.9 11 5.1 15 300 M M 6 18 24 340
25 0 -19 -9 -21 74 0 0.00 0.0 10 7.4 15 270 M M 0 21 290
26 12 -27 -7 -19 72 0 0.00 0.0 10 10.1 22 210 M M 1 35 230
27 22 -7 8 -5 57 0 T T 10 9.3 16 320 M M 8 1 27 340
28 11 -20 -4 -17 69 0 T T 9 6.1 15 270 M M 7 20 270
29 20 -2 9 -4 56 0 0.00 0.0 9 4.1 14 210 M M 8 17 190
30 22 2 12 -1 53 0 0.00 0.0 9 3.5 10 280 M M 9 1 17 20
31 29 -1 14 1 51 0 0.00 0.0 9 8.1 18 200 M M 4 18 27 160
================================================================================
SM 533 -124 1802 0 0.67 11.5 227.0 M 180
================================================================================
AV 17.2 -4.0 7.3 FASTST M M 6 MAX(MPH)
MISC ----> 30 280 43 280
================================================================================
NOTES:
# LAST OF SEVERAL OCCURRENCES
COLUMN 17 PEAK WIND IN M.P.H.
PRELIMINARY LOCAL CLIMATOLOGICAL DATA (WS FORM: F-6) , PAGE 2
STATION: RHINELANDER WI
MONTH: JANUARY
YEAR: 2022
LATITUDE: 45 37 N
LONGITUDE: 89 27 W
[TEMPERATURE DATA] [PRECIPITATION DATA] SYMBOLS USED IN COLUMN 16
AVERAGE MONTHLY: 6.6 TOTAL FOR MONTH: 0.67 1 = FOG OR MIST
DPTR FM NORMAL: -6.5 DPTR FM NORMAL: -0.16 2 = FOG REDUCING VISIBILITY
HIGHEST: 34 ON 18 GRTST 24HR 0.38 ON 5- 5 TO 1/4 MILE OR LESS
LOWEST: -27 ON 26 3 = THUNDER
SNOW, ICE PELLETS, HAIL 4 = ICE PELLETS
TOTAL MONTH: 12.1 INCHES 5 = HAIL
GRTST 24HR 5.5 ON 5- 5 6 = FREEZING RAIN OR DRIZZLE
GRTST DEPTH: 12 ON 5, 6 7 = DUSTSTORM OR SANDSTORM:
VSBY 1/2 MILE OR LESS
8 = SMOKE OR HAZE
[NO. OF DAYS WITH] [WEATHER - DAYS WITH] 9 = BLOWING SNOW
X = TORNADO
MAX 32 OR BELOW: 30 0.01 INCH OR MORE: 12
MAX 90 OR ABOVE: 0 0.10 INCH OR MORE: 1
MIN 32 OR BELOW: 31 0.50 INCH OR MORE: 0
MIN 0 OR BELOW: 19 1.00 INCH OR MORE: 0
[HDD (BASE 65) ]
TOTAL THIS MO. 1802 CLEAR (SCALE 0-3) 9
DPTR FM NORMAL 195 PTCLDY (SCALE 4-7) 12
TOTAL FM JUL 1 4908 CLOUDY (SCALE 8-10) 10
DPTR FM NORMAL -183
[CDD (BASE 65) ]
TOTAL THIS MO. 0
DPTR FM NORMAL 0 [PRESSURE DATA]
TOTAL FM JAN 1 0 HIGHEST SLP 30.66 ON 20
DPTR FM NORMAL 0 LOWEST SLP 29.40 ON 5
[REMARKS]
#FINAL-01-22#