000
CXUS53 KGRB 041306
CF6RHI
PRELIMINARY LOCAL CLIMATOLOGICAL DATA (WS FORM: F-6)
STATION: RHINELANDER WI
MONTH: AUGUST
YEAR: 2023
LATITUDE: 45 37 N
LONGITUDE: 89 27 W
TEMPERATURE IN F: :PCPN: SNOW: WIND :SUNSHINE: SKY :PK WND
================================================================================
1 2 3 4 5 6A 6B 7 8 9 10 11 12 13 14 15 16 17 18
12Z AVG MX 2MIN
DY MAX MIN AVG DEP HDD CDD WTR SNW DPTH SPD SPD DIR MIN PSBL S-S WX SPD DR
================================================================================
1 78 50 64 -3 1 0 0.00 0.0 0 2.4 10 220 M M 1 12 14 230
2 87 60 74 7 0 9 T 0.0 0 6.5 17 270 M M 2 1 24 260
3 88 57 73 6 0 8 0.00 0.0 0 5.5 18 280 M M 2 13 24 290
4 81 53 67 0 0 2 0.00 0.0 0 3.6 10 120 M M 3 18 16 90
5 78 55 67 1 0 2 0.00 0.0 0 4.2 10 150 M M 4 15 190
6 78 49 64 -2 1 0 0.00 0.0 0 2.1 9 80 M M 2 128 13 50
7 82 52 67 1 0 2 0.01 0.0 0 1.9 13 260 M M 2 12 17 270
8 83 50 67 1 0 2 0.00 0.0 0 3.9 15 290 M M 1 12 20 260
9 80 54 67 1 0 2 0.02 0.0 0 5.0 18 270 M M 3 128 27 260
10 76 50 63 -3 2 0 0.00 0.0 0 5.4 13 280 M M 3 12 22 300
11 80 57 69 3 0 4 0.56 0.0 0 6.6 17 270 M M 6 13 28 340
12 74 54 64 -2 1 0 0.00 0.0 0 5.7 14 280 M M 6 1 21 280
13 72 49 61 -5 4 0 0.00 0.0 0 2.7 9 100 M M 5 1 14 80
14 67 52 60 -5 5 0 0.11 0.0 0 4.7 9 30 M M 7 1 14 50
15 79 45 62 -3 3 0 0.00 0.0 0 5.4 14 260 M M 0 1 21 270
16 81 58 70 5 0 5 0.69 0.0 0 11.3 23 210 M M 2 13 36 210
17 65 49 57 -8 8 0 0.04 0.0 0 9.0 18 300 M M M 1 33 340
18 75 43 59 -6 6 0 0.00 0.0 0 4.5 14 230 M M 0 28 20 210
19 85 61 73 8 0 8 0.00 0.0 0 9.0 17 220 M M 2 28 210
20 81 60 71 7 0 6 0.00 0.0 0 3.7 9 10 M M 0 1 17 320
21 74 54 64 0 1 0 0.00 0.0 0 5.4 14 140 M M 6 1 19 80
22 68 58 63 -1 2 0 0.04 0.0 0 10.6 17 130 M M 10 1 24 120
23 83 63 73 9 0 8 0.00 0.0 0 3.6 9 110 M M 8 128 13 10
24 75 58 67 3 0 2 0.01 0.0 0 3.8 9 130 M M 10 18 13 330
25 85 58 72 8 0 7 0.28 0.0 0 3.2 28 270 M M 6 123 43 270
26 66 49 58 -5 7 0 T 0.0 0 5.3 13 50 M M 5 1 21 30
27 73 38 56 -7 9 0 0.00 0.0 0 0.9 9 260 M M 2 12 12 250
28 78 46 62 -1 3 0 0.03 0.0 0 4.5 15 260 M M 5 138 26 260
29 69 46 58 -5 7 0 0.05 0.0 0 4.5 14 360 M M 6 12 25 40
30 71 37 54 -8 11 0 0.00 0.0 0 1.0 8 10 M M 0 12 12 270
31 76 42 59 -3 6 0 0.00 0.0 0 4.8 13 170 M M 0 1 19 150
================================================================================
SM 2388 1607 77 67 1.84 0.0 150.7 M 109
================================================================================
AV 77.0 51.8 4.9 FASTST M M 4 MAX(MPH)
MISC ----> 28 270 43 270
================================================================================
NOTES:
# LAST OF SEVERAL OCCURRENCES
COLUMN 17 PEAK WIND IN M.P.H.
PRELIMINARY LOCAL CLIMATOLOGICAL DATA (WS FORM: F-6) , PAGE 2
STATION: RHINELANDER WI
MONTH: AUGUST
YEAR: 2023
LATITUDE: 45 37 N
LONGITUDE: 89 27 W
[TEMPERATURE DATA] [PRECIPITATION DATA] SYMBOLS USED IN COLUMN 16
AVERAGE MONTHLY: 64.4 TOTAL FOR MONTH: 1.84 1 = FOG OR MIST
DPTR FM NORMAL: -0.5 DPTR FM NORMAL: -1.75 2 = FOG REDUCING VISIBILITY
HIGHEST: 88 ON 3 GRTST 24HR 0.69 ON 16-16 TO 1/4 MILE OR LESS
LOWEST: 37 ON 30 3 = THUNDER
SNOW, ICE PELLETS, HAIL 4 = ICE PELLETS
TOTAL MONTH: 0.0 INCH 5 = HAIL
GRTST 24HR 0.0 6 = FREEZING RAIN OR DRIZZLE
GRTST DEPTH: 0 7 = DUSTSTORM OR SANDSTORM:
VSBY 1/2 MILE OR LESS
8 = SMOKE OR HAZE
[NO. OF DAYS WITH] [WEATHER - DAYS WITH] 9 = BLOWING SNOW
X = TORNADO
MAX 32 OR BELOW: 0 0.01 INCH OR MORE: 11
MAX 90 OR ABOVE: 0 0.10 INCH OR MORE: 4
MIN 32 OR BELOW: 0 0.50 INCH OR MORE: 2
MIN 0 OR BELOW: 0 1.00 INCH OR MORE: 0
[HDD (BASE 65) ]
TOTAL THIS MO. 77 CLEAR (SCALE 0-3) 16
DPTR FM NORMAL 0 PTCLDY (SCALE 4-7) 12
TOTAL FM JUL 1 132 CLOUDY (SCALE 8-10) 3
DPTR FM NORMAL 5
[CDD (BASE 65) ]
TOTAL THIS MO. 67
DPTR FM NORMAL -5 [PRESSURE DATA]
TOTAL FM JAN 1 236 HIGHEST SLP 30.36 ON 21
DPTR FM NORMAL -19 LOWEST SLP 29.49 ON 16
[REMARKS]
#FINAL-08-23#