000
CXUS51 KAKQ 010833
CF6RIC
PRELIMINARY LOCAL CLIMATOLOGICAL DATA (WS FORM: F-6)
STATION: RICHMOND VA
MONTH: MAY
YEAR: 2020
LATITUDE: 37 30 N
LONGITUDE: 77 20 W
TEMPERATURE IN F: :PCPN: SNOW: WIND :SUNSHINE: SKY :PK WND
================================================================================
1 2 3 4 5 6A 6B 7 8 9 10 11 12 13 14 15 16 17 18
12Z AVG MX 2MIN
DY MAX MIN AVG DEP HDD CDD WTR SNW DPTH SPD SPD DIR MIN PSBL S-S WX SPD DR
================================================================================
1 66 53 60 -2 5 0 0.10 0.0 0 10.6 26 290 M M 7 1 32 290
2 73 44 59 -4 6 0 0.00 0.0 0 5.8 15 340 M M 3 22 320
3 87 58 73 10 0 8 0.00 0.0 0 8.6 15 290 M M 5 19 260
4 81 54 68 5 0 3 T 0.0 0 11.4 24 300 M M 5 34 310
5 59 50 55 -9 10 0 0.11 0.0 0 5.6 14 30 M M 8 1 19 40
6 70 49 60 -4 5 0 0.14 0.0 0 10.6 23 10 M M 8 1 29 320
7 68 42 55 -9 10 0 0.00 0.0 0 10.1 21 320 M M 3 25 320
8 71 42 57 -7 8 0 0.12 0.0 0 13.8 33 200 M M 7 1 43 220
9 60 34 47 -17 18 0 0.00 0.0 0 9.1 23 320 M M 3 30 280
10 68 32 50 -15 15 0 0.00 0.0 0 7.9 22 220 M M 1 30 220
11 67 44 56 -9 9 0 T 0.0 0 12.4 23 320 M M 5 36 310
12 65 38 52 -13 13 0 0.00 0.0 0 6.8 21 320 M M 6 26 340
13 71 41 56 -10 9 0 0.00 0.0 0 4.0 15 260 M M 3 19 270
14 79 45 62 -4 3 0 T 0.0 0 7.6 17 220 M M 6 24 220
15 86 61 74 8 0 9 0.00 0.0 0 13.5 25 220 M M 3 32 220
16 87 63 75 9 0 10 0.00 0.0 0 7.6 17 80 M M 3 23 110
17 79 63 71 4 0 6 0.00 0.0 0 8.3 17 70 M M 7 20 120
18 63 59 61 -6 4 0 0.06 0.0 0 11.1 17 20 M M 10 1 23 30
19 64 53 59 -8 6 0 T 0.0 0 13.9 26 80 M M 10 38 60
20 59 52 56 -11 9 0 0.01 0.0 0 14.0 23 60 M M 10 18 32 50
21 70 54 62 -6 3 0 0.04 0.0 0 11.9 20 90 M M 10 1 30 80
22 83 64 74 6 0 9 0.29 0.0 0 8.1 16 230 M M 7 1 22 200
23 85 62 74 6 0 9 0.00 0.0 0 3.8 10 310 M M 6 15 360
24 69 61 65 -4 0 0 0.00 0.0 0 6.4 14 60 M M 8 1 17 70
25 76 60 68 -1 0 3 0.00 0.0 0 4.7 9 90 M M 8 1 12 120
26 76 56 66 -3 0 1 T 0.0 0 3.3 12 130 M M 8 12 15 130
27 80 64 72 2 0 7 0.06 0.0 0 8.1 18 100 M M 9 12 24 100
28 80 71 76 6 0 11 0.92 0.0 0 10.4 17 140 M M 9 13 23 130
29 85 73 79 9 0 14 0.04 0.0 0 8.8 17 250 M M 9 21 240
30 84 67 76 6 0 11 0.01 0.0 0 5.7 15 350 M M 7 1 21 10
31 76 59 68 -3 0 3 0.00 0.0 0 9.5 20 20 M M 4 28 360
================================================================================
SM 2287 1668 133 104 1.90 0.0 273.4 M 198
================================================================================
AV 73.8 53.8 8.8 FASTST M M 6 MAX(MPH)
MISC ----> # 33 200 # 43 220
================================================================================
NOTES:
# LAST OF SEVERAL OCCURRENCES
COLUMN 17 PEAK WIND IN M.P.H.
PRELIMINARY LOCAL CLIMATOLOGICAL DATA (WS FORM: F-6) , PAGE 2
STATION: RICHMOND VA
MONTH: MAY
YEAR: 2020
LATITUDE: 37 30 N
LONGITUDE: 77 20 W
[TEMPERATURE DATA] [PRECIPITATION DATA] SYMBOLS USED IN COLUMN 16
AVERAGE MONTHLY: 63.8 TOTAL FOR MONTH: 1.90 1 = FOG OR MIST
DPTR FM NORMAL: -2.6 DPTR FM NORMAL: -1.88 2 = FOG REDUCING VISIBILITY
HIGHEST: 87 ON 16, 3 GRTST 24HR 1.70 ON 30- 1 TO 1/4 MILE OR LESS
LOWEST: 32 ON 10 3 = THUNDER
SNOW, ICE PELLETS, HAIL 4 = ICE PELLETS
TOTAL MONTH: 0.0 INCH 5 = HAIL
GRTST 24HR 0.0 6 = FREEZING RAIN OR DRIZZLE
GRTST DEPTH: 0 7 = DUSTSTORM OR SANDSTORM:
VSBY 1/2 MILE OR LESS
8 = SMOKE OR HAZE
[NO. OF DAYS WITH] [WEATHER - DAYS WITH] 9 = BLOWING SNOW
X = TORNADO
MAX 32 OR BELOW: 0 0.01 INCH OR MORE: 12
MAX 90 OR ABOVE: 0 0.10 INCH OR MORE: 6
MIN 32 OR BELOW: 1 0.50 INCH OR MORE: 1
MIN 0 OR BELOW: 0 1.00 INCH OR MORE: 0
[HDD (BASE 65) ]
TOTAL THIS MO. 133 CLEAR (SCALE 0-3) 4
DPTR FM NORMAL 59 PTCLDY (SCALE 4-7) 18
TOTAL FM JUL 1 3276 CLOUDY (SCALE 8-10) 9
DPTR FM NORMAL -490
[CDD (BASE 65) ]
TOTAL THIS MO. 104
DPTR FM NORMAL -15 [PRESSURE DATA]
TOTAL FM JAN 1 140 HIGHEST SLP 30.39 ON 13
DPTR FM NORMAL -21 LOWEST SLP 29.67 ON 4
[REMARKS]
#FINAL-05-20#