000
CXUS55 KGJT 040951 CCA
CF6RIL
PRELIMINARY LOCAL CLIMATOLOGICAL DATA (WS FORM: F-6)
CORR TO GREATEST 24 HR PRECIP
STATION: RIFLE CO
MONTH: JANUARY
YEAR: 2021
LATITUDE: 39 31 N
LONGITUDE: 107 43 W
TEMPERATURE IN F: :PCPN: SNOW: WIND :SUNSHINE: SKY :PK WND
================================================================================
1 2 3 4 5 6A 6B 7 8 9 10 11 12 13 14 15 16 17 18
12Z AVG MX 2MIN
DY MAX MIN AVG DEP HDD CDD WTR SNW DPTH SPD SPD DIR MIN PSBL S-S WX SPD DR
================================================================================
1 38 11 25 2 40 0 0.00 M M 3.4 9 150 M M 3 11 140
2 30 3 17 -6 48 0 0.00 M M 1.1 8 80 M M 1 10 110
3 27 5 16 -7 49 0 T M M 2.2 9 100 M M 6 18 10 100
4 39 11 25 2 40 0 0.00 M M 1.5 7 150 M M 4 1 7 130
5 38 15 27 4 38 0 T M M 3.4 21 250 M M 6 18 26 240
6 37 6 22 -1 43 0 0.00 M M 2.7 10 110 M M 0 12 110
7 36 8 22 -1 43 0 0.00 M M 3.1 12 250 M M 1 13 260
8 35 6 21 -2 44 0 0.00 M M 2.4 7 200 M M 2 8 100
9 37 9 23 0 42 0 0.00 M M 8.1 26 320 M M 2 35 310
10 31 3 17 -6 48 0 0.00 M M 1.8 9 100 M M 1 10 100
11 34 1 18 -5 47 0 0.00 M M 1.8 7 110 M M 0 8 100
12 33 2 18 -5 47 0 0.00 M M 2.4 8 110 M M 0 11 150
13 35 7 21 -2 44 0 0.00 M M 2.5 9 280 M M 3 11 240
14 40 10 25 2 40 0 0.00 M M 4.3 15 310 M M 1 21 310
15 37 4 21 -3 44 0 0.00 M M 1.5 8 130 M M 0 10 110
16 45 20 33 9 32 0 0.00 M M 2.0 9 160 M M 5 10 150
17 43 24 34 10 31 0 0.00 M M 2.1 9 110 M M 7 10 110
18 41 24 33 9 32 0 0.00 M M 4.9 15 350 M M 6 21 360
19 40 18 29 5 36 0 0.00 M M 2.3 9 270 M M 2 10 260
20 42 17 30 6 35 0 0.00 M M 3.7 16 240 M M 3 21 260
21 43 24 34 10 31 0 T M M 0.6 7 140 M M 9 9 140
22 42 30 36 12 29 0 T M M 2.2 8 270 M M 9 10 270
23 37 23 30 5 35 0 0.15 M M 6.0 37 240 M M 9 12 47 250
24 34 19 27 2 38 0 T M M 1.7 7 170 M M 7 18 7 160
25 33 13 23 -2 42 0 0.02 M M 3.3 12 150 M M 7 18 12 150
26 31 10 21 -4 44 0 T M M 5.1 20 250 M M 5 1 25 260
27 31 9 20 -6 45 0 0.00 M M 3.4 9 140 M M 6 12 300
28 41 25 33 7 32 0 0.00 M M 2.1 7 200 M M 4 9 250
29 50 22 36 10 29 0 T M M 4.9 25 240 M M 5 1 31 240
30 38 25 32 6 33 0 T M M 9.3 20 250 M M 9 12 24 250
31 42 18 30 4 35 0 0.00 M M 1.4 7 210 M M 0 9 200
================================================================================
SM 1160 422 1216 0 0.17 M 97.2 M 123
================================================================================
AV 37.4 13.6 3.1 FASTST M M 4 MAX(MPH)
MISC ----> 37 240 47 250
================================================================================
NOTES:
# LAST OF SEVERAL OCCURRENCES
COLUMN 17 PEAK WIND IN M.P.H.
PRELIMINARY LOCAL CLIMATOLOGICAL DATA (WS FORM: F-6) , PAGE 2
STATION: RIFLE CO
MONTH: JANUARY
YEAR: 2021
LATITUDE: 39 31 N
LONGITUDE: 107 43 W
[TEMPERATURE DATA] [PRECIPITATION DATA] SYMBOLS USED IN COLUMN 16
AVERAGE MONTHLY: 25.5 TOTAL FOR MONTH: 0.17 1 = FOG OR MIST
DPTR FM NORMAL: 1.5 DPTR FM NORMAL: -0.64 2 = FOG REDUCING VISIBILITY
HIGHEST: 50 ON 29 GRTST 24HR 0.15 ON 23-23 TO 1/4 MILE OR LESS
LOWEST: 1 ON 11 3 = THUNDER
SNOW, ICE PELLETS, HAIL 4 = ICE PELLETS
TOTAL MONTH: M 5 = HAIL
GRTST 24HR M ON M 6 = FREEZING RAIN OR DRIZZLE
GRTST DEPTH: M ON M 7 = DUSTSTORM OR SANDSTORM:
VSBY 1/2 MILE OR LESS
8 = SMOKE OR HAZE
[NO. OF DAYS WITH] [WEATHER - DAYS WITH] 9 = BLOWING SNOW
X = TORNADO
MAX 32 OR BELOW: 5 0.01 INCH OR MORE: 2
MAX 90 OR ABOVE: 0 0.10 INCH OR MORE: 1
MIN 32 OR BELOW: 31 0.50 INCH OR MORE: 0
MIN 0 OR BELOW: 0 1.00 INCH OR MORE: 0
[HDD (BASE 65) ]
TOTAL THIS MO. 1216 CLEAR (SCALE 0-3) 15
DPTR FM NORMAL -55 PTCLDY (SCALE 4-7) 12
TOTAL FM JUL 1 3813 CLOUDY (SCALE 8-10) 4
DPTR FM NORMAL -221
[CDD (BASE 65) ]
TOTAL THIS MO. 0
DPTR FM NORMAL 0 [PRESSURE DATA]
TOTAL FM JAN 1 0 HIGHEST SLP 30.72 ON 12
DPTR FM NORMAL 0 LOWEST SLP 29.63 ON 25
[REMARKS]
#FINAL-01-21#