000
CXUS55 KRIW 012343
CF6RIW
PRELIMINARY LOCAL CLIMATOLOGICAL DATA (WS FORM: F-6)
STATION: RIVERTON WY
MONTH: SEPTEMBER
YEAR: 2020
LATITUDE: 43 2 N
LONGITUDE: 108 27 W
TEMPERATURE IN F: :PCPN: SNOW: WIND :SUNSHINE: SKY :PK WND
================================================================================
1 2 3 4 5 6A 6B 7 8 9 10 11 12 13 14 15 16 17 18
12Z AVG MX 2MIN
DY MAX MIN AVG DEP HDD CDD WTR SNW DPTH SPD SPD DIR MIN PSBL S-S WX SPD DR
================================================================================
1 75 38 57 -8 8 0 0.00 0.0 0 8.4 24 280 M M 0 37 300
2 91 53 72 8 0 7 0.00 0.0 0 16.4 32 310 M M 0 45 310
3 80 50 65 1 0 0 0.00 0.0 0 8.3 23 80 M M 4 8 33 80
4 89 49 69 5 0 4 0.00 0.0 0 6.2 14 50 M M 0 17 70
5 96 52 74 11 0 9 0.00 0.0 0 10.7 23 300 M M 0 31 310
6 89 60 75 12 0 10 0.00 0.0 0 9.1 20 330 M M 0 25 340
7 70 32 51 -11 14 0 0.32 2.5 0 16.4 37 20 M M 4 1 48 10
8 34 26 30 -32 35 0 0.11 1.0 4 10.9 28 10 M M 9 1 36 10
9 51 24 38 -23 27 0 0.00 0.0 3 5.4 14 170 M M 1 18 170
10 61 32 47 -14 18 0 T 0.0 0 5.9 14 190 M M 4 17 180
11 73 45 59 -1 6 0 T 0.0 0 5.1 14 270 M M 3 17 100
12 79 46 63 3 2 0 0.00 0.0 0 8.2 15 280 M M 0 19 110
13 82 49 66 6 0 1 0.00 0.0 0 7.5 17 300 M M 0 22 290
14 84 47 66 7 0 1 0.00 0.0 0 6.2 17 310 M M 0 23 320
15 85 50 68 9 0 3 0.00 0.0 0 9.4 22 310 M M 0 29 310
16 78 43 61 3 4 0 0.00 0.0 0 5.2 13 300 M M 0 8 14 310
17 80 47 64 6 1 0 0.00 0.0 0 6.7 16 300 M M 0 8 22 70
18 76 47 62 5 3 0 0.00 0.0 0 5.5 13 320 M M 0 8 15 320
19 80 49 65 8 0 0 0.00 0.0 0 10.6 41 260 M M 2 53 260
20 72 41 57 1 8 0 0.00 0.0 0 8.2 18 270 M M 0 32 280
21 76 41 59 3 6 0 0.00 0.0 0 6.0 14 290 M M 0 17 290
22 79 43 61 6 4 0 T 0.0 0 9.2 36 280 M M 0 44 270
23 80 46 63 8 2 0 0.00 0.0 0 8.0 16 240 M M 0 25 230
24 87 51 69 15 0 4 0.00 0.0 0 10.4 30 250 M M 0 42 220
25 80 47 64 10 1 0 0.00 0.0 0 9.6 30 270 M M 0 35 270
26 69 49 59 5 6 0 0.00 0.0 0 14.4 33 320 M M 1 44 320
27 56 36 46 -7 19 0 T 0.0 0 7.5 15 60 M M 5 25 60
28 62 31 47 -6 18 0 0.00 0.0 0 6.4 12 310 M M 0 16 110
29 75 34 55 3 10 0 0.00 0.0 0 6.1 18 310 M M 0 24 320
30 69 44 57 5 8 0 0.00 0.0 0 7.5 15 40 M M 0 21 50
================================================================================
SM 2258 1302 200 39 0.43 3.5 255.4 M 33
================================================================================
AV 75.3 43.4 8.5 FASTST M M 1 MAX(MPH)
MISC ----> # 41 260 # 53 260
================================================================================
NOTES:
# LAST OF SEVERAL OCCURRENCES
COLUMN 17 PEAK WIND IN M.P.H.
PRELIMINARY LOCAL CLIMATOLOGICAL DATA (WS FORM: F-6) , PAGE 2
STATION: RIVERTON WY
MONTH: SEPTEMBER
YEAR: 2020
LATITUDE: 43 2 N
LONGITUDE: 108 27 W
[TEMPERATURE DATA] [PRECIPITATION DATA] SYMBOLS USED IN COLUMN 16
AVERAGE MONTHLY: 59.3 TOTAL FOR MONTH: 0.43 1 = FOG OR MIST
DPTR FM NORMAL: 0.9 DPTR FM NORMAL: -0.47 2 = FOG REDUCING VISIBILITY
HIGHEST: 96 ON 5 GRTST 24HR 0.32 ON 7- 7 TO 1/4 MILE OR LESS
LOWEST: 24 ON 9 3 = THUNDER
SNOW, ICE PELLETS, HAIL 4 = ICE PELLETS
TOTAL MONTH: 3.5 INCHES 5 = HAIL
GRTST 24HR 2.5 ON 7- 7 6 = FREEZING RAIN OR DRIZZLE
GRTST DEPTH: 4 ON 8 7 = DUSTSTORM OR SANDSTORM:
VSBY 1/2 MILE OR LESS
8 = SMOKE OR HAZE
[NO. OF DAYS WITH] [WEATHER - DAYS WITH] 9 = BLOWING SNOW
X = TORNADO
MAX 32 OR BELOW: 0 0.01 INCH OR MORE: 2
MAX 90 OR ABOVE: 2 0.10 INCH OR MORE: 2
MIN 32 OR BELOW: 5 0.50 INCH OR MORE: 0
MIN 0 OR BELOW: 0 1.00 INCH OR MORE: 0
[HDD (BASE 65) ]
TOTAL THIS MO. 200 CLEAR (SCALE 0-3) 24
DPTR FM NORMAL -26 PTCLDY (SCALE 4-7) 5
TOTAL FM JUL 1 221 CLOUDY (SCALE 8-10) 1
DPTR FM NORMAL -43
[CDD (BASE 65) ]
TOTAL THIS MO. 39
DPTR FM NORMAL 13 [PRESSURE DATA]
TOTAL FM JAN 1 644 HIGHEST SLP M ON M
DPTR FM NORMAL 150 LOWEST SLP 29.64 ON 25
[REMARKS]
#FINAL-09-20#