000
CXUS52 KFFC 011110
CF6RMG
PRELIMINARY LOCAL CLIMATOLOGICAL DATA (WS FORM: F-6)
STATION: ROME
MONTH: JANUARY
YEAR: 2022
LATITUDE: 34 20 N
LONGITUDE: 85 10 W
TEMPERATURE IN F: :PCPN: SNOW: WIND :SUNSHINE: SKY :PK WND
================================================================================
1 2 3 4 5 6A 6B 7 8 9 10 11 12 13 14 15 16 17 18
12Z AVG MX 2MIN
DY MAX MIN AVG DEP HDD CDD WTR SNW DPTH SPD SPD DIR MIN PSBL S-S WX SPD DR
================================================================================
1 81 64 73 31 0 8 0.01 M M 7.6 23 220 M M 9 1 35 210
2 77 47 62 20 3 0 1.17 M M 6.7 22 360 M M 9 13 33 220
3 47 32 40 -2 25 0 0.27 M M 10.3 20 310 M M 8 1 33 310
4 53 28 41 -1 24 0 0.00 M M 5.5 18 160 M M 1 25 170
5 55 37 46 4 19 0 0.00 M M 2.1 10 250 M M 6 1 14 250
6 43 32 38 -4 27 0 0.27 0.0 M 5.5 15 350 M M 10 12 20 350
7 38 25 32 -10 33 0 0.00 0.0 M 5.3 15 10 M M 2 21 20
8 53 24 39 -3 26 0 0.00 0.0 M 5.2 15 130 M M 1 21 120
9 54 44 49 7 16 0 0.52 0.0 M 5.6 23 350 M M 10 13 34 20
10 51 34 43 1 22 0 0.00 0.0 M 11.0 21 360 M M 0 32 340
11 52 29 41 -1 24 0 0.00 0.0 M 3.4 10 350 M M 0 14 360
12 57 24 41 -1 24 0 0.00 0.0 M 0.8 8 160 M M 0 14 200
13 58 31 45 3 20 0 0.00 M M 4.0 14 360 M M 3 8 20 310
14 55 31 43 1 22 0 0.00 M M 3.5 13 20 M M 0 8 19 20
15 46 35 41 -1 24 0 0.11 M M 4.6 14 80 M M 7 23 70
16 41 35 38 -4 27 0 1.04 M M 9.7 22 280 M M 10 1 38 290
17 39 35 37 -5 28 0 0.00 M M 9.4 18 290 M M 10 31 290
18 54 27 41 -1 24 0 0.00 M M 0.5 8 290 M M 2 1 12 300
19 66 32 49 7 16 0 0.00 M M 4.7 16 160 M M 3 1 24 200
20 54 31 43 1 22 0 0.27 M M 11.0 20 20 M M 10 18 28 10
21 35 29 32 -10 33 0 0.00 M M 9.4 18 360 M M 10 18 24 360
22 45 26 36 -6 29 0 0.00 M M 4.0 9 330 M M 7 14 360
23 49 20 35 -7 30 0 0.00 M M 2.8 15 270 M M 0 23 300
24 59 25 42 -1 23 0 0.00 M M 2.9 14 240 M M 0 21 220
25 61 37 49 6 16 0 0.00 M M 4.5 21 360 M M 2 28 10
26 48 27 38 -5 27 0 0.00 M M 9.6 20 360 M M 0 27 340
27 56 24 40 -3 25 0 0.00 M M 1.2 12 170 M M 0 8 15 160
28 51 30 41 -2 24 0 0.02 T M 6.5 21 340 M M 6 1 31 330
29 40 23 32 -11 33 0 0.00 M M 7.8 22 320 M M 2 35 310
30 58 20 39 -4 26 0 0.00 M M 3.4 14 250 M M 0 23 230
31 58 27 43 -1 22 0 0.00 M M 1.0 8 40 M M 0 12 110
================================================================================
SM 1634 965 714 8 3.68 T 169.5 M 128
================================================================================
AV 52.7 31.1 5.5 FASTST M M 4 MAX(MPH)
MISC ----> # 23 220 38 290
================================================================================
NOTES:
# LAST OF SEVERAL OCCURRENCES
COLUMN 17 PEAK WIND IN M.P.H.
PRELIMINARY LOCAL CLIMATOLOGICAL DATA (WS FORM: F-6) , PAGE 2
STATION: ROME
MONTH: JANUARY
YEAR: 2022
LATITUDE: 34 20 N
LONGITUDE: 85 10 W
[TEMPERATURE DATA] [PRECIPITATION DATA] SYMBOLS USED IN COLUMN 16
AVERAGE MONTHLY: 41.9 TOTAL FOR MONTH: 3.68 1 = FOG OR MIST
DPTR FM NORMAL: -0.4 DPTR FM NORMAL: -1.31 2 = FOG REDUCING VISIBILITY
HIGHEST: 81 ON 1 GRTST 24HR 1.34 ON 2- 3 TO 1/4 MILE OR LESS
LOWEST: 20 ON 30,23 3 = THUNDER
SNOW, ICE PELLETS, HAIL 4 = ICE PELLETS
TOTAL MONTH: T 5 = HAIL
GRTST 24HR T ON 28-28 6 = FREEZING RAIN OR DRIZZLE
GRTST DEPTH: M ON M 7 = DUSTSTORM OR SANDSTORM:
VSBY 1/2 MILE OR LESS
8 = SMOKE OR HAZE
[NO. OF DAYS WITH] [WEATHER - DAYS WITH] 9 = BLOWING SNOW
X = TORNADO
MAX 32 OR BELOW: 0 0.01 INCH OR MORE: 9
MAX 90 OR ABOVE: 0 0.10 INCH OR MORE: 7
MIN 32 OR BELOW: 22 0.50 INCH OR MORE: 3
MIN 0 OR BELOW: 0 1.00 INCH OR MORE: 2
[HDD (BASE 65) ]
TOTAL THIS MO. 714 CLEAR (SCALE 0-3) 18
DPTR FM NORMAL 12 PTCLDY (SCALE 4-7) 5
TOTAL FM JUL 1 1578 CLOUDY (SCALE 8-10) 8
DPTR FM NORMAL -323
[CDD (BASE 65) ]
TOTAL THIS MO. 8
DPTR FM NORMAL 8 [PRESSURE DATA]
TOTAL FM JAN 1 8 HIGHEST SLP 30.56 ON 11
DPTR FM NORMAL 8 LOWEST SLP 29.53 ON 16
[REMARKS]
#FINAL-01-22#