000
CXUS51 KRNK 011819
CF6RNK
PRELIMINARY LOCAL CLIMATOLOGICAL DATA (WS FORM: F-6)
STATION: BLACKSBURG VA
MONTH: JUNE
YEAR: 2021
LATITUDE: 37 13 N
LONGITUDE: 80 25 W
TEMPERATURE IN F: :PCPN: SNOW: WIND :SUNSHINE: SKY :PK WND
================================================================================
1 2 3 4 5 6A 6B 7 8 9 10 11 12 13 14 15 16 17 18
12Z AVG MX 2MIN
DY MAX MIN AVG DEP HDD CDD WTR SNW DPTH SPD SPD DIR MIN PSBL S-S WX SPD DR
================================================================================
1 76 48 62 -2 3 0 0.00 0.0 0 1.7 7 150 M M 2 M M
2 74 54 64 0 1 0 0.00 0.0 0 3.5 8 130 M M 4 M M
3 75 61 68 3 0 3 T 0.0 0 1.5 8 290 M M 6 18 290
4 79 58 69 4 0 4 0.00 0.0 0 3.6 14 300 M M 4 1 21 310
5 85 53 69 4 0 4 0.00 0.0 0 1.5 7 120 M M 3 M M
6 85 60 73 7 0 8 0.20 0.0 0 0.9 8 180 M M 6 13 20 230
7 83 63 73 7 0 8 T 0.0 0 1.6 8 170 M M 5 1 M M
8 85 63 74 8 0 9 0.44 0.0 0 1.3 13 190 M M 3 13 26 190
9 82 63 73 7 0 8 0.06 0.0 0 1.3 8 50 M M 5 13 M M
10 78 66 72 5 0 7 0.31 0.0 0 1.3 7 170 M M 9 13 M M
11 79 66 73 6 0 8 0.23 0.0 0 0.9 5 100 M M 7 13 M M
12 78 63 71 4 0 6 T 0.0 0 2.3 12 120 M M 7 123 M M
13 83 61 72 5 0 7 0.61 0.0 0 2.3 17 360 M M 7 13 38 360
14 84 59 72 4 0 7 0.00 0.0 0 2.1 10 320 M M 3 16 320
15 76 57 67 -1 0 2 0.08 0.0 0 6.2 15 320 M M 4 23 310
16 74 50 62 -6 3 0 T 0.0 0 4.8 12 310 M M 1 23 290
17 77 45 61 -7 4 0 0.00 0.0 0 2.3 9 300 M M 0 M M
18 82 49 66 -3 0 1 0.00 0.0 0 2.6 10 310 M M 1 18 300
19 82 62 72 3 0 7 0.00 0.0 0 3.3 15 330 M M 1 21 330
20 83 62 73 4 0 8 0.00 0.0 0 1.7 9 110 M M 3 M M
21 87 63 75 6 0 10 0.00 0.0 0 3.1 13 240 M M 4 12 20 240
22 71 52 62 -8 3 0 0.33 0.0 0 3.6 14 310 M M 7 1 25 310
23 74 47 61 -9 4 0 0.00 0.0 0 3.2 9 100 M M 4 M M
24 73 54 64 -6 1 0 0.00 0.0 0 3.0 10 120 M M 6 M M
25 80 50 65 -5 0 0 0.00 0.0 0 3.1 10 110 M M 2 M M
26 82 59 71 1 0 6 T 0.0 0 2.0 9 150 M M 3 M M
27 84 63 74 3 0 9 0.05 0.0 0 1.8 8 120 M M 5 13 M M
28 88 63 76 5 0 11 0.00 0.0 0 3.8 13 130 M M 2 17 120
29 84 64 74 3 0 9 0.00 0.0 0 2.3 9 190 M M 3 M M
30 87 63 75 4 0 10 0.50 0.0 0 2.0 29 330 M M 3 13 35 330
================================================================================
SM 2410 1741 19 152 2.81 0.0 74.6 M 120
================================================================================
AV 80.3 58.0 2.5 FASTST M M 4 MAX(MPH)
MISC ----> 29 330 38 360
================================================================================
NOTES:
# LAST OF SEVERAL OCCURRENCES
COLUMN 17 PEAK WIND IN M.P.H.
PRELIMINARY LOCAL CLIMATOLOGICAL DATA (WS FORM: F-6) , PAGE 2
STATION: BLACKSBURG VA
MONTH: JUNE
YEAR: 2021
LATITUDE: 37 13 N
LONGITUDE: 80 25 W
[TEMPERATURE DATA] [PRECIPITATION DATA] SYMBOLS USED IN COLUMN 16
AVERAGE MONTHLY: 69.2 TOTAL FOR MONTH: 2.81 1 = FOG OR MIST
DPTR FM NORMAL: 1.3 DPTR FM NORMAL: -1.46 2 = FOG REDUCING VISIBILITY
HIGHEST: 88 ON 28 GRTST 24HR 0.61 ON 13-13 TO 1/4 MILE OR LESS
LOWEST: 45 ON 17 3 = THUNDER
SNOW, ICE PELLETS, HAIL 4 = ICE PELLETS
TOTAL MONTH: 0.0 INCH 5 = HAIL
GRTST 24HR 0.0 6 = FREEZING RAIN OR DRIZZLE
GRTST DEPTH: 0 7 = DUSTSTORM OR SANDSTORM:
VSBY 1/2 MILE OR LESS
8 = SMOKE OR HAZE
[NO. OF DAYS WITH] [WEATHER - DAYS WITH] 9 = BLOWING SNOW
X = TORNADO
MAX 32 OR BELOW: 0 0.01 INCH OR MORE: 10
MAX 90 OR ABOVE: 0 0.10 INCH OR MORE: 7
MIN 32 OR BELOW: 0 0.50 INCH OR MORE: 2
MIN 0 OR BELOW: 0 1.00 INCH OR MORE: 0
[HDD (BASE 65) ]
TOTAL THIS MO. 19 CLEAR (SCALE 0-3) 11
DPTR FM NORMAL -15 PTCLDY (SCALE 4-7) 18
TOTAL FM JUL 1 4905 CLOUDY (SCALE 8-10) 1
DPTR FM NORMAL -389
[CDD (BASE 65) ]
TOTAL THIS MO. 152
DPTR FM NORMAL 31 [PRESSURE DATA]
TOTAL FM JAN 1 200 HIGHEST SLP M ON M
DPTR FM NORMAL 44 LOWEST SLP M ON M
[REMARKS]
#FINAL-06-21#