000
CXUS51 KRNK 011425
CLSRNK
CLIMATE REPORT
NATIONAL WEATHER SERVICE BLACKSBURG VA
925 AM EST SUN MAR 1 2020
...................................
...THE BLACKSBURG VA CLIMATE SUMMARY FOR THE SEASON, FROM
12/1/2019 TO 2/29/2020...
CLIMATE NORMAL PERIOD 1981 TO 2010
CLIMATE RECORD PERIOD 1952 TO 2020
WEATHER OBSERVED NORMAL DEPART LAST YEAR`S
VALUE DATE(S) VALUE FROM VALUE
NORMAL
.............................................................
TEMPERATURE (F)
RECORD
HIGH 80 02/22/2018
LOW -18 01/21/1985
HIGHEST 67 01/11 70
LOWEST 9 01/21 2
AVG. MAXIMUM 47.9 43.3 4.6 44.6
AVG. MINIMUM 28.6 22.9 5.7 26.5
MEAN 38.2 33.1 5.1 35.5
DAYS MAX >= 90 0 0.0 0.0 0
DAYS MAX <= 32 1 15.4 -14.4 12
DAYS MIN <= 32 66 76.4 -10.4 63
DAYS MIN <= 0 0 1.1 -1.1 0
PRECIPITATION (INCHES)
RECORD
MAXIMUM 15.42 1993
MINIMUM 4.32 1980
TOTALS 11.34 8.84 2.50 12.94
DAILY AVG. 0.13 0.10 0.03 0.14
DAYS >= .01 32 31.9 0.1 42
DAYS >= .10 20 19.1 0.9 28
DAYS >= .50 6 5.5 0.5 9
DAYS >= 1.00 3 1.4 1.6 3
GREATEST
24 HR. TOTAL 1.87 1.29
SNOWFALL (INCHES)
TOTALS 4.8 21.4
DAYS >= TRACE 25 26
DAYS >= 1.0 2 5
GREATEST
24 HR TOTAL 2.5 13.3
DEGREE_DAYS
HEATING TOTAL 2411 2868 -457 2640
COOLING TOTAL 0 0 0 0
..............................................................
WIND (MPH)
AVERAGE WIND SPEED 4.3
HIGHEST WIND SPEED/DIRECTION 26/300 DATE 12/05
HIGHEST GUST SPEED/DIRECTION 43/300 DATE 02/27
SKY COVER
AVERAGE SKY COVER 0.60
AVERAGE RH (PERCENT) 73
WEATHER CONDITIONS. NUMBER OF DAYS WITH
0
21
0
0
2
3
6
HAZE 0
- INDICATES NEGATIVE NUMBERS.
R INDICATES RECORD WAS SET OR TIED.
MM INDICATES DATA IS MISSING.
T INDICATES TRACE AMOUNT.
$$