000
CXUS51 KRNK 011000 CCA
CF6ROA
PRELIMINARY LOCAL CLIMATOLOGICAL DATA (WS FORM: F-6)...CORRECTED
STATION: ROANOKE VA
MONTH: DECEMBER
YEAR: 2023
LATITUDE: 37 19 N
LONGITUDE: 79 58 W
TEMPERATURE IN F: :PCPN: SNOW: WIND :SUNSHINE: SKY :PK WND
================================================================================
1 2 3 4 5 6A 6B 7 8 9 10 11 12 13 14 15 16 17 18
12Z AVG MX 2MIN
DY MAX MIN AVG DEP HDD CDD WTR SNW DPTH SPD SPD DIR MIN PSBL S-S WX SPD DR
================================================================================
1 46 31 39 -5 26 0 0.11 0.0 0 0.4 6 120 M M 7 12 7 140
2 63 41 52 8 13 0 0.19 0.0 0 2.0 8 130 M M 9 12 11 120
3 71 54 63 20 2 0 0.18 0.0 0 8.7 25 300 M M 7 12 36 290
4 57 41 49 6 16 0 0.00 0.0 0 7.8 18 310 M M 3 27 300
5 54 35 45 2 20 0 0.04 T 0 3.0 14 300 M M 5 4 21 300
6 47 33 40 -3 25 0 T 0.0 0 9.8 23 320 M M 7 32 310
7 58 34 46 4 19 0 0.00 0.0 0 7.8 16 270 M M 3 23 270
8 64 39 52 10 13 0 0.00 0.0 0 4.6 16 270 M M 0 25 270
9 55 36 46 4 19 0 0.09 0.0 0 2.3 13 250 M M 7 19 270
10 61 38 50 8 15 0 1.22 T 0 6.3 20 280 M M 10 13 31 290
11 43 30 37 -5 28 0 0.00 0.0 0 9.1 21 330 M M 7 33 340
12 52 28 40 -1 25 0 0.00 0.0 0 6.2 14 280 M M 0 19 280
13 57 30 44 3 21 0 0.00 0.0 0 6.4 15 340 M M 2 22 290
14 55 26 41 0 24 0 0.00 0.0 0 2.8 9 280 M M 0 13 280
15 60 29 45 4 20 0 0.00 0.0 0 1.5 7 40 M M 0 10 360
16 55 28 42 1 23 0 0.00 0.0 0 1.3 9 120 M M 0 11 140
17 51 41 46 5 19 0 0.78 0.0 0 3.5 18 10 M M 10 1 23 10
18 54 32 43 3 22 0 T T 0 16.5 32 290 M M 7 47 310
19 39 27 33 -7 32 0 T 0.2 0 11.5 26 310 M M 4 38 290
20 51 23 37 -3 28 0 0.00 0.0 0 2.4 9 20 M M 1 11 360
21 59 28 44 4 21 0 0.00 0.0 0 2.1 9 250 M M 1 12 240
22 55 33 44 4 21 0 0.00 0.0 0 1.5 9 120 M M 5 12 110
23 54 34 44 4 21 0 0.00 0.0 0 0.6 7 140 M M 6 11 140
24 66 35 51 11 14 0 0.00 0.0 0 2.1 10 130 M M 4 13 130
25 54 35 45 6 20 0 0.15 0.0 0 0.9 9 40 M M 8 1 12 50
26 50 47 49 10 16 0 0.92 0.0 0 2.2 12 70 M M 10 1 14 70
27 59 50 55 16 10 0 0.68 0.0 0 1.3 8 260 M M 8 1 11 270
28 58 39 49 10 16 0 0.00 0.0 0 5.5 13 250 M M 2 18 280
29 44 38 41 2 24 0 T 0.0 0 6.2 15 290 M M 9 22 320
30 46 37 42 3 23 0 0.00 0.0 0 8.3 21 290 M M 7 34 300
31 53 32 43 4 22 0 0.00 0.0 0 3.7 15 240 M M 3 21 240
================================================================================
SM 1691 1084 618 0 4.36 0.2 148.3 M 152
================================================================================
AV 54.5 35.0 4.8 FASTST M M 5 MAX(MPH)
MISC ----> 32 290 47 310
================================================================================
NOTES:
# LAST OF SEVERAL OCCURRENCES
COLUMN 17 PEAK WIND IN M.P.H.
PRELIMINARY LOCAL CLIMATOLOGICAL DATA (WS FORM: F-6) , PAGE 2
STATION: ROANOKE VA
MONTH: DECEMBER
YEAR: 2023
LATITUDE: 37 19 N
LONGITUDE: 79 58 W
[TEMPERATURE DATA] [PRECIPITATION DATA] SYMBOLS USED IN COLUMN 16
AVERAGE MONTHLY: 44.8 TOTAL FOR MONTH: 4.36 1 = FOG OR MIST
DPTR FM NORMAL: 3.9 DPTR FM NORMAL: 1.28 2 = FOG REDUCING VISIBILITY
HIGHEST: 71 ON 3 GRTST 24HR 1.26 ON 26-27 TO 1/4 MILE OR LESS
LOWEST: 23 ON 20 3 = THUNDER
SNOW, ICE PELLETS, HAIL 4 = ICE PELLETS
TOTAL MONTH: 0.2 INCH 5 = HAIL
GRTST 24HR 0.2 ON 19-19 6 = FREEZING RAIN OR DRIZZLE
GRTST DEPTH: 0 7 = DUSTSTORM OR SANDSTORM:
VSBY 1/2 MILE OR LESS
8 = SMOKE OR HAZE
[NO. OF DAYS WITH] [WEATHER - DAYS WITH] 9 = BLOWING SNOW
X = TORNADO
MAX 32 OR BELOW: 0 0.01 INCH OR MORE: 10
MAX 90 OR ABOVE: 0 0.10 INCH OR MORE: 8
MIN 32 OR BELOW: 12 0.50 INCH OR MORE: 4
MIN 0 OR BELOW: 0 1.00 INCH OR MORE: 1
[HDD (BASE 65) ]
TOTAL THIS MO. 618 CLEAR (SCALE 0-3) 11
DPTR FM NORMAL -129 PTCLDY (SCALE 4-7) 13
TOTAL FM JUL 1 1245 CLOUDY (SCALE 8-10) 7
DPTR FM NORMAL -256
[CDD (BASE 65) ]
TOTAL THIS MO. 0
DPTR FM NORMAL 0 [PRESSURE DATA]
TOTAL FM JAN 1 1376 HIGHEST SLP 30.78 ON 14
DPTR FM NORMAL 10 LOWEST SLP 29.43 ON 18
[REMARKS]
#FINAL-12-23#