000
CXUS51 KBUF 020103
CF6ROC
PRELIMINARY LOCAL CLIMATOLOGICAL DATA (WS FORM: F-6)
STATION: ROCHESTER NY
MONTH: OCTOBER
YEAR: 2020
LATITUDE: 43 7 N
LONGITUDE: 77 40 W
TEMPERATURE IN F: :PCPN: SNOW: WIND :SUNSHINE: SKY :PK WND
================================================================================
1 2 3 4 5 6A 6B 7 8 9 10 11 12 13 14 15 16 17 18
12Z AVG MX 2MIN
DY MAX MIN AVG DEP HDD CDD WTR SNW DPTH SPD SPD DIR MIN PSBL S-S WX SPD DR
================================================================================
1 64 47 56 0 9 0 T 0.0 0 10.0 24 250 M M 5 31 240
2 61 45 53 -2 12 0 0.17 0.0 0 7.3 18 260 M M 9 1 22 260
3 58 41 50 -5 15 0 0.01 0.0 0 6.3 14 320 M M 6 20 290
4 63 41 52 -3 13 0 T 0.0 0 5.0 18 220 M M 8 24 230
5 60 42 51 -3 14 0 0.00 0.0 0 5.8 15 270 M M 7 20 300
6 67 42 55 1 10 0 0.00 0.0 0 8.6 16 190 M M 5 24 200
7 66 45 56 2 9 0 0.24 0.0 0 13.2 35 290 M M 6 135 46 310
8 58 44 51 -2 14 0 T 0.0 0 6.9 15 310 M M 8 1 21 290
9 67 39 53 0 12 0 0.00 0.0 0 5.8 21 230 M M 3 1 29 230
10 76 53 65 13 0 0 T 0.0 0 14.3 33 260 M M 7 44 270
11 55 48 52 0 13 0 0.00 0.0 0 10.9 20 60 M M 8 24 50
12 66 51 59 7 6 0 T 0.0 0 12.6 21 170 M M 7 29 150
13 62 45 54 3 11 0 0.13 0.0 0 11.2 21 270 M M 5 1 28 180
14 64 43 54 3 11 0 0.00 0.0 0 7.8 15 270 M M 5 20 270
15 72 49 61 10 4 0 0.17 0.0 0 12.8 28 250 M M 9 1 36 270
16 53 35 44 -6 21 0 0.01 0.0 0 7.1 17 300 M M 8 21 310
17 57 31 44 -6 21 0 0.00 0.0 0 5.8 17 270 M M 3 25 240
18 58 38 48 -2 17 0 0.00 0.0 0 9.7 21 190 M M 9 29 190
19 57 49 53 4 12 0 0.44 0.0 0 4.4 17 330 M M 10 1 20 330
20 53 47 50 1 15 0 0.34 0.0 0 6.7 14 360 M M 9 1 17 350
21 69 47 58 9 7 0 0.69 0.0 0 8.3 21 200 M M 9 13 29 210
22 55 45 50 2 15 0 0.12 0.0 0 4.8 12 100 M M 9 12 15 100
23 80 53 67 19 0 2 0.09 0.0 0 9.2 28 270 M M 6 12 35 250
24 62 42 52 4 13 0 0.05 0.0 0 9.5 21 310 M M 9 1 30 300
25 45 39 42 -6 23 0 0.06 0.0 0 8.0 16 60 M M 9 1 19 80
26 48 40 44 -3 21 0 0.10 0.0 0 4.5 10 120 M M 9 1 14 140
27 49 40 45 -2 20 0 0.07 0.0 0 4.6 13 290 M M 9 8 17 280
28 51 40 46 -1 19 0 T 0.0 0 7.0 20 260 M M 8 26 250
29 47 40 44 -2 21 0 0.07 0.0 0 7.3 23 50 M M 10 1 29 60
30 43 35 39 -7 26 0 T T 0 11.8 23 50 M M 10 1 27 60
31 45 28 37 -9 28 0 0.00 0.0 0 6.4 13 190 M M 3 8 16 200
================================================================================
SM 1831 1324 432 2 2.76 T 253.6 M 228
================================================================================
AV 59.1 42.7 8.2 FASTST M M 7 MAX(MPH)
MISC ----> # 35 290 # 46 310
================================================================================
NOTES:
# LAST OF SEVERAL OCCURRENCES
COLUMN 17 PEAK WIND IN M.P.H.
PRELIMINARY LOCAL CLIMATOLOGICAL DATA (WS FORM: F-6) , PAGE 2
STATION: ROCHESTER NY
MONTH: OCTOBER
YEAR: 2020
LATITUDE: 43 7 N
LONGITUDE: 77 40 W
[TEMPERATURE DATA] [PRECIPITATION DATA] SYMBOLS USED IN COLUMN 16
AVERAGE MONTHLY: 50.9 TOTAL FOR MONTH: 2.76 1 = FOG OR MIST
DPTR FM NORMAL: 0.3 DPTR FM NORMAL: 0.04 2 = FOG REDUCING VISIBILITY
HIGHEST: 80 ON 23 GRTST 24HR 0.85 ON 30- 1 TO 1/4 MILE OR LESS
LOWEST: 28 ON 31 3 = THUNDER
SNOW, ICE PELLETS, HAIL 4 = ICE PELLETS
TOTAL MONTH: T 5 = HAIL
GRTST 24HR T ON 30-30 6 = FREEZING RAIN OR DRIZZLE
GRTST DEPTH: 0 7 = DUSTSTORM OR SANDSTORM:
VSBY 1/2 MILE OR LESS
8 = SMOKE OR HAZE
[NO. OF DAYS WITH] [WEATHER - DAYS WITH] 9 = BLOWING SNOW
X = TORNADO
MAX 32 OR BELOW: 0 0.01 INCH OR MORE: 16
MAX 90 OR ABOVE: 0 0.10 INCH OR MORE: 9
MIN 32 OR BELOW: 2 0.50 INCH OR MORE: 1
MIN 0 OR BELOW: 0 1.00 INCH OR MORE: 0
[HDD (BASE 65) ]
TOTAL THIS MO. 432 CLEAR (SCALE 0-3) 3
DPTR FM NORMAL -20 PTCLDY (SCALE 4-7) 15
TOTAL FM JUL 1 574 CLOUDY (SCALE 8-10) 13
DPTR FM NORMAL -59
[CDD (BASE 65) ]
TOTAL THIS MO. 2
DPTR FM NORMAL -3 [PRESSURE DATA]
TOTAL FM JAN 1 797 HIGHEST SLP 30.52 ON 31
DPTR FM NORMAL 258 LOWEST SLP 29.57 ON 7
[REMARKS]
#FINAL-10-20#