621
CXUS55 KABQ 011000
CF6ROW
PRELIMINARY LOCAL CLIMATOLOGICAL DATA (WS FORM: F-6)
STATION: ROSWELL NM
MONTH: JUNE
YEAR: 2020
LATITUDE: 33 17 N
LONGITUDE: 104 32 W
TEMPERATURE IN F: :PCPN: SNOW: WIND :SUNSHINE: SKY :PK WND
================================================================================
1 2 3 4 5 6A 6B 7 8 9 10 11 12 13 14 15 16 17 18
12Z AVG MX 2MIN
DY MAX MIN AVG DEP HDD CDD WTR SNW DPTH SPD SPD DIR MIN PSBL S-S WX SPD DR
================================================================================
1 92 59 76 1 0 11 0.00 0.0 0 9.6 21 170 M M 0 27 170
2 97 62 80 5 0 15 0.02 0.0 0 9.4 25 320 M M 2 38 32 320
3 96 67 82 6 0 17 T 0.0 0 7.3 17 130 M M 0 3 24 140
4 105 68 87 11 0 22 0.00 0.0 0 10.0 23 200 M M 0 3 29 190
5 103 74 89 13 0 24 0.00 0.0 0 17.2 29 170 M M 0 36 160
6 102 71 87 11 0 22 0.00 0.0 0 17.8 33 150 M M 0 3 40 150
7 105 68 87 10 0 22 0.00 0.0 0 15.1 35 200 M M 0 43 200
8 104 65 85 8 0 20 0.00 0.0 0 11.7 30 330 M M 0 39 340
9 90 62 76 -1 0 11 0.00 0.0 0 19.4 35 320 M M 0 43 320
10 93 54 74 -3 0 9 0.00 0.0 0 9.3 22 150 M M 0 30 170
11 91 63 77 -1 0 12 0.00 0.0 0 12.5 43 230 M M 0 8 52 230
12 97 68 83 5 0 18 0.00 0.0 0 13.8 26 180 M M 0 38 180
13 98 61 80 2 0 15 0.00 0.0 0 14.3 28 170 M M 0 35 170
14 97 63 80 2 0 15 0.00 0.0 0 14.7 28 160 M M 0 34 150
15 96 60 78 0 0 13 0.00 0.0 0 12.0 24 150 M M 0 34 160
16 96 60 78 -1 0 13 0.00 0.0 0 11.7 23 160 M M 0 29 150
17 104 71 88 9 0 23 0.00 0.0 0 12.6 25 150 M M 0 33 160
18 102 63 83 4 0 18 0.00 0.0 0 8.7 18 150 M M 0 22 150
19 102 69 86 7 0 21 0.00 0.0 0 11.3 22 170 M M 0 29 200
20 95 66 81 2 0 16 0.00 0.0 0 8.2 21 160 M M 0 28 170
21 107 63 85 5 0 20 0.00 0.0 0 6.1 16 190 M M 0 22 190
22 102 75 89 9 0 24 0.00 0.0 0 12.2 37 60 M M 0 8 49 60
23 97 67 82 2 0 17 0.37 0.0 0 9.2 54 300 M M 3 3 73 310
24 93 63 78 -2 0 13 0.00 0.0 0 10.8 24 160 M M 0 33 140
25 100 65 83 3 0 18 0.00 0.0 0 11.1 23 170 M M 0 32 160
26 101 67 84 4 0 19 T 0.0 0 12.1 35 240 M M 1 38 43 250
27 100 70 85 5 0 20 0.00 0.0 0 13.6 29 290 M M 0 8 42 300
28 100 68 84 4 0 19 0.00 0.0 0 10.6 24 210 M M 0 34 220
29 104 67 86 6 0 21 0.00 0.0 0 10.4 20 240 M M 0 32 250
30 103 71 87 7 0 22 0.00 0.0 0 11.2 22 230 M M 0 28 270
================================================================================
SM 2972 1970 0 530 0.39 0.0 353.9 M 6
================================================================================
AV 99.1 65.7 11.8 FASTST M M 0 MAX(MPH)
MISC ----> # 54 300 # 73 310
================================================================================
NOTES:
# LAST OF SEVERAL OCCURRENCES
COLUMN 17 PEAK WIND IN M.P.H.
PRELIMINARY LOCAL CLIMATOLOGICAL DATA (WS FORM: F-6) , PAGE 2
STATION: ROSWELL NM
MONTH: JUNE
YEAR: 2020
LATITUDE: 33 17 N
LONGITUDE: 104 32 W
[TEMPERATURE DATA] [PRECIPITATION DATA] SYMBOLS USED IN COLUMN 16
AVERAGE MONTHLY: 82.4 TOTAL FOR MONTH: 0.39 1 = FOG OR MIST
DPTR FM NORMAL: 4.2 DPTR FM NORMAL: -1.34 2 = FOG REDUCING VISIBILITY
HIGHEST: 107 ON 21 GRTST 24HR 0.37 ON 23-23 TO 1/4 MILE OR LESS
LOWEST: 54 ON 10 3 = THUNDER
SNOW, ICE PELLETS, HAIL 4 = ICE PELLETS
TOTAL MONTH: 0.0 INCH 5 = HAIL
GRTST 24HR 0.0 6 = FREEZING RAIN OR DRIZZLE
GRTST DEPTH: 0 7 = DUSTSTORM OR SANDSTORM:
VSBY 1/2 MILE OR LESS
8 = SMOKE OR HAZE
[NO. OF DAYS WITH] [WEATHER - DAYS WITH] 9 = BLOWING SNOW
X = TORNADO
MAX 32 OR BELOW: 0 0.01 INCH OR MORE: 2
MAX 90 OR ABOVE: 30 0.10 INCH OR MORE: 1
MIN 32 OR BELOW: 0 0.50 INCH OR MORE: 0
MIN 0 OR BELOW: 0 1.00 INCH OR MORE: 0
[HDD (BASE 65) ]
TOTAL THIS MO. 0 CLEAR (SCALE 0-3) 30
DPTR FM NORMAL -1 PTCLDY (SCALE 4-7) 0
TOTAL FM JUL 1 2785 CLOUDY (SCALE 8-10) 0
DPTR FM NORMAL -503
[CDD (BASE 65) ]
TOTAL THIS MO. 530
DPTR FM NORMAL 133 [PRESSURE DATA]
TOTAL FM JAN 1 943 HIGHEST SLP 0.00 ON 23
DPTR FM NORMAL 321 LOWEST SLP 29.46 ON 28
[REMARKS]
#FINAL-06-20#