000
CXUS56 KFGZ 280910
CF6RQE
PRELIMINARY LOCAL CLIMATOLOGICAL DATA (WS FORM: F-6)
STATION: WINDOW ROCK AZ AIRPORT
MONTH: APRIL
YEAR: 2024
LATITUDE: 35 39 N
LONGITUDE: 109 4 W
TEMPERATURE IN F: :PCPN: SNOW: WIND :SUNSHINE: SKY :PK WND
================================================================================
1 2 3 4 5 6A 6B 7 8 9 10 11 12 13 14 15 16 17 18
12Z AVG MX 2MIN
DY MAX MIN AVG DEP HDD CDD WTR SNW DPTH SPD SPD DIR MIN PSBL S-S WX SPD DR
================================================================================
1 44 26 35 -9 30 0 0.01 M M 5.3 17 270 M M 6 18 24 280
2 57 20 39 -5 26 0 0.00 M M 2.9 14 350 M M 1 1 19 360
3 66 20 43 -1 22 0 0.00 M M 2.7 13 270 M M 0 20 340
4 69 21 45 1 20 0 0.00 M M 7.3 23 200 M M 0 34 180
5 63 29 46 1 19 0 0.06 M M 17.9 41 220 M M 3 18 58 230
6 42 25 34 -11 31 0 0.03 M M 14.4 33 260 M M 6 18 46 280
7 53 20 37 -8 28 0 0.00 M M 6.1 20 260 M M 0 25 280
8 52 19 36 -9 29 0 0.00 M M 3.3 23 180 M M 3 34 180
9 60 23 42 -3 23 0 0.00 M M 4.7 17 60 M M 2 23 320
10 63 19 41 -5 24 0 0.00 M M 5.6 17 350 M M 0 23 360
11 68 19 44 -2 21 0 0.00 M M 2.1 14 250 M M 0 8 19 270
12 75 23 49 3 16 0 0.00 M M 6.7 25 230 M M 0 8 41 230
13 69 28 49 3 16 0 0.00 M M 6.3 20 240 M M 0 29 240
14 70 24 47 1 18 0 0.00 M M 10.2 29 230 M M 0 8 40 200
15 55 32 44 -2 21 0 0.00 M M 13.7 31 250 M M 2 8 43 250
16 65 26 46 -1 19 0 0.00 M M 4.7 16 260 M M 0 8 23 270
17 72 24 48 1 17 0 0.00 M M 5.8 24 240 M M 0 32 230
18 72 33 53 6 12 0 0.00 M M 5.3 21 260 M M 0 8 31 250
19 73 30 52 5 13 0 0.00 M M 6.3 23 240 M M 1 8 31 250
20 72 39 56 8 9 0 0.00 M M 5.5 23 250 M M 2 8 33 210
21 73 28 51 3 14 0 0.00 M M 3.3 16 270 M M 0 27 310
22 76 30 53 5 12 0 0.00 M M 5.4 23 240 M M 4 8 31 240
23 74 35 55 7 10 0 0.00 M M 6.4 23 230 M M 0 8 32 240
24 72 32 52 3 13 0 0.00 M M 6.6 24 230 M M 0 34 210
25 62 29 46 -3 19 0 T M M 9.2 32 230 M M 4 8 44 240
26 62 34 48 -1 17 0 0.08 M M 11.6 32 230 M M 4 138 43 230
27 45 34 40 -10 25 0 0.20 M M 8.4 21 210 M M 9 1 29 220
================================================================================
SM 1724 722 524 0 0.38 M 187.7 M 47
================================================================================
AV 63.9 26.7 7.0 FASTST M M 2 MAX(MPH)
MISC ----> 41 220 58 230
================================================================================
NOTES:
# LAST OF SEVERAL OCCURRENCES
COLUMN 17 PEAK WIND IN M.P.H.
PRELIMINARY LOCAL CLIMATOLOGICAL DATA (WS FORM: F-6) , PAGE 2
STATION: WINDOW ROCK AZ AIRPORT
MONTH: APRIL
YEAR: 2024
LATITUDE: 35 39 N
LONGITUDE: 109 4 W
[TEMPERATURE DATA] [PRECIPITATION DATA] SYMBOLS USED IN COLUMN 16
AVERAGE MONTHLY: 45.3 TOTAL FOR MONTH: 0.38 1 = FOG OR MIST
DPTR FM NORMAL: -1.1 DPTR FM NORMAL: -0.04 2 = FOG REDUCING VISIBILITY
HIGHEST: 76 ON 22 GRTST 24HR 0.24 ON 26-27 TO 1/4 MILE OR LESS
LOWEST: 19 ON 11,10 3 = THUNDER
SNOW, ICE PELLETS, HAIL 4 = ICE PELLETS
TOTAL MONTH: M 5 = HAIL
GRTST 24HR M ON M 6 = FREEZING RAIN OR DRIZZLE
GRTST DEPTH: M ON M 7 = DUSTSTORM OR SANDSTORM:
VSBY 1/2 MILE OR LESS
8 = SMOKE OR HAZE
[NO. OF DAYS WITH] [WEATHER - DAYS WITH] 9 = BLOWING SNOW
X = TORNADO
MAX 32 OR BELOW: 0 0.01 INCH OR MORE: 5
MAX 90 OR ABOVE: 0 0.10 INCH OR MORE: 1
MIN 32 OR BELOW: 22 0.50 INCH OR MORE: 0
MIN 0 OR BELOW: 0 1.00 INCH OR MORE: 0
[HDD (BASE 65) ]
TOTAL THIS MO. 524 CLEAR (SCALE 0-3) 21
DPTR FM NORMAL 22 PTCLDY (SCALE 4-7) 5
TOTAL FM JUL 1 5702 CLOUDY (SCALE 8-10) 1
DPTR FM NORMAL -39
[CDD (BASE 65) ]
TOTAL THIS MO. 0
DPTR FM NORMAL 0 [PRESSURE DATA]
TOTAL FM JAN 1 0 HIGHEST SLP M ON M
DPTR FM NORMAL 0 LOWEST SLP 29.46 ON 5
[REMARKS]