000
CXUS55 KCYS 021130
CF6RWL
PRELIMINARY LOCAL CLIMATOLOGICAL DATA (WS FORM: F-6)
STATION: RAWLINS WYOMING AIRPORT
MONTH: DECEMBER
YEAR: 2023
LATITUDE: 41 47 N
LONGITUDE: 107 12 W
TEMPERATURE IN F: :PCPN: SNOW: WIND :SUNSHINE: SKY :PK WND
================================================================================
1 2 3 4 5 6A 6B 7 8 9 10 11 12 13 14 15 16 17 18
12Z AVG MX 2MIN
DY MAX MIN AVG DEP HDD CDD WTR SNW DPTH SPD SPD DIR MIN PSBL S-S WX SPD DR
================================================================================
1 32 20 26 1 39 0 T M M 16.3 26 230 M M 4 18 37 240
2 30 21 26 2 39 0 T M M 24.1 38 210 M M 4 57 220
3 37 20 29 5 36 0 T M M 21.5 43 250 M M 5 1 60 240
4 43 33 38 14 27 0 T M M 25.3 41 230 M M 4 59 230
5 47 34 41 17 24 0 0.00 M M 15.9 32 240 M M 0 46 240
6 53 27 40 17 25 0 0.00 M M 11.4 29 200 M M 0 43 200
7 43 26 35 12 30 0 T M M 24.4 38 250 M M 4 8 60 240
8 32 20 26 3 39 0 0.02 M M 10.5 21 230 M M 7 128 27 230
9 26 10 18 -4 47 0 0.01 M M 10.9 30 230 M M 5 1 44 210
10 32 17 25 3 40 0 0.00 M M 18.3 41 230 M M 5 55 220
11 37 24 31 9 34 0 T M M 9.7 26 240 M M 6 36 230
12 35 23 29 7 36 0 0.00 M M 7.3 14 40 M M 8 12 21 30
13 34 16 25 3 40 0 0.00 M M 7.3 16 50 M M 6 1 24 50
14 38 17 28 6 37 0 0.00 M M 8.1 23 230 M M 4 128 34 220
15 39 22 31 9 34 0 0.00 M M 10.1 23 230 M M 0 32 240
16 47 27 37 16 28 0 0.00 M M 13.8 28 230 M M 0 39 230
17 43 23 33 12 32 0 0.00 M M 12.5 29 230 M M 0 38 230
18 52 11 32 11 33 0 T M M 9.0 26 220 M M 0 38 170
19 50 29 40 19 25 0 T M M 11.5 24 200 M M 4 38 200
20 49 23 36 15 29 0 0.00 M M 7.1 22 220 M M 2 30 220
21 48 25 37 16 28 0 0.00 M M 8.9 20 220 M M 3 28 230
22 41 27 34 13 31 0 0.00 M M 10.9 22 220 M M 0 32 220
23 40 22 31 10 34 0 0.10 M M 7.4 18 230 M M 8 1 25 260
24 22 -1 11 -10 54 0 0.06 M M 5.8 14 10 M M 8 18 18 20
25 15 -1 7 -14 58 0 0.00 M M 11.4 22 230 M M 2 31 230
26 23 11 17 -4 48 0 0.00 M M 13.9 26 230 M M 8 36 230
27 28 0 14 -7 51 0 0.00 M M 4.8 17 230 M M 1 26 220
28 31 -5 13 -8 52 0 0.00 M M 2.3 10 250 M M 0 16 240
29 37 -1 18 -3 47 0 0.00 M M 4.5 16 220 M M 0 21 220
30 42 7 25 4 40 0 0.00 M M 2.8 13 220 M M 0 17 230
31 38 15 27 5 38 0 0.00 M M 2.3 12 210 M M 2 13 210
================================================================================
SM 1164 542 1155 0 0.19 M 350.0 M 100
================================================================================
AV 37.5 17.5 11.3 FASTST M M 3 MAX(MPH)
MISC ----> 43 250 # 60 240
================================================================================
NOTES:
# LAST OF SEVERAL OCCURRENCES
COLUMN 17 PEAK WIND IN M.P.H.
PRELIMINARY LOCAL CLIMATOLOGICAL DATA (WS FORM: F-6) , PAGE 2
STATION: RAWLINS WYOMING AIRPORT
MONTH: DECEMBER
YEAR: 2023
LATITUDE: 41 47 N
LONGITUDE: 107 12 W
[TEMPERATURE DATA] [PRECIPITATION DATA] SYMBOLS USED IN COLUMN 16
AVERAGE MONTHLY: 27.5 TOTAL FOR MONTH: 0.19 1 = FOG OR MIST
DPTR FM NORMAL: 5.4 DPTR FM NORMAL: -0.21 2 = FOG REDUCING VISIBILITY
HIGHEST: 53 ON 6 GRTST 24HR 0.16 ON 23-24 TO 1/4 MILE OR LESS
LOWEST: -5 ON 28 3 = THUNDER
SNOW, ICE PELLETS, HAIL 4 = ICE PELLETS
TOTAL MONTH: M 5 = HAIL
GRTST 24HR M ON M 6 = FREEZING RAIN OR DRIZZLE
GRTST DEPTH: M ON M 7 = DUSTSTORM OR SANDSTORM:
VSBY 1/2 MILE OR LESS
8 = SMOKE OR HAZE
[NO. OF DAYS WITH] [WEATHER - DAYS WITH] 9 = BLOWING SNOW
X = TORNADO
MAX 32 OR BELOW: 10 0.01 INCH OR MORE: 4
MAX 90 OR ABOVE: 0 0.10 INCH OR MORE: 1
MIN 32 OR BELOW: 29 0.50 INCH OR MORE: 0
MIN 0 OR BELOW: 5 1.00 INCH OR MORE: 0
[HDD (BASE 65) ]
TOTAL THIS MO. 1155 CLEAR (SCALE 0-3) 14
DPTR FM NORMAL -176 PTCLDY (SCALE 4-7) 16
TOTAL FM JUL 1 2932 CLOUDY (SCALE 8-10) 1
DPTR FM NORMAL -416
[CDD (BASE 65) ]
TOTAL THIS MO. 0
DPTR FM NORMAL 0 [PRESSURE DATA]
TOTAL FM JAN 1 263 HIGHEST SLP 30.71 ON 28
DPTR FM NORMAL 38 LOWEST SLP 29.66 ON 7
[REMARKS]
#FINAL-12-23#
DECEMBER 5... RECORD HIGH MINIMUM TEMPERATURE TIED: 34F (PREVIOUS IN 1975)
DECEMBER 6... RECORD HIGH TEMPERATURE: 53F (PREVIOUS: 52F IN 1965)
DECEMBER 18... RECORD HIGH TEMPERATURE: 52F (PREVIOUS: 49F IN 1969, 1979, 1980)
DECEMBER 19... RECORD HIGH TEMPERATURE: 50F (PREVIOUS: 47F IN 1979)
DECEMBER 20... RECORD HIGH TEMPERATURE: 49F (PREVIOUS: 47F IN 1955)
DECEMBER 21... RECORD HIGH TEMPERATURE: 48F (PREVIOUS: 47F IN 1969)