000
CXUS55 KPIH 011100
CF6RXE
PRELIMINARY LOCAL CLIMATOLOGICAL DATA (WS FORM: F-6)
STATION: REXBURG
MONTH: MAY
YEAR: 2021
LATITUDE: 43 49 N
LONGITUDE: 111 48 W
TEMPERATURE IN F: :PCPN: SNOW: WIND :SUNSHINE: SKY :PK WND
================================================================================
1 2 3 4 5 6A 6B 7 8 9 10 11 12 13 14 15 16 17 18
12Z AVG MX 2MIN
DY MAX MIN AVG DEP HDD CDD WTR SNW DPTH SPD SPD DIR MIN PSBL S-S WX SPD DR
================================================================================
1 74 47 61 13 4 0 0.00 M M 8.4 26 210 M M 1 8 42 200
2 64 43 54 6 11 0 0.01 M M 7.5 18 30 M M 7 29 20
3 61 42 52 3 13 0 0.00 M M 5.6 18 240 M M 7 27 240
4 58 41 50 1 15 0 0.01 M M 7.7 22 230 M M 6 3 34 10
5 66 34 50 0 15 0 0.00 M M 4.2 15 210 M M 0 24 200
6 79 36 58 8 7 0 0.00 M M 4.9 17 240 M M 0 24 240
7 74 47 61 11 4 0 0.00 M M 15.6 31 260 M M 1 42 260
8 53 36 45 -5 20 0 0.00 M M 6.9 24 230 M M 6 35 230
9 56 26 41 -10 24 0 0.00 M M 4.9 15 230 M M 1 22 240
10 57 29 43 -8 22 0 0.18 M M 3.4 23 30 M M 4 13 34 40
11 59 35 47 -5 18 0 T M M 4.9 16 360 M M 6 24 360
12 67 37 52 0 13 0 0.00 M M 6.4 17 200 M M 1 24 200
13 75 45 60 8 5 0 0.00 M M 5.8 26 210 M M 3 39 200
14 75 47 61 9 4 0 0.00 M M 6.1 20 260 M M 2 29 260
15 67 45 56 3 9 0 0.00 M M 7.9 22 180 M M 4 33 160
16 78 41 60 7 5 0 T M M 6.0 22 260 M M 2 3 28 170
17 77 43 60 7 5 0 0.00 M M 5.5 14 200 M M 0 20 210
18 78 49 64 10 1 0 0.00 M M 13.5 30 240 M M 1 44 230
19 75 46 61 7 4 0 T M M 9.1 23 240 M M 1 31 240
20 62 40 51 -3 14 0 0.03 M M 7.8 18 230 M M 7 26 220
21 54 39 47 -7 18 0 0.62 M M 9.6 21 30 M M 8 1 29 360
22 62 37 50 -5 15 0 0.01 M M 5.6 18 280 M M 4 30 280
23 56 34 45 -10 20 0 0.85 M M 14.4 26 210 M M 7 1 42 210
24 60 44 52 -3 13 0 T M M 17.5 29 210 M M 8 43 240
25 67 44 56 0 9 0 0.22 M M 8.6 32 220 M M 4 13 48 220
26 63 46 55 -1 10 0 T M M 9.8 23 220 M M 7 39 230
27 73 39 56 0 9 0 0.00 M M 7.5 18 200 M M 0 28 200
28 71 51 61 5 4 0 0.00 M M 14.9 30 210 M M 1 43 200
29 70 36 53 -3 12 0 0.00 M M 3.0 10 190 M M 0 17 280
30 76 42 59 2 6 0 0.00 M M 4.8 15 40 M M 0 20 40
31 79 42 61 4 4 0 0.00 M M 4.0 12 190 M M 1 19 260
================================================================================
SM 2086 1263 333 0 1.93 M 241.8 M 100
================================================================================
AV 67.3 40.7 7.8 FASTST M M 3 MAX(MPH)
MISC ----> 32 220 48 220
================================================================================
NOTES:
# LAST OF SEVERAL OCCURRENCES
COLUMN 17 PEAK WIND IN M.P.H.
PRELIMINARY LOCAL CLIMATOLOGICAL DATA (WS FORM: F-6) , PAGE 2
STATION: REXBURG
MONTH: MAY
YEAR: 2021
LATITUDE: 43 49 N
LONGITUDE: 111 48 W
[TEMPERATURE DATA] [PRECIPITATION DATA] SYMBOLS USED IN COLUMN 16
AVERAGE MONTHLY: 54.0 TOTAL FOR MONTH: 1.93 1 = FOG OR MIST
DPTR FM NORMAL: 1.1 DPTR FM NORMAL: 0.22 2 = FOG REDUCING VISIBILITY
HIGHEST: 79 ON 31, 6 GRTST 24HR 0.86 ON 22-23 TO 1/4 MILE OR LESS
LOWEST: 26 ON 9 3 = THUNDER
SNOW, ICE PELLETS, HAIL 4 = ICE PELLETS
TOTAL MONTH: M 5 = HAIL
GRTST 24HR M ON M 6 = FREEZING RAIN OR DRIZZLE
GRTST DEPTH: M ON M 7 = DUSTSTORM OR SANDSTORM:
VSBY 1/2 MILE OR LESS
8 = SMOKE OR HAZE
[NO. OF DAYS WITH] [WEATHER - DAYS WITH] 9 = BLOWING SNOW
X = TORNADO
MAX 32 OR BELOW: 0 0.01 INCH OR MORE: 8
MAX 90 OR ABOVE: 0 0.10 INCH OR MORE: 4
MIN 32 OR BELOW: 2 0.50 INCH OR MORE: 2
MIN 0 OR BELOW: 0 1.00 INCH OR MORE: 0
[HDD (BASE 65) ]
TOTAL THIS MO. 333 CLEAR (SCALE 0-3) 17
DPTR FM NORMAL -47 PTCLDY (SCALE 4-7) 14
TOTAL FM JUL 1 7669 CLOUDY (SCALE 8-10) 0
DPTR FM NORMAL -59
[CDD (BASE 65) ]
TOTAL THIS MO. 0
DPTR FM NORMAL -3 [PRESSURE DATA]
TOTAL FM JAN 1 0 HIGHEST SLP 30.29 ON 5
DPTR FM NORMAL -3 LOWEST SLP 29.50 ON 19
[REMARKS]
#FINAL-05-21#