000
CXUS56 KSGX 011145
CF6SAN
PRELIMINARY LOCAL CLIMATOLOGICAL DATA (WS FORM: F-6)
STATION: SAN DIEGO INTL AIRPORT CA
MONTH: FEBRUARY
YEAR: 2021
LATITUDE: 32 43 N
LONGITUDE: 117 10 W
TEMPERATURE IN F: :PCPN: SNOW: WIND :SUNSHINE: SKY :PK WND
================================================================================
1 2 3 4 5 6A 6B 7 8 9 10 11 12 13 14 15 16 17 18
12Z AVG MX 2MIN
DY MAX MIN AVG DEP HDD CDD WTR SNW DPTH SPD SPD DIR MIN PSBL S-S WX SPD DR
================================================================================
1 72 57 65 7 0 0 T M M 3.7 10 320 M M 9 15 330
2 67 58 63 5 2 0 0.00 M M 4.7 13 300 M M 8 18 320
3 62 55 59 1 6 0 0.00 M M 3.9 14 280 M M 8 18 17 280
4 63 53 58 0 7 0 0.00 M M 5.6 12 230 M M 6 23 170
5 66 48 57 -1 8 0 0.00 M M 3.4 12 290 M M 2 18 16 290
6 69 46 58 0 7 0 0.00 M M 2.8 10 280 M M 4 128 14 290
7 67 49 58 0 7 0 0.00 M M 3.4 12 280 M M 5 128 14 280
8 60 54 57 -1 8 0 0.00 M M 4.3 10 210 M M 7 18 17 200
9 62 56 59 1 6 0 0.00 M M 4.7 14 280 M M 9 18 300
10 63 53 58 0 7 0 0.00 M M 4.2 15 300 M M 6 20 300
11 67 49 58 0 7 0 0.00 M M 4.3 16 280 M M 5 18 21 280
12 65 53 59 1 6 0 0.03 M M 7.1 25 280 M M 7 1 31 280
13 63 52 58 0 7 0 0.01 M M 6.0 14 140 M M 8 8 22 180
14 66 52 59 1 6 0 0.00 M M 5.2 16 300 M M 6 21 280
15 64 49 57 -1 8 0 T M M 4.8 10 240 M M 7 18 21 200
16 64 55 60 2 5 0 0.06 M M 6.3 13 280 M M 8 18 19 260
17 64 49 57 -1 8 0 0.00 M M 3.8 15 280 M M 4 8 19 310
18 69 46 58 0 7 0 0.00 M M 5.0 16 250 M M 0 21 320
19 68 45 57 -1 8 0 0.00 M M 4.1 14 320 M M 1 18 320
20 66 48 57 -1 8 0 0.00 M M 3.8 14 270 M M 2 19 280
21 82 46 64 6 1 0 0.00 M M 3.9 14 350 M M 0 19 360
22 78 45 62 4 3 0 0.00 M M 3.5 15 300 M M 0 21 300
23 75 47 61 3 4 0 0.00 M M 2.8 10 280 M M 2 15 280
24 68 49 59 1 6 0 0.00 M M 4.5 10 160 M M 4 1 20 210
25 71 50 61 3 4 0 0.00 M M 4.7 14 320 M M 2 18 18 320
26 74 46 60 2 5 0 0.00 M M 3.0 13 280 M M 2 16 290
27 65 51 58 0 7 0 0.00 M M 4.2 10 270 M M 3 8 19 200
28 74 48 61 3 4 0 0.00 M M 3.6 14 280 M M 1 21 240
================================================================================
SM 1894 1409 162 0 0.10 M 121.3 M 126
================================================================================
AV 67.6 50.3 4.3 FASTST M M 5 MAX(MPH)
MISC ----> 25 280 31 280
================================================================================
NOTES:
# LAST OF SEVERAL OCCURRENCES
COLUMN 17 PEAK WIND IN M.P.H.
PRELIMINARY LOCAL CLIMATOLOGICAL DATA (WS FORM: F-6) , PAGE 2
STATION: SAN DIEGO INTL AIRPORT CA
MONTH: FEBRUARY
YEAR: 2021
LATITUDE: 32 43 N
LONGITUDE: 117 10 W
[TEMPERATURE DATA] [PRECIPITATION DATA] SYMBOLS USED IN COLUMN 16
AVERAGE MONTHLY: 59.0 TOTAL FOR MONTH: 0.10 1 = FOG OR MIST
DPTR FM NORMAL: 1.1 DPTR FM NORMAL: -2.17 2 = FOG REDUCING VISIBILITY
HIGHEST: 82 ON 21 GRTST 24HR 0.06 ON 16-16 TO 1/4 MILE OR LESS
LOWEST: 45 ON 22,19 3 = THUNDER
SNOW, ICE PELLETS, HAIL 4 = ICE PELLETS
TOTAL MONTH: M 5 = HAIL
GRTST 24HR M ON M 6 = FREEZING RAIN OR DRIZZLE
GRTST DEPTH: M ON M 7 = DUSTSTORM OR SANDSTORM:
VSBY 1/2 MILE OR LESS
8 = SMOKE OR HAZE
[NO. OF DAYS WITH] [WEATHER - DAYS WITH] 9 = BLOWING SNOW
X = TORNADO
MAX 32 OR BELOW: 0 0.01 INCH OR MORE: 3
MAX 90 OR ABOVE: 0 0.10 INCH OR MORE: 0
MIN 32 OR BELOW: 0 0.50 INCH OR MORE: 0
MIN 0 OR BELOW: 0 1.00 INCH OR MORE: 0
[HDD (BASE 65) ]
TOTAL THIS MO. 162 CLEAR (SCALE 0-3) 11
DPTR FM NORMAL -41 PTCLDY (SCALE 4-7) 15
TOTAL FM JUL 1 693 CLOUDY (SCALE 8-10) 2
DPTR FM NORMAL -164
[CDD (BASE 65) ]
TOTAL THIS MO. 0
DPTR FM NORMAL -3 [PRESSURE DATA]
TOTAL FM JAN 1 9 HIGHEST SLP 30.34 ON 18
DPTR FM NORMAL 7 LOWEST SLP 29.87 ON 14
[REMARKS]
#FINAL-02-21#