000
CXUS52 KCHS 011555
CLMSAV
CLIMATE REPORT
NATIONAL WEATHER SERVICE CHARLESTON SC
1021 AM EST THU FEB 01 2024
...................................
...THE SAVANNAH GA CLIMATE SUMMARY FOR THE MONTH OF JANUARY 2024...
CLIMATE NORMAL PERIOD 1991 TO 2020
CLIMATE RECORD PERIOD 1871 TO 2024
WEATHER OBSERVED NORMAL DEPART LAST YEAR`S
VALUE DATE(S) VALUE FROM VALUE DATE(S)
NORMAL
................................................................
TEMPERATURE (F)
RECORD
HIGH 84 01/29/1957
LOW 3 01/21/1985
HIGHEST 83 01/27 79 01/03
LOWEST 23 01/21 29 01/15
01/28
AVG. MAXIMUM 63.3 61.4 1.9 67.0
AVG. MINIMUM 40.5 40.0 0.5 44.4
MEAN 51.9 50.7 1.2 55.7
DAYS MAX >= 90 0 0.0 0.0 0
DAYS MAX <= 32 0 0.1 -0.1 0
DAYS MIN <= 32 7 8.6 -1.6 4
DAYS MIN <= 0 0 0.0 0.0 0
PRECIPITATION (INCHES)
RECORD
MAXIMUM 8.98 1991
MINIMUM 0.30 1902
TOTALS 3.10 3.28 -0.18 4.56
DAYS >= .01 9 8.5 0.5 8
DAYS >= .10 4 5.6 -1.6 7
DAYS >= .50 3 2.3 0.7 4
DAYS >= 1.00 1 0.8 0.2 2
GREATEST
24 HR. TOTAL 1.07 01/08 TO 01/09
SNOWFALL (INCHES)
TOTALS 0.0 0.0 0.0
SINCE 7/1 0.0 0.0 0.0
DEGREE DAYS
HEATING TOTAL 418 450 -32 290
SINCE 7/1 957 1090 -133
COOLING TOTAL 20 7 13 8
SINCE 1/1 20 7 13
................................................................
WIND (MPH)
AVERAGE WIND SPEED 8.5
HIGHEST WIND SPEED/DIRECTION 40/170
HIGHEST GUST SPEED/DIRECTION 51/150
WEATHER CONDITIONS. NUMBER OF DAYS WITH
THUNDERSTORM 2 MIXED PRECIP 0
HEAVY RAIN 2 RAIN 4
LIGHT RAIN 10 FREEZING RAIN 0
LT FREEZING RAIN 0 HAIL 0
HEAVY SNOW 0 SNOW 0
LIGHT SNOW 0 SLEET 0
FOG 11 FOG W/VIS <= 1/4 MILE 2
HAZE 0
- INDICATES NEGATIVE NUMBERS.
R INDICATES RECORD WAS SET OR TIED.
MM INDICATES DATA IS MISSING.
T INDICATES TRACE AMOUNT.
&&
RECORDS ESTABLISHED AT THE SAVANNAH INTERNATIONAL AIRPORT DURING THE
MONTH:
*JAN 27 - RECORD HIGH TEMPERATURE OF 83 DEGREES
$$