000
CXUS56 KLOX 011155
CF6SBA
PRELIMINARY LOCAL CLIMATOLOGICAL DATA (WS FORM: F-6)
STATION: SANTA BARBARA AIRPORT CA
MONTH: OCTOBER
YEAR: 2021
LATITUDE: 34 25 N
LONGITUDE: 119 50 W
TEMPERATURE IN F: :PCPN: SNOW: WIND :SUNSHINE: SKY :PK WND
================================================================================
1 2 3 4 5 6A 6B 7 8 9 10 11 12 13 14 15 16 17 18
12Z AVG MX 2MIN
DY MAX MIN AVG DEP HDD CDD WTR SNW DPTH SPD SPD DIR MIN PSBL S-S WX SPD DR
================================================================================
1 78 48 63 -1 2 0 0.00 M M 4.5 15 270 M M 1 12 M M
2 73 52 63 -1 2 0 0.00 M M 3.9 13 260 M M 4 128 15 250
3 87 50 69 5 0 4 0.00 M M 3.8 14 250 M M 0 1 18 240
4 84 53 69 5 0 4 0.12 M M 6.9 28 110 M M 3 13 36 110
5 76 57 67 4 0 2 0.00 M M 5.9 16 250 M M 0 1 36 310
6 69 57 63 0 2 0 0.00 M M 4.3 10 250 M M 6 18 14 210
7 69 60 65 2 0 0 0.01 M M 4.8 12 130 M M 10 18 13 120
8 72 50 61 -2 4 0 0.09 M M 3.5 17 250 M M 5 1 M M
9 72 44 58 -5 7 0 0.00 M M 4.1 13 250 M M 0 25 300
10 75 44 60 -3 5 0 0.00 M M 3.2 12 240 M M 0 14 290
11 79 49 64 1 1 0 0.00 M M 12.3 29 300 M M 0 8 45 360
12 72 52 62 -1 3 0 0.00 M M 8.1 21 270 M M 0 8 26 270
13 69 44 57 -6 8 0 0.00 M M 2.8 10 160 M M 1 8 13 210
14 70 43 57 -5 8 0 0.00 M M 3.3 10 240 M M 0 8 12 240
15 85 44 65 3 0 0 0.00 M M 3.4 13 250 M M 0 8 17 360
16 83 44 64 2 1 0 0.00 M M 2.4 10 260 M M 0 12 220
17 67 45 56 -6 9 0 0.00 M M 4.8 18 250 M M 2 37 270
18 72 47 60 -2 5 0 T M M 6.8 23 250 M M 3 37 270
19 65 45 55 -7 10 0 0.00 M M 3.5 9 150 M M 0 13 150
20 66 42 54 -8 11 0 0.00 M M 4.6 18 250 M M 0 23 250
21 69 46 58 -4 7 0 0.00 M M 2.8 10 250 M M 2 12 13 240
22 69 54 62 0 3 0 0.00 M M 6.7 21 270 M M 8 12 M M
23 71 50 61 0 4 0 0.00 M M 4.4 13 20 M M 2 1 17 30
24 66 50 58 -3 7 0 0.01 M M 4.4 15 130 M M 3 1 18 140
25 67 52 60 -1 5 0 0.96 M M 9.8 23 280 M M 6 1 32 280
26 72 44 58 -3 7 0 0.00 M M 3.5 15 280 M M 0 22 190
27 75 47 61 0 4 0 0.00 M M 3.2 10 140 M M 0 11 140
28 87 52 70 9 0 5 0.00 M M 4.0 15 260 M M 0 18 19 260
29 78 52 65 5 0 0 0.00 M M 3.1 12 220 M M 2 12 16 230
30 62 56 59 -1 6 0 0.00 M M 3.7 12 90 M M 10 18 13 80
31 62 51 57 -3 8 0 0.00 M M 3.6 12 250 M M 8 18 15 240
================================================================================
SM 2261 1524 129 15 1.19 M 146.1 M 76
================================================================================
AV 72.9 49.2 4.7 FASTST M M 2 MAX(MPH)
MISC ----> 29 300 45 360
================================================================================
NOTES:
# LAST OF SEVERAL OCCURRENCES
COLUMN 17 PEAK WIND IN M.P.H.
PRELIMINARY LOCAL CLIMATOLOGICAL DATA (WS FORM: F-6) , PAGE 2
STATION: SANTA BARBARA AIRPORT CA
MONTH: OCTOBER
YEAR: 2021
LATITUDE: 34 25 N
LONGITUDE: 119 50 W
[TEMPERATURE DATA] [PRECIPITATION DATA] SYMBOLS USED IN COLUMN 16
AVERAGE MONTHLY: 61.0 TOTAL FOR MONTH: 1.19 1 = FOG OR MIST
DPTR FM NORMAL: -1.1 DPTR FM NORMAL: 0.46 2 = FOG REDUCING VISIBILITY
HIGHEST: 87 ON 28, 3 GRTST 24HR 0.97 ON 24-25 TO 1/4 MILE OR LESS
LOWEST: 42 ON 20 3 = THUNDER
SNOW, ICE PELLETS, HAIL 4 = ICE PELLETS
TOTAL MONTH: M 5 = HAIL
GRTST 24HR M ON M 6 = FREEZING RAIN OR DRIZZLE
GRTST DEPTH: M ON M 7 = DUSTSTORM OR SANDSTORM:
VSBY 1/2 MILE OR LESS
8 = SMOKE OR HAZE
[NO. OF DAYS WITH] [WEATHER - DAYS WITH] 9 = BLOWING SNOW
X = TORNADO
MAX 32 OR BELOW: 0 0.01 INCH OR MORE: 5
MAX 90 OR ABOVE: 0 0.10 INCH OR MORE: 2
MIN 32 OR BELOW: 0 0.50 INCH OR MORE: 1
MIN 0 OR BELOW: 0 1.00 INCH OR MORE: 0
[HDD (BASE 65) ]
TOTAL THIS MO. 129 CLEAR (SCALE 0-3) 23
DPTR FM NORMAL 17 PTCLDY (SCALE 4-7) 5
TOTAL FM JUL 1 213 CLOUDY (SCALE 8-10) 3
DPTR FM NORMAL 6
[CDD (BASE 65) ]
TOTAL THIS MO. 15
DPTR FM NORMAL -9 [PRESSURE DATA]
TOTAL FM JAN 1 188 HIGHEST SLP 30.18 ON 27
DPTR FM NORMAL -24 LOWEST SLP 29.67 ON 11
[REMARKS]
#FINAL-10-21#