000
CXUS56 KLOX 011730
CLMSBA
CLIMATE REPORT
NATIONAL WEATHER SERVICE LOS ANGELES/OXNARD
930 AM PST THU FEB 01 2024
...................................
...THE SANTA BARBARA AIRPORT CA CLIMATE SUMMARY FOR THE MONTH OF JANUARY 2024...
CLIMATE NORMAL PERIOD: 1991 TO 2020
CLIMATE RECORD PERIOD: 1940 TO 2024
WEATHER OBSERVED NORMAL DEPART LAST YEAR`S
VALUE DATE(S) VALUE FROM VALUE
NORMAL
..............................................................
TEMPERATURE (F)
HIGHEST 81 01/28
LOWEST 35 01/09
01/12
AVG. MAXIMUM 65.9 64.2 1.7
AVG. MINIMUM 45.5 41.3 4.2
MEAN 55.7 52.8 2.9
DAYS MAX >= 90 0
DAYS MAX <= 32 0
DAYS MIN <= 32 0
DAYS MIN <= 0 0
PRECIPITATION (INCHES)
TOTALS 3.28 3.84 -0.56
DAILY AVG. 0.11
DAYS >= .01 5
DAYS >= .10 4
DAYS >= .50 2
DAYS >= 1.00 1
GREATEST
24 HR. TOTAL 1.55 01/22 TO 01/22
DEGREE DAYS
HEATING TOTAL 282 380 -98 358
SINCE 7/1 734 1226 -492 MM
COOLING TOTAL 0 0 0 0
SINCE 1/1 0 0 0 MM
..............................................................
WIND (MPH)
AVERAGE WIND SPEED 4.7
HIGHEST WIND SPEED/DIRECTION 28/320 DATE 01/03
HIGHEST GUST SPEED/DIRECTION 41/300 DATE 01/07
SKY COVER
POSSIBLE SUNSHINE (PERCENT) MM
AVERAGE SKY COVER 0.26
NUMBER OF DAYS FAIR 21
NUMBER OF DAYS PC 6
NUMBER OF DAYS CLOUDY 4
AVERAGE RH (PERCENT) 70
WEATHER CONDITIONS. NUMBER OF DAYS WITH
THUNDERSTORM 0 MIXED PRECIP 0
HEAVY RAIN 4 RAIN 4
LIGHT RAIN 10 FREEZING RAIN 0
LT FREEZING RAIN 0 HAIL 0
HEAVY SNOW 0 SNOW 0
LIGHT SNOW 0 SLEET 0
FOG 12 FOG W/VIS <= 1/4 MILE 1
HAZE 5
- INDICATES NEGATIVE NUMBERS.
R INDICATES RECORD WAS SET OR TIED.
MM INDICATES DATA IS MISSING.
T INDICATES TRACE AMOUNT.
$$