000
CXUS53 KIWX 010903
CF6SBN
PRELIMINARY LOCAL CLIMATOLOGICAL DATA (WS FORM: F-6)
STATION: SOUTH BEND
MONTH: SEPTEMBER
YEAR: 2020
LATITUDE: 41 42 N
LONGITUDE: 86 19 W
TEMPERATURE IN F: :PCPN: SNOW: WIND :SUNSHINE: SKY :PK WND
================================================================================
1 2 3 4 5 6A 6B 7 8 9 10 11 12 13 14 15 16 17 18
12Z AVG MX 2MIN
DY MAX MIN AVG DEP HDD CDD WTR SNW DPTH SPD SPD DIR MIN PSBL S-S WX SPD DR
================================================================================
1 81 67 74 5 0 9 0.08 0.0 0 4.0 7 210 M M 7 13 M M
2 80 67 74 5 0 9 0.00 0.0 0 6.9 15 310 M M 3 1 23 310
3 87 59 73 4 0 8 0.00 0.0 0 11.1 25 250 M M 1 39 210
4 75 53 64 -4 1 0 0.00 0.0 0 6.8 22 310 M M 0 34 310
5 84 55 70 2 0 5 0.00 0.0 0 8.8 26 250 M M 2 38 260
6 81 52 67 -1 0 2 0.01 0.0 0 9.6 26 210 M M 3 35 230
7 79 62 71 4 0 6 0.01 0.0 0 10.4 28 220 M M 7 45 220
8 73 58 66 -1 0 1 1.23 0.0 0 8.8 21 350 M M 9 13 28 340
9 75 58 67 0 0 2 0.01 0.0 0 5.4 18 310 M M 8 13 23 300
10 65 59 62 -4 3 0 T 0.0 0 8.1 15 340 M M 10 1 20 350
11 72 58 65 -1 0 0 0.00 0.0 0 9.8 20 120 M M 6 26 130
12 74 62 68 2 0 3 0.11 0.0 0 9.6 22 140 M M 9 1 27 150
13 72 54 63 -2 2 0 0.00 0.0 0 6.4 17 310 M M 2 1 27 300
14 74 50 62 -3 3 0 0.00 0.0 0 2.8 8 20 M M 0 1 10 20
15 75 55 65 1 0 0 0.00 0.0 0 6.8 14 180 M M 0 18 190
16 80 52 66 2 0 1 0.00 0.0 0 6.4 14 210 M M 2 18 240
17 72 52 62 -1 3 0 0.00 0.0 0 9.6 18 350 M M 5 23 340
18 64 41 53 -10 12 0 0.00 0.0 0 8.2 17 30 M M 0 23 40
19 66 36 51 -12 14 0 0.00 0.0 0 3.6 9 350 M M 0 8 13 150
20 72 43 58 -4 7 0 0.00 0.0 0 8.1 17 120 M M 0 24 110
21 76 44 60 -2 5 0 0.00 0.0 0 7.4 16 120 M M 0 22 160
22 80 48 64 3 1 0 0.00 0.0 M 3.5 9 330 M M 0 M M
23 79 52 66 5 0 1 0.00 0.0 0 4.9 14 210 M M 0 20 210
24 79 51 65 5 0 0 0.00 0.0 0 4.5 14 230 M M 0 20 250
25 83 51 67 7 0 2 0.00 0.0 0 6.0 17 190 M M 0 23 160
26 82 61 72 12 0 7 0.00 0.0 0 12.3 21 190 M M 1 31 200
27 79 63 71 12 0 6 T 0.0 0 12.1 20 210 M M 9 32 190
28 63 50 57 -2 8 0 0.17 0.0 0 7.8 15 270 M M 8 1 19 280
29 63 44 54 -4 11 0 T 0.0 0 7.2 14 200 M M 4 20 290
30 66 47 57 -1 8 0 0.06 0.0 0 13.4 33 310 M M 5 3 47 260
================================================================================
SM 2251 1604 78 62 1.68 0.0 230.3 M 101
================================================================================
AV 75.0 53.5 7.7 FASTST M M 3 MAX(MPH)
MISC ----> # 33 310 # 47 260
================================================================================
NOTES:
# LAST OF SEVERAL OCCURRENCES
COLUMN 17 PEAK WIND IN M.P.H.
PRELIMINARY LOCAL CLIMATOLOGICAL DATA (WS FORM: F-6) , PAGE 2
STATION: SOUTH BEND
MONTH: SEPTEMBER
YEAR: 2020
LATITUDE: 41 42 N
LONGITUDE: 86 19 W
[TEMPERATURE DATA] [PRECIPITATION DATA] SYMBOLS USED IN COLUMN 16
AVERAGE MONTHLY: 64.3 TOTAL FOR MONTH: 1.68 1 = FOG OR MIST
DPTR FM NORMAL: 0.3 DPTR FM NORMAL: -1.85 2 = FOG REDUCING VISIBILITY
HIGHEST: 87 ON 3 GRTST 24HR 1.23 ON 8- 8 TO 1/4 MILE OR LESS
LOWEST: 36 ON 19 3 = THUNDER
SNOW, ICE PELLETS, HAIL 4 = ICE PELLETS
TOTAL MONTH: 0.0 INCH 5 = HAIL
GRTST 24HR 0.0 6 = FREEZING RAIN OR DRIZZLE
GRTST DEPTH: 0 7 = DUSTSTORM OR SANDSTORM:
VSBY 1/2 MILE OR LESS
8 = SMOKE OR HAZE
[NO. OF DAYS WITH] [WEATHER - DAYS WITH] 9 = BLOWING SNOW
X = TORNADO
MAX 32 OR BELOW: 0 0.01 INCH OR MORE: 8
MAX 90 OR ABOVE: 0 0.10 INCH OR MORE: 3
MIN 32 OR BELOW: 0 0.50 INCH OR MORE: 1
MIN 0 OR BELOW: 0 1.00 INCH OR MORE: 1
[HDD (BASE 65) ]
TOTAL THIS MO. 78 CLEAR (SCALE 0-3) 17
DPTR FM NORMAL -38 PTCLDY (SCALE 4-7) 9
TOTAL FM JUL 1 79 CLOUDY (SCALE 8-10) 4
DPTR FM NORMAL -55
[CDD (BASE 65) ]
TOTAL THIS MO. 62
DPTR FM NORMAL -20 [PRESSURE DATA]
TOTAL FM JAN 1 975 HIGHEST SLP 30.49 ON 20
DPTR FM NORMAL 211 LOWEST SLP 29.57 ON 30
[REMARKS]
#FINAL-09-20#