000
CXUS53 KIWX 011257
CF6SBN
PRELIMINARY LOCAL CLIMATOLOGICAL DATA (WS FORM: F-6)
STATION: SOUTH BEND
MONTH: AUGUST
YEAR: 2020
LATITUDE: 41 42 N
LONGITUDE: 86 19 W
TEMPERATURE IN F: :PCPN: SNOW: WIND :SUNSHINE: SKY :PK WND
================================================================================
1 2 3 4 5 6A 6B 7 8 9 10 11 12 13 14 15 16 17 18
12Z AVG MX 2MIN
DY MAX MIN AVG DEP HDD CDD WTR SNW DPTH SPD SPD DIR MIN PSBL S-S WX SPD DR
================================================================================
1 78 64 71 -1 0 6 0.29 0.0 0 6.5 17 350 M M 5 1 22 340
2 83 63 73 1 0 8 0.80 0.0 0 8.1 22 300 M M 8 1 26 310
3 78 63 71 -1 0 6 0.00 0.0 0 7.3 18 340 M M 7 12 23 340
4 73 57 65 -7 0 0 0.00 0.0 0 9.8 20 320 M M 5 27 340
5 77 51 64 -8 1 0 0.00 0.0 0 2.6 12 340 M M 1 8 16 330
6 78 55 67 -5 0 2 0.00 0.0 0 1.7 9 140 M M 4 13 300
7 82 56 69 -3 0 4 0.00 0.0 0 2.2 9 130 M M 2 M M
8 85 57 71 -1 0 6 0.00 0.0 0 M M M M M 0 M M
9 90 67 79 7 0 14 0.00 0.0 0 10.1 14 190 M M 1 21 200
10 90 67 79 7 0 14 0.56 0.0 0 10.4 13 200 M M 3 13 17 210
11 81 61 71 -1 0 6 0.00 0.0 0 M M M M M 2 M M
12 84 56 70 -2 0 5 0.00 0.0 0 4.0 9 150 M M 0 M M
13 87 58 73 1 0 8 0.00 0.0 0 3.8 14 140 M M 0 20 110
14 90 61 76 4 0 11 0.00 0.0 0 5.7 18 90 M M 1 28 100
15 88 64 76 4 0 11 0.00 0.0 0 4.7 13 320 M M 1 16 360
16 82 64 73 1 0 8 0.00 0.0 0 7.4 22 360 M M 2 30 10
17 84 62 73 1 0 8 0.00 0.0 0 5.2 15 290 M M 1 21 320
18 79 58 69 -2 0 4 0.00 0.0 0 8.7 21 350 M M 2 28 10
19 81 50 66 -5 0 1 0.00 0.0 0 5.1 16 10 M M 0 21 10
20 86 56 71 0 0 6 0.00 0.0 0 3.3 13 260 M M 0 17 260
21 87 60 74 3 0 9 0.00 0.0 0 3.2 12 320 M M 0 16 280
22 88 60 74 3 0 9 0.00 0.0 0 3.6 13 200 M M 0 17 180
23 88 64 76 5 0 11 0.00 0.0 0 5.7 17 260 M M 1 29 210
24 93 70 82 11 0 17 0.02 0.0 0 6.3 15 290 M M 2 20 270
25 87 73 80 10 0 15 0.01 0.0 0 6.3 21 330 M M 1 3 28 330
26 92 67 80 10 0 15 0.00 0.0 0 8.0 21 230 M M 1 28 250
27 94 74 84 14 0 19 0.07 0.0 0 9.4 23 210 M M 3 13 29 190
28 91 74 83 13 0 18 0.20 0.0 0 9.2 26 210 M M 2 13 34 220
29 79 60 70 0 0 5 1.22 0.0 0 10.0 24 350 M M 3 13 39 330
30 79 54 67 -3 0 2 0.00 0.0 0 3.4 12 30 M M 2 16 30
31 83 59 71 2 0 6 0.00 0.0 0 5.9 17 160 M M 1 23 150
================================================================================
SM 2617 1905 1 254 3.17 0.0 177.6 M 61
================================================================================
AV 84.4 61.5 6.1 FASTST M M 2 MAX(MPH)
MISC ----> # 26 210 # 39 330
================================================================================
NOTES:
# LAST OF SEVERAL OCCURRENCES
COLUMN 17 PEAK WIND IN M.P.H.
PRELIMINARY LOCAL CLIMATOLOGICAL DATA (WS FORM: F-6) , PAGE 2
STATION: SOUTH BEND
MONTH: AUGUST
YEAR: 2020
LATITUDE: 41 42 N
LONGITUDE: 86 19 W
[TEMPERATURE DATA] [PRECIPITATION DATA] SYMBOLS USED IN COLUMN 16
AVERAGE MONTHLY: 72.9 TOTAL FOR MONTH: 3.17 1 = FOG OR MIST
DPTR FM NORMAL: 1.6 DPTR FM NORMAL: -0.59 2 = FOG REDUCING VISIBILITY
HIGHEST: 94 ON 27 GRTST 24HR 1.22 ON 29-29 TO 1/4 MILE OR LESS
LOWEST: 50 ON 19 3 = THUNDER
SNOW, ICE PELLETS, HAIL 4 = ICE PELLETS
TOTAL MONTH: 0.0 INCH 5 = HAIL
GRTST 24HR 0.0 6 = FREEZING RAIN OR DRIZZLE
GRTST DEPTH: 0 7 = DUSTSTORM OR SANDSTORM:
VSBY 1/2 MILE OR LESS
8 = SMOKE OR HAZE
[NO. OF DAYS WITH] [WEATHER - DAYS WITH] 9 = BLOWING SNOW
X = TORNADO
MAX 32 OR BELOW: 0 0.01 INCH OR MORE: 8
MAX 90 OR ABOVE: 7 0.10 INCH OR MORE: 5
MIN 32 OR BELOW: 0 0.50 INCH OR MORE: 3
MIN 0 OR BELOW: 0 1.00 INCH OR MORE: 1
[HDD (BASE 65) ]
TOTAL THIS MO. 1 CLEAR (SCALE 0-3) 25
DPTR FM NORMAL -12 PTCLDY (SCALE 4-7) 6
TOTAL FM JUL 1 1 CLOUDY (SCALE 8-10) 0
DPTR FM NORMAL -17
[CDD (BASE 65) ]
TOTAL THIS MO. 254
DPTR FM NORMAL 46 [PRESSURE DATA]
TOTAL FM JAN 1 913 HIGHEST SLP 30.18 ON 7
DPTR FM NORMAL 231 LOWEST SLP 29.62 ON 28
[REMARKS]
#FINAL-08-20#