000
CXUS53 KIWX 011415
CLASBN

INDCLMSBN 000
TTAA00 KIWX 011409


CLIMATE REPORT
NATIONAL WEATHER SERVICE NORTHERN INDIANA
907 AM EST WED JAN 1 2014

...................................

...THE SOUTH BEND CLIMATE SUMMARY FOR THE YEAR OF 2013...

CLIMATE NORMAL PERIOD 1981 TO 2010
CLIMATE RECORD PERIOD 1893 TO 2013

WEATHER         OBSERVED          NORMAL  DEPART  LAST YEAR`S
                 VALUE   DATE(S)  VALUE   FROM    VALUE
                                          NORMAL
.............................................................
TEMPERATURE (F)
RECORD
 HIGH             109   07/24/1934
 LOW              -22   01/20/1943
                        01/25/1897
HIGHEST            97   09/10        MM      MM      102
LOWEST             -3   12/12        MM      MM        3
AVG. MAXIMUM     58.4              58.8    -0.4     63.1
AVG. MINIMUM     40.2              40.8    -0.6     43.5
MEAN             49.3              49.8    -0.5
DAYS MAX >= 90     10               9.7     0.3       33
DAYS MAX <= 32     52              44.6     7.4       21
DAYS MIN <= 32    135             122.7    12.3      112
DAYS MIN <= 0       1               5.3    -4.3        0

PRECIPITATION (INCHES)
RECORD
 MAXIMUM        55.61   1990
 MINIMUM        25.15   1963
TOTALS          40.35             38.00    2.35    34.69
DAILY AVG.       0.11              0.10    0.01     0.09
DAYS >= .01       157             145.4    11.6      135
DAYS >= .10        88              78.3     9.7       90
DAYS >= .50        26              23.4     2.6       18
DAYS >= 1.00        6               7.2    -1.2        4

SNOWFALL (INCHES)
RECORDS
 TOTAL          141.7   1978
TOTALS             MM              66.6      MM     54.6
SINCE 7/1          MM              22.5      MM      9.1
SNOWDEPTH AVG.     MM               MM       MM        0
DAYS >= TRACE      MM              44.9      MM       45
DAYS >= 1.0        MM              20.4      MM       17
GREATEST
 SNOW DEPTH        MM                                 8

DEGREE_DAYS
HEATING TOTAL    6426              6298     128     5260
 SINCE 7/1         MM              2391      MM       MM
COOLING TOTAL     828               773      55     1115
 SINCE 1/1        828               773      55     1115
..............................................................

WIND (MPH)
AVERAGE WIND SPEED              8.7
HIGHEST WIND SPEED/DIRECTION    53/260    DATE  06/24
HIGHEST GUST SPEED/DIRECTION    68/230    DATE  11/17

SKY COVER
POSSIBLE SUNSHINE (PERCENT)   MM
AVERAGE SKY COVER           0.50
NUMBER OF DAYS FAIR           86
NUMBER OF DAYS PC             81
NUMBER OF DAYS CLOUDY         95

AVERAGE RH (PERCENT)     71

WEATHER CONDITIONS. NUMBER OF DAYS WITH
THUNDERSTORM              0     MIXED PRECIP               0
HEAVY RAIN               32     RAIN                      58
LIGHT RAIN              118     FREEZING RAIN              2
LT FREEZING RAIN          6     HAIL                       1
HEAVY SNOW                7     SNOW                      20
LIGHT SNOW               78     SLEET                      0
FOG                     195     FOG W/VIS <= 1/4 MILE     21
HAZE                     88

-  INDICATES NEGATIVE NUMBERS.
R  INDICATES RECORD WAS SET OR TIED.
MM INDICATES DATA IS MISSING.
T  INDICATES TRACE AMOUNT.

$$
