000
CDUS43 KIWX 060525
CLISBN


CLIMATE REPORT
NATIONAL WEATHER SERVICE NORTHERN INDIANA
1225 AM EST FRI MAR 6 2015


...................................

...THE SOUTH BEND CLIMATE SUMMARY FOR MARCH 5 2015...

CLIMATE NORMAL PERIOD 1981 TO 2010
CLIMATE RECORD PERIOD 1893 TO 2015


WEATHER ITEM   OBSERVED TIME   RECORD YEAR NORMAL DEPARTURE LAST
                VALUE   (LST)  VALUE       VALUE  FROM      YEAR
                                                  NORMAL
..................................................................
TEMPERATURE (F)
 YESTERDAY
  MAXIMUM         20    236 PM  76    1983  42    -22       25
  MINIMUM          5   1142 PM   1    1978  25    -20       15
  AVERAGE         13                        33    -20       20

PRECIPITATION (IN)
  YESTERDAY        0.01          0.75 1999   0.08  -0.07     0.14
  MONTH TO DATE    0.13                      0.39  -0.26     0.30
  SINCE MAR 1      0.13                      0.39  -0.26     0.30
  SINCE JAN 1      4.03                      4.63  -0.60     6.24

SNOWFALL (IN)
  YESTERDAY        0.1           9.0  1960   0.3   -0.2      1.8
  MONTH TO DATE    1.4                       1.7   -0.3      4.1
  SINCE MAR 1      1.4                       1.7   -0.3      4.1
  SINCE JUL 1     79.4                      59.8   19.6     98.1
  SNOW DEPTH      10

DEGREE DAYS
 HEATING
  YESTERDAY       52                        32     20       45
  MONTH TO DATE  215                       162     53      248
  SINCE MAR 1    215                       162     53      248
  SINCE JUL 1   5312                      4851    461     5431

 COOLING
  YESTERDAY        0                         0      0        0
  MONTH TO DATE    0                         0      0        0
  SINCE MAR 1      0                         0      0        0
  SINCE JAN 1      0                         0      0        0
..................................................................


WIND (MPH)
  HIGHEST WIND SPEED    23   HIGHEST WIND DIRECTION    NW (300)
  HIGHEST GUST SPEED    32   HIGHEST GUST DIRECTION    NW (310)
  AVERAGE WIND SPEED     6.3


SKY COVER
  AVERAGE SKY COVER 0.5


WEATHER CONDITIONS
 THE FOLLOWING WEATHER WAS RECORDED YESTERDAY.
  LIGHT SNOW


RELATIVE HUMIDITY (PERCENT)
 HIGHEST    76           500 AM
 LOWEST     49          1100 AM
 AVERAGE    63

..........................................................


THE SOUTH BEND CLIMATE NORMALS FOR TODAY
                         NORMAL    RECORD    YEAR
 MAXIMUM TEMPERATURE (F)   42        71      1973
 MINIMUM TEMPERATURE (F)   25        -7      1913


SUNRISE AND SUNSET
MARCH  6 2015.........SUNRISE   712 AM EST   SUNSET   641 PM EST
MARCH  7 2015.........SUNRISE   711 AM EST   SUNSET   642 PM EST


-  INDICATES NEGATIVE NUMBERS.
R  INDICATES RECORD WAS SET OR TIED.
MM INDICATES DATA IS MISSING.
T  INDICATES TRACE AMOUNT.




$$
