230
CDUS43 KIWX 050532
CLISBN


CLIMATE REPORT
NATIONAL WEATHER SERVICE NORTHERN INDIANA
129 AM EDT THU MAY 5 2016


...................................

...THE SOUTH BEND CLIMATE SUMMARY FOR MAY 4 2016...

CLIMATE NORMAL PERIOD 1981 TO 2010
CLIMATE RECORD PERIOD 1893 TO 2016


WEATHER ITEM   OBSERVED TIME   RECORD YEAR NORMAL DEPARTURE LAST
                VALUE   (LST)  VALUE       VALUE  FROM      YEAR
                                                  NORMAL
..................................................................
TEMPERATURE (F)
 YESTERDAY
  MAXIMUM         56   1249 AM  89    1949  66    -10       72
  MINIMUM         37    624 PM  26    2005  45     -8       59
                                      1926
  AVERAGE         47                        56     -9       66

PRECIPITATION (IN)
  YESTERDAY        0.84R         0.75 1990   0.12   0.72      T
  MONTH TO DATE    0.94                      0.46   0.48      T
  SINCE MAR 1      9.78                      6.11   3.67     3.18
  SINCE JAN 1     13.56                     10.35   3.21     7.08

SNOWFALL (IN)
  YESTERDAY        0.0           0.3  1954   0.0    0.0      0.0
  MONTH TO DATE    0.0                       0.0    0.0      0.0
  SINCE MAR 1     10.9                       8.5    2.4      6.1
  SINCE JUL 1     70.2                      66.6    3.6     83.9
  SNOW DEPTH       0

DEGREE DAYS
 HEATING
  YESTERDAY       18                        10      8        0
  MONTH TO DATE   60                        42     18       16
  SINCE MAR 1   1274                      1384   -110     1391
  SINCE JUL 1   5404                      6073   -669     6488

 COOLING
  YESTERDAY        0                         1     -1        1
  MONTH TO DATE    0                         2     -2        4
  SINCE MAR 1      4                        12     -8        6
  SINCE JAN 1      4                        12     -8        6
..................................................................


WIND (MPH)
  HIGHEST WIND SPEED    32   HIGHEST WIND DIRECTION    NW (330)
  HIGHEST GUST SPEED    42   HIGHEST GUST DIRECTION     N (350)
  AVERAGE WIND SPEED    18.4


SKY COVER
  AVERAGE SKY COVER 1.0


WEATHER CONDITIONS
 THE FOLLOWING WEATHER WAS RECORDED YESTERDAY.
  HEAVY RAIN
  RAIN
  LIGHT RAIN
  FOG


RELATIVE HUMIDITY (PERCENT)
 HIGHEST   100           500 AM
 LOWEST     59          1200 AM
 AVERAGE    80

..........................................................


THE SOUTH BEND CLIMATE NORMALS FOR TODAY
                         NORMAL    RECORD    YEAR
 MAXIMUM TEMPERATURE (F)   67        90      1949
 MINIMUM TEMPERATURE (F)   45        30      1968


SUNRISE AND SUNSET
MAY  5 2016...........SUNRISE   636 AM EDT   SUNSET   848 PM EDT
MAY  6 2016...........SUNRISE   635 AM EDT   SUNSET   849 PM EDT


-  INDICATES NEGATIVE NUMBERS.
R  INDICATES RECORD WAS SET OR TIED.
MM INDICATES DATA IS MISSING.
T  INDICATES TRACE AMOUNT.




$$
