000
CDUS43 KIWX 290524
CLISBN


CLIMATE REPORT
NATIONAL WEATHER SERVICE NORTHERN INDIANA
123 AM EDT SAT APR 29 2017


...................................

...THE SOUTH BEND CLIMATE SUMMARY FOR APRIL 28 2017...

CLIMATE NORMAL PERIOD 1981 TO 2010
CLIMATE RECORD PERIOD 1893 TO 2017


WEATHER ITEM   OBSERVED TIME   RECORD YEAR NORMAL DEPARTURE LAST
                VALUE   (LST)  VALUE       VALUE  FROM      YEAR
                                                  NORMAL
..................................................................
TEMPERATURE (F)
 YESTERDAY
  MAXIMUM         61    444 PM  83    1899  64     -3       53
                                      1896
  MINIMUM         41    610 AM  25    1907  43     -2       42
  AVERAGE         51                        54     -3       48

PRECIPITATION (IN)
  YESTERDAY        T             1.75 1951   0.11  -0.11     0.08
  MONTH TO DATE    2.23                      3.00  -0.77     4.04
  SINCE MAR 1      6.46                      5.42   1.04     8.21
  SINCE JAN 1     13.45                      9.66   3.79    11.99

SNOWFALL (IN)
  YESTERDAY        0.0           T    1961   0.0    0.0      0.0
                                      1951
                                      1950
  MONTH TO DATE    0.6                       1.4   -0.8      4.1
  SINCE MAR 1      8.5                       8.5    0.0     10.9
  SINCE JUL 1     42.2                      66.6  -24.4     70.2
  SNOW DEPTH       0

DEGREE DAYS
 HEATING
  YESTERDAY       14                        12      2       17
  MONTH TO DATE  366                       466   -100      487
  SINCE MAR 1   1228                      1321    -93     1177
  SINCE JUL 1   5205                      6010   -805     5307

 COOLING
  YESTERDAY        0                         0      0        0
  MONTH TO DATE   11                         0     11        4
  SINCE MAR 1     11                         1     10        4
  SINCE JAN 1     11                         1     10        4
..................................................................


WIND (MPH)
  HIGHEST WIND SPEED    18   HIGHEST WIND DIRECTION    SE (140)
  HIGHEST GUST SPEED    25   HIGHEST GUST DIRECTION    SE (130)
  AVERAGE WIND SPEED     8.1


SKY COVER
  AVERAGE SKY COVER 0.5


WEATHER CONDITIONS
 THE FOLLOWING WEATHER WAS RECORDED YESTERDAY.
  LIGHT RAIN


RELATIVE HUMIDITY (PERCENT)
 HIGHEST    93           400 AM
 LOWEST     55           300 PM
 AVERAGE    74

..........................................................


THE SOUTH BEND CLIMATE NORMALS FOR TODAY
                         NORMAL    RECORD    YEAR
 MAXIMUM TEMPERATURE (F)   65        88      1899
 MINIMUM TEMPERATURE (F)   43        24      1909


SUNRISE AND SUNSET
APRIL 29 2017.........SUNRISE   644 AM EDT   SUNSET   842 PM EDT
APRIL 30 2017.........SUNRISE   643 AM EDT   SUNSET   843 PM EDT


-  INDICATES NEGATIVE NUMBERS.
R  INDICATES RECORD WAS SET OR TIED.
MM INDICATES DATA IS MISSING.
T  INDICATES TRACE AMOUNT.




$$
