000
CDUS43 KIWX 270020
CLISBN


CLIMATE REPORT
NATIONAL WEATHER SERVICE NORTHERN INDIANA
820 PM EDT SAT JUL 26 2014


...................................

...THE SOUTH BEND CLIMATE SUMMARY FOR JULY 26 2014...
VALID AS OF 0800 PM LOCAL TIME.

CLIMATE NORMAL PERIOD 1981 TO 2010
CLIMATE RECORD PERIOD 1893 TO 2014


WEATHER ITEM   OBSERVED TIME   RECORD YEAR NORMAL DEPARTURE LAST
                VALUE   (LST)  VALUE       VALUE  FROM      YEAR
                                                  NORMAL
..................................................................
TEMPERATURE (F)
 TODAY
  MAXIMUM         80    318 PM 102    1936  82     -2       76
  MINIMUM         63    630 AM  49    1911  63      0       61
  AVERAGE         72                        73     -1       69

PRECIPITATION (IN)
  TODAY            0.00          2.29 1969   0.14  -0.14     0.02
  MONTH TO DATE    1.75                      3.35  -1.60     3.02
  SINCE JUN 1     10.89                      7.14   3.75     6.45
  SINCE JAN 1     25.97                     20.86   5.11    23.75

DEGREE DAYS
 HEATING
  TODAY            0                         0      0        0
  MONTH TO DATE   10                         0     10        6
  SINCE JUN 1     27                        44    -17       43
  SINCE JUL 1     10                         0     10        6

 COOLING
  TODAY            7                         8     -1        4
  MONTH TO DATE  122                       208    -86      228
  SINCE JUN 1    338                       373    -35      393
  SINCE JAN 1    423                       429     -6      489
..................................................................


WIND (MPH)
  RESULTANT WIND SPEED   5   RESULTANT WIND DIRECTION   S (200)
  HIGHEST WIND SPEED    13   HIGHEST WIND DIRECTION    SW (220)
  HIGHEST GUST SPEED    15   HIGHEST GUST DIRECTION    SW (220)
  AVERAGE WIND SPEED     5.9


SKY COVER
  POSSIBLE SUNSHINE  MM
  AVERAGE SKY COVER 0.6


WEATHER CONDITIONS
 THE FOLLOWING WEATHER WAS RECORDED TODAY.
  HAZE


RELATIVE HUMIDITY (PERCENT)
 HIGHEST    84           300 AM
 LOWEST     64          1200 PM
 AVERAGE    74

..........................................................


THE SOUTH BEND CLIMATE NORMALS FOR TOMORROW
                         NORMAL    RECORD    YEAR
 MAXIMUM TEMPERATURE (F)   82       100      1916
 MINIMUM TEMPERATURE (F)   63        46      1937


SUNRISE AND SUNSET
JULY 26 2014..........SUNRISE   634 AM EDT   SUNSET   909 PM EDT
JULY 27 2014..........SUNRISE   635 AM EDT   SUNSET   908 PM EDT


-  INDICATES NEGATIVE NUMBERS.
R  INDICATES RECORD WAS SET OR TIED.
MM INDICATES DATA IS MISSING.
T  INDICATES TRACE AMOUNT.




$$
