000
CDUS43 KIWX 250529
CLISBN


CLIMATE REPORT
NATIONAL WEATHER SERVICE NORTHERN INDIANA
129 AM EDT THU MAY 25 2017


...................................

...THE SOUTH BEND CLIMATE SUMMARY FOR MAY 24 2017...

CLIMATE NORMAL PERIOD 1981 TO 2010
CLIMATE RECORD PERIOD 1893 TO 2017


WEATHER ITEM   OBSERVED TIME   RECORD YEAR NORMAL DEPARTURE LAST
                VALUE   (LST)  VALUE       VALUE  FROM      YEAR
                                                  NORMAL
..................................................................
TEMPERATURE (F)
 YESTERDAY
  MAXIMUM         70    129 PM  90    2007  72     -2       85
  MINIMUM         54    547 AM  33    1925  51      3       51
  AVERAGE         62                        62      0       68

PRECIPITATION (IN)
  YESTERDAY        0.27          1.94 1927   0.13   0.14     0.00
  MONTH TO DATE    4.27                      2.91   1.36     2.39
  SINCE MAR 1     11.59                      8.56   3.03    11.23
  SINCE JAN 1     18.58                     12.80   5.78    15.01

SNOWFALL (IN)
  YESTERDAY        0.0           0.0  2002   0.0    0.0      0.0
                                      2001
  MONTH TO DATE    0.0                       0.0    0.0      0.0
  SINCE MAR 1      8.5                       8.5    0.0     10.9
  SINCE JUL 1     42.2                      66.6  -24.4     70.2
  SNOW DEPTH       0

DEGREE DAYS
 HEATING
  YESTERDAY        3                         5     -2        0
  MONTH TO DATE  245                       193     52      261
  SINCE MAR 1   1497                      1535    -38     1475
  SINCE JUL 1   5474                      6224   -750     5605

 COOLING
  YESTERDAY        0                         2     -2        3
  MONTH TO DATE   25                        30     -5        3
  SINCE MAR 1     36                        40     -4        7
  SINCE JAN 1     36                        40     -4        7
..................................................................


WIND (MPH)
  HIGHEST WIND SPEED    14   HIGHEST WIND DIRECTION     N (360)
  HIGHEST GUST SPEED    19   HIGHEST GUST DIRECTION     E (80)
  AVERAGE WIND SPEED     6.2


SKY COVER
  AVERAGE SKY COVER 0.8


WEATHER CONDITIONS
 THE FOLLOWING WEATHER WAS RECORDED YESTERDAY.
  THUNDERSTORM
  HEAVY RAIN
  RAIN
  LIGHT RAIN
  FOG


RELATIVE HUMIDITY (PERCENT)
 HIGHEST   100           700 PM
 LOWEST     61          1200 PM
 AVERAGE    81

..........................................................


THE SOUTH BEND CLIMATE NORMALS FOR TODAY
                         NORMAL    RECORD    YEAR
 MAXIMUM TEMPERATURE (F)   73        91      1977
 MINIMUM TEMPERATURE (F)   52        28      1925


SUNRISE AND SUNSET
MAY 25 2017...........SUNRISE   617 AM EDT   SUNSET   908 PM EDT
MAY 26 2017...........SUNRISE   616 AM EDT   SUNSET   909 PM EDT


-  INDICATES NEGATIVE NUMBERS.
R  INDICATES RECORD WAS SET OR TIED.
MM INDICATES DATA IS MISSING.
T  INDICATES TRACE AMOUNT.




$$
