000
CDUS43 KIWX 270524
CLISBN


CLIMATE REPORT
NATIONAL WEATHER SERVICE NORTHERN INDIANA
123 AM EDT THU AUG 27 2015


...................................

...THE SOUTH BEND CLIMATE SUMMARY FOR AUGUST 26 2015...

CLIMATE NORMAL PERIOD 1981 TO 2010
CLIMATE RECORD PERIOD 1893 TO 2015


WEATHER ITEM   OBSERVED TIME   RECORD YEAR NORMAL DEPARTURE LAST
                VALUE   (LST)  VALUE       VALUE  FROM      YEAR
                                                  NORMAL
..................................................................
TEMPERATURE (F)
 YESTERDAY
  MAXIMUM         64    441 PM  97    1948  80    -16       79
  MINIMUM         54   1159 PM  43    1945  61     -7       66
  AVERAGE         59                        70    -11       73

PRECIPITATION (IN)
  YESTERDAY        0.03          1.59 1987   0.12  -0.09     0.06
  MONTH TO DATE    2.12                      3.16  -1.04     1.68
  SINCE JUN 1     10.98                     10.95   0.03    12.61
  SINCE JAN 1     24.07                     24.67  -0.60    27.69

SNOWFALL (IN)
  YESTERDAY        0.0           0.0  2002   0.0    0.0      0.0
                                      2001
  MONTH TO DATE    0.0                       0.0    0.0      0.0
  SINCE JUN 1      0.0                       0.0    0.0      0.0
  SINCE JUL 1      0.0                       0.0    0.0      0.0
  SNOW DEPTH       0

DEGREE DAYS
 HEATING
  YESTERDAY        6                         1      5        0
  MONTH TO DATE    9                         3      6       10
  SINCE JUN 1     38                        52    -14       45
  SINCE JUL 1     19                         8     11       28

 COOLING
  YESTERDAY        0                         6     -6        8
  MONTH TO DATE  180                       178      2      207
  SINCE JUN 1    545                       596    -51      563
  SINCE JAN 1    631                       652    -21      648
..................................................................


WIND (MPH)
  HIGHEST WIND SPEED    13   HIGHEST WIND DIRECTION    NW (310)
  HIGHEST GUST SPEED    14   HIGHEST GUST DIRECTION    NW (310)
  AVERAGE WIND SPEED     5.7


SKY COVER
  AVERAGE SKY COVER 1.0


WEATHER CONDITIONS
 THE FOLLOWING WEATHER WAS RECORDED YESTERDAY.
  LIGHT RAIN
  FOG
  HAZE


RELATIVE HUMIDITY (PERCENT)
 HIGHEST    90           800 AM
 LOWEST     72           500 PM
 AVERAGE    81

..........................................................


THE SOUTH BEND CLIMATE NORMALS FOR TODAY
                         NORMAL    RECORD    YEAR
 MAXIMUM TEMPERATURE (F)   80        96      1948
 MINIMUM TEMPERATURE (F)   60        45      1968


SUNRISE AND SUNSET
AUGUST 27 2015........SUNRISE   706 AM EDT   SUNSET   827 PM EDT
AUGUST 28 2015........SUNRISE   707 AM EDT   SUNSET   825 PM EDT


-  INDICATES NEGATIVE NUMBERS.
R  INDICATES RECORD WAS SET OR TIED.
MM INDICATES DATA IS MISSING.
T  INDICATES TRACE AMOUNT.




$$
