000
CDUS43 KIWX 230030
CLISBN


CLIMATE REPORT
NATIONAL WEATHER SERVICE NORTHERN INDIANA
729 PM EST WED FEB 22 2017


...................................

...THE SOUTH BEND CLIMATE SUMMARY FOR FEBRUARY 22 2017...
VALID AS OF 0700 PM LOCAL TIME.

CLIMATE NORMAL PERIOD 1981 TO 2010
CLIMATE RECORD PERIOD 1893 TO 2017


WEATHER ITEM   OBSERVED TIME   RECORD YEAR NORMAL DEPARTURE LAST
                VALUE   (LST)  VALUE       VALUE  FROM      YEAR
                                                  NORMAL
..................................................................
TEMPERATURE (F)
 TODAY
  MAXIMUM         62    500 PM  66    1922  37     25       43
  MINIMUM         41    243 AM -11    1963  22     19       20
  AVERAGE         52                        30     22       32

PRECIPITATION (IN)
  TODAY            0.00          1.70 1990   0.08  -0.08     0.00
  MONTH TO DATE    1.59                      1.48   0.11     1.13
  SINCE DEC 1      6.92                      6.38   0.54     6.85
  SINCE JAN 1      4.93                      3.77   1.16     2.73

SNOWFALL (IN)
  TODAY            0.0           8.4  1993   0.4   -0.4      0.0
  MONTH TO DATE    0.3                      12.3  -12.0     19.2
  SINCE DEC 1     33.1                      50.2  -17.1     39.3
  SINCE JUL 1     33.6                      55.4  -21.8     48.4
  SNOW DEPTH       0

DEGREE DAYS
 HEATING
  TODAY           13                        35    -22       33
  MONTH TO DATE  631                       838   -207      830
  SINCE DEC 1   2938                      3217   -279     2856
  SINCE JUL 1   3839                      4486   -647     3923

 COOLING
  TODAY            0                         0      0        0
  MONTH TO DATE    0                         0      0        0
  SINCE DEC 1      0                         0      0        0
  SINCE JAN 1      0                         0      0        0
..................................................................


WIND (MPH)
  RESULTANT WIND SPEED   7   RESULTANT WIND DIRECTION   S (190)
  HIGHEST WIND SPEED    15   HIGHEST WIND DIRECTION     S (200)
  HIGHEST GUST SPEED    19   HIGHEST GUST DIRECTION    SW (210)
  AVERAGE WIND SPEED     7.2


SKY COVER
  POSSIBLE SUNSHINE  MM
  AVERAGE SKY COVER 0.8


WEATHER CONDITIONS
 THE FOLLOWING WEATHER WAS RECORDED TODAY.
  FOG
  FOG W/VISIBILITY <= 1/4 MILE
  HAZE


RELATIVE HUMIDITY (PERCENT)
 HIGHEST   100          1200 AM
 LOWEST     72           500 PM
 AVERAGE    86

..........................................................


THE SOUTH BEND CLIMATE NORMALS FOR TOMORROW
                         NORMAL    RECORD    YEAR
 MAXIMUM TEMPERATURE (F)   38        66      2000
 MINIMUM TEMPERATURE (F)   22        -4      1901


SUNRISE AND SUNSET
FEBRUARY 22 2017......SUNRISE   730 AM EST   SUNSET   628 PM EST
FEBRUARY 23 2017......SUNRISE   729 AM EST   SUNSET   629 PM EST


-  INDICATES NEGATIVE NUMBERS.
R  INDICATES RECORD WAS SET OR TIED.
MM INDICATES DATA IS MISSING.
T  INDICATES TRACE AMOUNT.




$$
