000
CDUS43 KIWX 300528
CLISBN


CLIMATE REPORT
NATIONAL WEATHER SERVICE NORTHERN INDIANA
127 AM EDT TUE JUN 30 2015


...................................

...THE SOUTH BEND CLIMATE SUMMARY FOR JUNE 29 2015...

CLIMATE NORMAL PERIOD 1981 TO 2010
CLIMATE RECORD PERIOD 1893 TO 2015


WEATHER ITEM   OBSERVED TIME   RECORD YEAR NORMAL DEPARTURE LAST
                VALUE   (LST)  VALUE       VALUE  FROM      YEAR
                                                  NORMAL
..................................................................
TEMPERATURE (F)
 YESTERDAY
  MAXIMUM         71    522 PM 102    1934  83    -12       87
  MINIMUM         62   1159 PM  43    1923  62      0       74
  AVERAGE         67                        72     -5       81

PRECIPITATION (IN)
  YESTERDAY        0.33          2.27 1979   0.11   0.22     0.10
  MONTH TO DATE    4.05                      3.68   0.37     8.45
  SINCE JUN 1      4.05                      3.68   0.37     8.45
  SINCE JAN 1     17.14                     17.40  -0.26    23.53

SNOWFALL (IN)
  YESTERDAY        0.0           0.0  2002   0.0    0.0      0.0
                                      2001
                                      2000
  MONTH TO DATE    0.0                       0.0    0.0      0.0
  SINCE JUN 1      0.0                       0.0    0.0      0.0
  SINCE JUL 1     83.9                      66.6   17.3    106.9
  SNOW DEPTH       0

DEGREE DAYS
 HEATING
  YESTERDAY        0                         0      0        0
  MONTH TO DATE   19                        43    -24       17
  SINCE JUN 1     19                        43    -24       17
  SINCE JUL 1   6623                      6297    326     6953

 COOLING
  YESTERDAY        2                         8     -6       16
  MONTH TO DATE  156                       157     -1      205
  SINCE JUN 1    156                       157     -1      205
  SINCE JAN 1    242                       213     29      290
..................................................................


WIND (MPH)
  HIGHEST WIND SPEED    14   HIGHEST WIND DIRECTION     E (110)
  HIGHEST GUST SPEED    16   HIGHEST GUST DIRECTION     E (110)
  AVERAGE WIND SPEED     7.4


SKY COVER
  AVERAGE SKY COVER 0.8


WEATHER CONDITIONS
 THE FOLLOWING WEATHER WAS RECORDED YESTERDAY.
  RAIN
  LIGHT RAIN
  FOG


RELATIVE HUMIDITY (PERCENT)
 HIGHEST    93          1100 AM
 LOWEST     73          1200 AM
 AVERAGE    83

..........................................................


THE SOUTH BEND CLIMATE NORMALS FOR TODAY
                         NORMAL    RECORD    YEAR
 MAXIMUM TEMPERATURE (F)   83        97      1913
 MINIMUM TEMPERATURE (F)   62        40      1943


SUNRISE AND SUNSET
JUNE 30 2015..........SUNRISE   614 AM EDT   SUNSET   924 PM EDT
JULY  1 2015..........SUNRISE   614 AM EDT   SUNSET   924 PM EDT


-  INDICATES NEGATIVE NUMBERS.
R  INDICATES RECORD WAS SET OR TIED.
MM INDICATES DATA IS MISSING.
T  INDICATES TRACE AMOUNT.




$$
